{"id":16,"date":"2019-09-19T14:06:38","date_gmt":"2019-09-19T12:06:38","guid":{"rendered":"https:\/\/blogsaverroes.juntadeandalucia.es\/1492unnuevomundo\/?page_id=16"},"modified":"2019-09-25T08:03:58","modified_gmt":"2019-09-25T06:03:58","slug":"ficha-de-actividades","status":"publish","type":"page","link":"https:\/\/blogsaverroes.juntadeandalucia.es\/1492unnuevomundo\/ficha-de-actividades\/","title":{"rendered":"Hacemos"},"content":{"rendered":"<!--themify_builder_content-->\n<div id=\"themify_builder_content-16\" data-postid=\"16\" class=\"themify_builder_content themify_builder_content-16 themify_builder tf_clear\">\n                    <div  data-lazy=\"1\" class=\"module_row themify_builder_row tb_rftx461 tb_first tf_w\">\n                        <div class=\"row_inner col_align_top tb_col_count_1 tf_box tf_rel\">\n                        <div  data-lazy=\"1\" class=\"module_column tb-column col-full tb_3a8n461 first\">\n                    <!-- module text -->\n<div  class=\"module module-text tb_jhb4697   \" data-lazy=\"1\">\n        <div  class=\"tb_text_wrap\">\n        <p style=\\\"text-align: center;\\\"><strong>\u00a1Hemos llegado a buen puerto! Es el momento de llevar al aula la fascinante aventura de Crist\u00f3bal Col\u00f3n y su tropa<\/strong><br><strong>A continuaci\u00f3n relacionamos una serie de actividades aplicables a todos los niveles educativos vinculadas tanto al viaje de Crist\u00f3bal Col\u00f3n al nuevo mundo, como a la sociedad y a la cultura de la \u00e9poca en la que este gran hito tuvo lugar.<\/strong><\/p><p>&nbsp;<\/p>    <\/div>\n<\/div>\n<!-- \/module text -->        <\/div>\n                        <\/div>\n        <\/div>\n                        <div  data-lazy=\"1\" class=\"module_row themify_builder_row tb_r20u63 tf_w\">\n                        <div class=\"row_inner col_align_top tb_col_count_2 tf_box tf_rel\">\n                        <div  data-lazy=\"1\" class=\"module_column tb-column col4-2 tb_5xd463 first\">\n                    <!-- module box -->\n<div  class=\"module module-box tb_0h5e667 \" data-lazy=\"1\">\n<h3 class=\"module-title\">N\u00ba de actividad: 1<\/h3>    <div class=\"module-box-content ui rounded black\">\n                <div class=\"tb_text_wrap\"><p class=\\\"western\\\" align=\\\"justify\\\"><span style=\\\"font-size: medium;\\\"><b>Materia<\/b>: Creaci\u00f3n de material did\u00e1ctico para el estudio de este periodo hist\u00f3rico.<\/span><\/p><p class=\\\"western\\\" align=\\\"justify\\\"><span style=\\\"font-size: medium;\\\"><b>Denominaci\u00f3n<\/b>:<b> <\/b><b>Taller de exposiciones itinerantes<\/b><\/span><\/p><p class=\\\"western\\\" align=\\\"justify\\\"><span style=\\\"font-size: medium;\\\"><b>Descripci\u00f3n<\/b>: Creaci\u00f3n por parte del centro como trabajo interdisciplinar de una Exposici\u00f3n en torno a \u201c1492: Un nuevo mundo\u201d. <\/span><\/p><p class=\\\"western\\\" align=\\\"justify\\\"><span style=\\\"font-size: medium;\\\">Los centros pueden utilizar como estrategia did\u00e1ctica la elaboraci\u00f3n de una Exposici\u00f3n itinerante, ya que podr\u00e1 ser compartida con otros centros de la zona, siguiendo la metodolog\u00eda de Trabajo por Proyectos y en la que se involucren docentes de diferentes \u00e1reas o materias. <\/span><\/p><p class=\\\"western\\\" align=\\\"justify\\\"><span style=\\\"font-size: medium;\\\"><b>Usuarios Potenciales:<\/b> Las exposiciones se compartir\u00e1n e intercambiar\u00e1n entre diferentes centros. En algunas localidades la exposici\u00f3n se abre a otros usuarios ajenos a la escuela.<\/span><\/p><\/div>\n    <\/div>\n<\/div>\n<!-- \/module box -->\n        <\/div>\n                    <div  data-lazy=\"1\" class=\"module_column tb-column col4-2 tb_73cp63 last\">\n                    <!-- module box -->\n<div  class=\"module module-box tb_oq2a728 \" data-lazy=\"1\">\n<h3 class=\"module-title\">N\u00ba de actividad: 2<\/h3>    <div class=\"module-box-content ui rounded black\">\n                <div class=\"tb_text_wrap\"><p class=\\\"western\\\" align=\\\"justify\\\"><span style=\\\"font-size: medium;\\\"><b>Materia<\/b>: Fomento de la investigaci\u00f3n de este periodo hist\u00f3rico y el valor social y cultural.<\/span><\/p><p class=\\\"western\\\" align=\\\"justify\\\"><span style=\\\"font-size: medium;\\\"><b>Denominaci\u00f3n<\/b>: <b>\u201c<\/b><b>I<\/b><b>nvestiga y <\/b><b>d<\/b><b>escubre<\/b><b> uno de los mayores logros de la humanidad<\/b><b>\u201d<\/b><\/span><\/p><p class=\\\"western\\\" align=\\\"justify\\\"><span style=\\\"font-size: medium;\\\"><b>Descripci\u00f3n<\/b>: Metodolog\u00eda de trabajo para promover la investigaci\u00f3n del alumnado, seg\u00fan la etapa educativa.<\/span><\/p><p class=\\\"western\\\" align=\\\"justify\\\"><span style=\\\"font-size: medium;\\\">Esta actividad consta de dos fases:<\/span><\/p><p class=\\\"western\\\" align=\\\"justify\\\"><span style=\\\"font-size: medium;\\\">Primero se propone a los centros participantes trabajar en torno a este acontecimiento hist\u00f3rico, a trav\u00e9s de la investigaci\u00f3n del alumnado, bajo la gu\u00eda del profesorado pero fomentando el trabajo aut\u00f3nomo del alumnado.<\/span><\/p><p class=\\\"western\\\" align=\\\"justify\\\"><span style=\\\"font-size: medium;\\\">A continuaci\u00f3n, cada centro, tras <\/span><span style=\\\"font-size: medium;\\\">la fase de investigaci\u00f3n del alumnado<\/span><span style=\\\"font-size: medium;\\\">, <\/span><span style=\\\"font-size: medium;\\\">orientar\u00e1 la difusi\u00f3n del trabajo desarrollado a trav\u00e9s de diferentes <\/span><span style=\\\"font-size: medium;\\\">formatos <\/span><span style=\\\"font-size: medium;\\\">y enfoques<\/span><span style=\\\"font-size: medium;\\\"> :<\/span><\/p><ul><li class=\\\"western\\\"><span style=\\\"font-size: 10pt;\\\">INVESTIGACI\u00d3N HIST\u00d3RICA: Presentaci\u00f3n documentada del proyecto.<\/span><\/li><li class=\\\"western\\\"><span style=\\\"font-size: 10pt;\\\">CREATIVIDAD LITERARIA: Poemas, adivinanzas, canciones., escena teatral&#8230;<\/span><\/li><li class=\\\"western\\\"><span style=\\\"font-size: 10pt;\\\">ARTES PL\u00c1STICAS: Dibujo, collage, escultura, carteler\u00eda, , maquetas&#8230; relacionados con los personajes hist\u00f3ricos, la \u00e9poca o su relaci\u00f3n con el mundo actual.<\/span><\/li><li class=\\\"western\\\"><span style=\\\"font-size: 10pt;\\\">AUDIOVISUALES: Grabaci\u00f3n de cortos, de la escenificaci\u00f3n, book-trailer, video musical., audiocuentos, &#8230; sobre la tem\u00e1tica o los personajes hist\u00f3ricos.<\/span><\/li><li class=\\\"western\\\"><span style=\\\"font-size: 10pt;\\\">OTROS: Juegos, fotograf\u00edas, rutas, recetas, etc.<\/span><\/li><\/ul><\/div>\n    <\/div>\n<\/div>\n<!-- \/module box -->\n        <\/div>\n                        <\/div>\n        <\/div>\n                        <div  data-lazy=\"1\" class=\"module_row themify_builder_row tb_9fkt910 tf_w\">\n                        <div class=\"row_inner col_align_top tb_col_count_2 tf_box tf_rel\">\n                        <div  data-lazy=\"1\" class=\"module_column tb-column col4-2 tb_jqvd910 first\">\n                    <!-- module box -->\n<div  class=\"module module-box tb_sphv200 \" data-lazy=\"1\">\n<h3 class=\"module-title\">N\u00ba de actividad: 3<\/h3>    <div class=\"module-box-content ui rounded black\">\n                <div class=\"tb_text_wrap\"><p class=\\\"western\\\" align=\\\"justify\\\"><span style=\\\"font-size: medium;\\\"><b>Materia:<\/b> Fomento de la lectura de textos hist\u00f3ricos\/ herramientas web 2.0<\/span><\/p><p class=\\\"western\\\" align=\\\"justify\\\"><span style=\\\"font-size: medium;\\\"><b>Denominaci\u00f3n: Proyecto Libro Virtual Colaborativo \/ <\/b><b>Mapa de la Ruta <\/b><b>del primer viaje de Espa\u00f1a a Am\u00e9rica<\/b><b>.<\/b><\/span><\/p><p class=\\\"western\\\" align=\\\"justify\\\"><span style=\\\"font-size: medium;\\\"><b>Descripci\u00f3n<\/b>: Se propondr\u00e1 a los centros la creaci\u00f3n de un Libro Virtual que recoja una recopilaci\u00f3n de textos hist\u00f3ricos sobre la \u00e9poca, personajes hist\u00f3ricos, contexto hist\u00f3rico cultural, etc, adaptado a cada etapa educativa. Como alternativa se propone la elaboraci\u00f3n de un Mapa Colaborativo de la Ruta del primer viaje de Espa\u00f1a a Am\u00e9rica con las aportaciones del trabajo del alumnado o centros.<\/span><\/p><p class=\\\"western\\\" align=\\\"justify\\\"><span style=\\\"font-size: medium;\\\"><b>Usuarios potenciales<\/b>: Todo el alumnado y poblaci\u00f3n en general.<\/span><\/p><\/div>\n    <\/div>\n<\/div>\n<!-- \/module box -->\n        <\/div>\n                    <div  data-lazy=\"1\" class=\"module_column tb-column col4-2 tb_eni9911 last\">\n                    <!-- module box -->\n<div  class=\"module module-box tb_emr6911 \" data-lazy=\"1\">\n<h3 class=\"module-title\">N\u00ba de actividad: 4<\/h3>    <div class=\"module-box-content ui rounded black\">\n                <div class=\"tb_text_wrap\"><p class=\\\"western\\\" align=\\\"justify\\\"><span style=\\\"font-size: medium;\\\"><b>Materia:<\/b> Fomento de la lectura de textos hist\u00f3ricos\/ herramientas web 2.0<\/span><\/p><p class=\\\"western\\\" align=\\\"justify\\\"><span style=\\\"font-size: medium;\\\"><b>Denominaci\u00f3n: Proyecto Libro Virtual Colaborativo \/ <\/b><b>Mapa de la Ruta <\/b><b>del primer viaje de Espa\u00f1a a Am\u00e9rica<\/b><b>.<\/b><\/span><\/p><p class=\\\"western\\\" align=\\\"justify\\\"><span style=\\\"font-size: medium;\\\"><b>Descripci\u00f3n<\/b>: Se propondr\u00e1 a los centros la creaci\u00f3n de un Libro Virtual que recoja una recopilaci\u00f3n de textos hist\u00f3ricos sobre la \u00e9poca, personajes hist\u00f3ricos, contexto hist\u00f3rico cultural, etc, adaptado a cada etapa educativa. Como alternativa se propone la elaboraci\u00f3n de un Mapa Colaborativo de la Ruta del primer viaje de Espa\u00f1a a Am\u00e9rica con las aportaciones del trabajo del alumnado o centros.<\/span><\/p><p class=\\\"western\\\" align=\\\"justify\\\"><span style=\\\"font-size: medium;\\\"><b>\u00c1mbito territorial<\/b>: Comunidad de Andaluc\u00eda<\/span><\/p><p class=\\\"western\\\" align=\\\"justify\\\"><span style=\\\"font-size: medium;\\\"><b>Sectores de poblaci\u00f3n<\/b>: Abierto a todos los docentes de Andaluc\u00eda<\/span><\/p><p class=\\\"western\\\" align=\\\"justify\\\"><span style=\\\"font-size: medium;\\\"><b>Usuarios potenciales<\/b>: Todo el alumnado y poblaci\u00f3n en general.<\/span><\/p><p class=\\\"western\\\" align=\\\"justify\\\"><span style=\\\"font-size: medium;\\\"><b>Unidad responsable<\/b>: Centros Docentes- Difusi\u00f3n de la Consejer\u00eda de Educaci\u00f3n y Deporte.<\/span><\/p><\/div>\n    <\/div>\n<\/div>\n<!-- \/module box -->\n        <\/div>\n                        <\/div>\n        <\/div>\n                        <div  data-lazy=\"1\" class=\"module_row themify_builder_row tb_4h2g615 tf_w\">\n                        <div class=\"row_inner col_align_top tb_col_count_2 tf_box tf_rel\">\n                        <div  data-lazy=\"1\" class=\"module_column tb-column col4-2 tb_9u71616 first\">\n                    <!-- module box -->\n<div  class=\"module module-box tb_6ie9617 \" data-lazy=\"1\">\n<h3 class=\"module-title\">N\u00ba de actividad: 5<\/h3>    <div class=\"module-box-content ui rounded black\">\n                <div class=\"tb_text_wrap\"><p class=\\\"western\\\" align=\\\"justify\\\"><span style=\\\"font-size: medium;\\\"><b>Materia<\/b>: Turismo \/ Difusi\u00f3n de los lugares hist\u00f3ricos.<\/span><\/p><p class=\\\"western\\\" align=\\\"justify\\\"><span style=\\\"font-size: medium;\\\"><b>Denominaci\u00f3n<\/b>: <b>Ruta Escolar <\/b><b>1492 Primer Viaje a Am\u00e9rica<\/b><b>.<\/b><\/span><\/p><p class=\\\"western\\\" align=\\\"justify\\\"><span style=\\\"font-size: medium;\\\"><b>Descripci\u00f3n:<\/b> La Consejer\u00eda de Educaci\u00f3n y Deporte <i>en colaboraci\u00f3n con los ayuntamientos andaluces vinculados<\/i> propone organizar una Ruta educativa que permita visitar los lugares hist\u00f3ricos para situar la efem\u00e9rides en su contexto: Lugares Colombinos.<\/span><\/p><p class=\\\"western\\\" align=\\\"justify\\\"><span style=\\\"font-size: medium;\\\"><b>\u00c1mbito territorial<\/b>:. Abierto a toda la poblaci\u00f3n escolar.<\/span><\/p><p class=\\\"western\\\" align=\\\"justify\\\"><span style=\\\"font-size: medium;\\\"><b>Sectores de poblaci\u00f3n<\/b>: Turismo, educaci\u00f3n, <span style=\\\"font-family: Arial Unicode MS, sans-serif;\\\">\u2026<\/span>.<\/span><\/p><p class=\\\"western\\\" align=\\\"justify\\\"><span style=\\\"font-size: medium;\\\"><b>Usuarios potenciales<\/b>: Familias<\/span><\/p><p class=\\\"western\\\" align=\\\"justify\\\"><span style=\\\"font-size: medium;\\\"><b>Unidad responsable<\/b>: Consejer\u00eda de Educaci\u00f3n y Deporte. Colaboraci\u00f3n con Turismo, ayuntamientos e instituciones implicadas.<\/span><\/p><\/div>\n    <\/div>\n<\/div>\n<!-- \/module box -->\n        <\/div>\n                    <div  data-lazy=\"1\" class=\"module_column tb-column col4-2 tb_gfh0617 last\">\n                    <!-- module box -->\n<div  class=\"module module-box tb_0ovc617 \" data-lazy=\"1\">\n<h3 class=\"module-title\">N\u00ba de actividad: 6<\/h3>    <div class=\"module-box-content ui rounded black\">\n                <div class=\"tb_text_wrap\"><p class=\\\"western\\\" align=\\\"justify\\\"><span style=\\\"font-size: medium;\\\"><b>Materia<\/b>: Fomento lectura y difusi\u00f3n de la efem\u00e9ride.<\/span><\/p><p class=\\\"western\\\" align=\\\"justify\\\"><span style=\\\"font-size: medium;\\\"><b>Denominaci\u00f3n<\/b>: <b>Recreaci\u00f3n hist\u00f3rica.<\/b><b> El gran d\u00eda de<\/b><b>l Primer Viaje a Am\u00e9rica<\/b><b>.<\/b><\/span><\/p><p class=\\\"western\\\" align=\\\"justify\\\"><span style=\\\"font-size: medium;\\\"><b>Descripci\u00f3n<\/b>:. Se propone que los centros educativos que lo deseen vivan una jornada de recreaci\u00f3n hist\u00f3rica de la \u00e9poca: disfraces, m\u00fasica de la \u00e9poca, dramatizaciones, etc. Previamente se trabajar\u00e1 en el aula.<\/span><\/p><p class=\\\"western\\\" align=\\\"justify\\\"><span style=\\\"font-size: medium;\\\"><b>\u00c1mbito territorial<\/b>:. Comunidad aut\u00f3noma de Andaluc\u00eda<\/span><\/p><p class=\\\"western\\\" align=\\\"justify\\\"><span style=\\\"font-size: medium;\\\"><b>Sectores de poblaci\u00f3n<\/b>: Todos los centros andaluces<\/span><\/p><p class=\\\"western\\\" align=\\\"justify\\\"><span style=\\\"font-size: medium;\\\"><b>Usuarios potenciales<\/b>: Familias, entidades locales y asociaciones del entorno.<\/span><\/p><p class=\\\"western\\\" align=\\\"justify\\\"><span style=\\\"font-size: medium;\\\"><b>Unidad Responsable<\/b>: Centros docentes con el apoyo de la Consejer\u00eda de Educaci\u00f3n y Deporte.<\/span><\/p><\/div>\n    <\/div>\n<\/div>\n<!-- \/module box -->\n        <\/div>\n                        <\/div>\n        <\/div>\n                        <div  data-lazy=\"1\" class=\"module_row themify_builder_row tb_krpe299 tf_w\">\n                        <div class=\"row_inner col_align_top tb_col_count_2 tf_box tf_rel\">\n                        <div  data-lazy=\"1\" class=\"module_column tb-column col4-2 tb_fog5299 first\">\n                    <!-- module box -->\n<div  class=\"module module-box tb_f1pf299 \" data-lazy=\"1\">\n<h3 class=\"module-title\">N\u00ba de actividad: 7<\/h3>    <div class=\"module-box-content ui rounded black\">\n                <div class=\"tb_text_wrap\"><p class=\\\"western\\\" align=\\\"justify\\\"><span style=\\\"font-size: medium;\\\"><b>Materia<\/b>: Fomento lectura, investigaci\u00f3n, creatividad<\/span><\/p><p class=\\\"western\\\" align=\\\"justify\\\"><span style=\\\"font-size: medium;\\\"><b>Denominaci\u00f3n<\/b>: <b>Concursos\/ <\/b><b>Premio<\/b><b>s<\/b><\/span><\/p><p class=\\\"western\\\" align=\\\"justify\\\"><span style=\\\"font-size: medium;\\\">a) Investigaci\u00f3n en torno a este periodo hist\u00f3rico.<\/span><\/p><p class=\\\"western\\\" align=\\\"justify\\\"><span style=\\\"font-size: medium;\\\">b) Videocreaci\u00f3n: 1492<\/span><\/p><p class=\\\"western\\\" align=\\\"justify\\\"><span style=\\\"font-size: medium;\\\">c) Creatividad para la difusi\u00f3n de estas actividades .<\/span><\/p><p class=\\\"western\\\" align=\\\"justify\\\"><span style=\\\"font-size: medium;\\\"><b>Descripci\u00f3n<\/b>:. Medio para motivar la investigaci\u00f3n y la creatividad entre el profesorado y los m\u00e1s j\u00f3venes en torno a la llegada de Crist\u00f3bal Col\u00f3n al continente americano en 1492. Convocatoria de Concursos en las modalidades indicadas, de elaboraci\u00f3n de trabajos originales en relaci\u00f3n con alg\u00fan aspecto relevante, realizados por peque\u00f1os grupos de estudiantes de Primaria, ESO y Bachillerato, coordinados por un profesor o profesora.<\/span><\/p><p class=\\\"western\\\" align=\\\"justify\\\"><span style=\\\"font-size: medium;\\\"><b>\u00c1mbito territorial<\/b>:. Comunidad aut\u00f3noma de Andaluc\u00eda<\/span><\/p><p class=\\\"western\\\" align=\\\"justify\\\"><span style=\\\"font-size: medium;\\\"><b>Sectores de poblaci\u00f3n<\/b>: Docentes y alumnado.<\/span><\/p><p class=\\\"western\\\" align=\\\"justify\\\"><span style=\\\"font-size: medium;\\\"><b>Unidad Responsable<\/b>: Consejer\u00eda de Educaci\u00f3n y Deporte<\/span><\/p><\/div>\n    <\/div>\n<\/div>\n<!-- \/module box -->\n        <\/div>\n                    <div  data-lazy=\"1\" class=\"module_column tb-column col4-2 tb_ic5i299 last\">\n                            <\/div>\n                        <\/div>\n        <\/div>\n        <\/div>\n<!--\/themify_builder_content-->&nbsp;<\/p>\n<p>&nbsp;<\/p>\n<p>&nbsp;<\/p>","protected":false},"excerpt":{"rendered":"<p>\u00a1Hemos llegado a buen puerto! Es el momento de llevar al aula la fascinante aventura de Crist\u00f3bal Col\u00f3n y su tropaA continuaci\u00f3n relacionamos una serie de actividades aplicables a todos los niveles educativos vinculadas tanto al viaje de Crist\u00f3bal Col\u00f3n al nuevo mundo, como a la sociedad y a la cultura de la \u00e9poca en [&hellip;]<\/p>\n","protected":false},"author":1124,"featured_media":0,"parent":0,"menu_order":0,"comment_status":"closed","ping_status":"closed","template":"","meta":{"ngg_post_thumbnail":0,"footnotes":""},"aioseo_notices":[],"_links":{"self":[{"href":"https:\/\/blogsaverroes.juntadeandalucia.es\/1492unnuevomundo\/wp-json\/wp\/v2\/pages\/16"}],"collection":[{"href":"https:\/\/blogsaverroes.juntadeandalucia.es\/1492unnuevomundo\/wp-json\/wp\/v2\/pages"}],"about":[{"href":"https:\/\/blogsaverroes.juntadeandalucia.es\/1492unnuevomundo\/wp-json\/wp\/v2\/types\/page"}],"author":[{"embeddable":true,"href":"https:\/\/blogsaverroes.juntadeandalucia.es\/1492unnuevomundo\/wp-json\/wp\/v2\/users\/1124"}],"replies":[{"embeddable":true,"href":"https:\/\/blogsaverroes.juntadeandalucia.es\/1492unnuevomundo\/wp-json\/wp\/v2\/comments?post=16"}],"version-history":[{"count":81,"href":"https:\/\/blogsaverroes.juntadeandalucia.es\/1492unnuevomundo\/wp-json\/wp\/v2\/pages\/16\/revisions"}],"predecessor-version":[{"id":520,"href":"https:\/\/blogsaverroes.juntadeandalucia.es\/1492unnuevomundo\/wp-json\/wp\/v2\/pages\/16\/revisions\/520"}],"wp:attachment":[{"href":"https:\/\/blogsaverroes.juntadeandalucia.es\/1492unnuevomundo\/wp-json\/wp\/v2\/media?parent=16"}],"curies":[{"name":"wp","href":"https:\/\/api.w.org\/{rel}","templated":true}]}}