{"id":184,"date":"2019-09-20T13:37:18","date_gmt":"2019-09-20T11:37:18","guid":{"rendered":"https:\/\/blogsaverroes.juntadeandalucia.es\/1492unnuevomundo\/?page_id=184"},"modified":"2021-03-19T08:55:14","modified_gmt":"2021-03-19T07:55:14","slug":"navegamos","status":"publish","type":"page","link":"https:\/\/blogsaverroes.juntadeandalucia.es\/1492unnuevomundo\/navegamos\/","title":{"rendered":"Navegamos"},"content":{"rendered":"<!--themify_builder_content-->\n<div id=\"themify_builder_content-184\" data-postid=\"184\" class=\"themify_builder_content themify_builder_content-184 themify_builder tf_clear\">\n                    <div  data-lazy=\"1\" class=\"module_row themify_builder_row tb_ei8y898 tb_first tf_w\">\n                        <div class=\"row_inner col_align_top tb_col_count_1 tf_box tf_rel\">\n                        <div  data-lazy=\"1\" class=\"module_column tb-column col-full tb_b8zb900 first\">\n                    <!-- module text -->\n<div  class=\"module module-text tb_b3a4780   \" data-lazy=\"1\">\n        <div  class=\"tb_text_wrap\">\n        <p style=\"text-align: center;\"><strong>Levadas anclas, nos echamos a la mar. Navegando por la red os proponemos una serie de enlaces que os facilitar\u00e1n la planificaci\u00f3n y programaci\u00f3n de actividades de aula. Nuestra propuesta va desde unidades did\u00e1cticas y tareas, a presentaciones y recursos educativos de muy diversa \u00edndole.<\/strong><\/p><p>&nbsp;<\/p>    <\/div>\n<\/div>\n<!-- \/module text -->        <\/div>\n                        <\/div>\n        <\/div>\n                        <div  data-lazy=\"1\" class=\"module_row themify_builder_row tb_s1uo890 tf_w\">\n                        <div class=\"row_inner col_align_top tb_col_count_3 tf_box tf_rel\">\n                        <div  data-lazy=\"1\" class=\"module_column tb-column col3-1 tb_kkis891 first\">\n                    <!-- module box -->\n<div  class=\"module module-box tb_qhja118 \" data-lazy=\"1\">\n<h3 class=\"module-title\">Unidades Did\u00e1cticas<\/h3>    <div class=\"module-box-content ui rounded black\">\n                <div class=\"tb_text_wrap\"><ul><li><a href=\"http:\/\/agrega.juntadeandalucia.es\/visualizar\/es\/es-an_2017032712_9172258\/false\" target=\"_blank\" rel=\"noopener noreferrer\">La Edad Moderna: La ampliaci\u00f3n del mundo conocido<\/a><\/li><li><a href=\"http:\/\/agrega.juntadeandalucia.es\/visualizar\/es\/es-an_20090625_3_9130457\/false\" target=\"_blank\" rel=\"noopener noreferrer\">La Edad Moderna. Cronolog\u00eda. Los Reyes Cat\u00f3licos y el descubrimiento de Am\u00e9rica<\/a><\/li><li><a href=\"http:\/\/agrega.educacion.es\/visualizar\/es\/es_20071214_2_0103207\/false\" target=\"_blank\" rel=\"noopener noreferrer\">El Descubrimiento de Am\u00e9rica: los viajes de Col\u00f3n<\/a><\/li><li><a href=\"http:\/\/eduplan.educando.edu.do\/uploads\/documentos\/propuesta\/_1_\/1469718562.pdf\" target=\"_blank\" rel=\"noopener\">El encuentro de dos culturas y el descubrimiento de Am\u00e9rica<\/a><\/li><\/ul><\/div>\n    <\/div>\n<\/div>\n<!-- \/module box -->\n        <\/div>\n                    <div  data-lazy=\"1\" class=\"module_column tb-column col3-1 tb_os7s891\">\n                    <!-- module box -->\n<div  class=\"module module-box tb_762686 \" data-lazy=\"1\">\n<h3 class=\"module-title\">Tareas<\/h3>    <div class=\"module-box-content ui rounded black\">\n                <div class=\"tb_text_wrap\"><ul><li><a href=\"http:\/\/agrega.juntadeandalucia.es\/repositorio\/25062009\/ef\/es-an_20090625_2_9132410\/contenido\/index.html\" target=\"_blank\" rel=\"noopener noreferrer\">Tarea individual. El descubrimiento de Am\u00e9rica<\/a><\/li><li><a href=\"http:\/\/agrega.educacion.es\/visualizar\/es\/es_2015052611_9101217\/false\" target=\"_blank\" rel=\"noopener noreferrer\">Proyecto ABP. Proyecto Reportero S. XV<\/a><\/li><li><a href=\"http:\/\/agrega.juntadeandalucia.es\/visualizar\/es\/es-an_2013110611_9132709\/false\" target=\"_blank\" rel=\"noopener noreferrer\">Tarea Individual. Alimentos del nuevo mundo<\/a><\/li><li><a href=\"http:\/\/agrega.juntadeandalucia.es\/visualizar\/es\/es-an_2017031712_9100722\/false\" target=\"_blank\" rel=\"noopener noreferrer\">Tarea individual. Una tarde con Isabel<\/a><\/li><li><a href=\"http:\/\/agrega.juntadeandalucia.es\/visualizador-1\/Visualizar\/Visualizar.do?identificador=es-an_2015091411_9141754&amp;secuencia=true\" target=\"_blank\" rel=\"noopener noreferrer\">Tarea individual. En tiempos de Isabel y Fernando<\/a><\/li><li><a href=\"http:\/\/agrega.juntadeandalucia.es\/visualizador-1\/Visualizar\/Visualizar.do?identificador=es-an_2011031713_9125326&amp;secuencia=true\" target=\"_blank\" rel=\"noopener noreferrer\">Tarea Individual. Or\u00edgenes de la Espa\u00f1a Actual: El nuevo mundo<\/a><\/li><\/ul><\/div>\n    <\/div>\n<\/div>\n<!-- \/module box -->\n        <\/div>\n                    <div  data-lazy=\"1\" class=\"module_column tb-column col3-1 tb_civ6891 last\">\n                    <!-- module box -->\n<div  class=\"module module-box tb_kgbw488 \" data-lazy=\"1\">\n<h3 class=\"module-title\">Recursos<\/h3>    <div class=\"module-box-content ui rounded black\">\n                <div class=\"tb_text_wrap\"><ul><li><a href=\"http:\/\/www.cervantesvirtual.com\/portales\/cristobal_colon\/\" target=\"_blank\" rel=\"noopener noreferrer\">Textos y documentos, estudios, bibliograf\u00eda, im\u00e1genes y enlaces de inter\u00e9s sobre la figura de Crist\u00f3bal Col\u00f3n. Biblioteca virtual Miguel de Cervantes <\/a><\/li><li><a href=\"http:\/\/www.educa.jcyl.es\/educacyl\/cm\/gallery\/Recursos%20Infinity\/tematicas\/colon_vcentenario\/index.html\" target=\"_blank\" rel=\"noopener\">V Centenario de Crist\u00f3bal Col\u00f3n. Portal de educaci\u00f3n de la Junta de Castilla y Le\u00f3n<\/a><\/li><li><a href=\"http:\/\/odas.educarchile.cl\/objetos_digitales\/odas_sociedad\/europa_america_impacto_encuentro\/index.html\" target=\"_blank\" rel=\"noopener noreferrer\">Expansi\u00f3n europea, descubrimiento y conquista de Am\u00e9rica. Proyecci\u00f3n para el aula y propuesta de actividades. EducarChile<\/a><\/li><li><a href=\"https:\/\/www.educ.ar\/recursos\/15298\/el-facebook-de-cristobal-colon\" target=\"_blank\" rel=\"noopener noreferrer\">El Facebook de Crist\u00f3bal Col\u00f3n. Investigando la vida y los viajes de Crist\u00f3bal Col\u00f3n en Am\u00e9rica para volcar los resultados en un perfil ficticio de esta red social. Educar.ar<\/a><\/li><li><a href=\"https:\/\/uruguayeduca.anep.edu.uy\/recursos-educativos\/2827\" target=\"_blank\" rel=\"noopener noreferrer\">1492: Comienza el encuentro de dos mundos. Presentaci\u00f3n interactiva que ofrece una gama de recursos educativos digitales. Uruguay Educa<\/a><\/li><li><a href=\"https:\/\/colaboraeducacion30.juntadeandalucia.es\/educacion\/colabora\/web\/vivir-y-sentir-el-patrimonio\/magallanes\" target=\"_blank\" rel=\"noopener noreferrer\">Materiales educativos descargables del Instituto Andaluz de Patrimonio Hist\u00f3rico. Red Colabora del Programa para la Innovaci\u00f3n Vivir y Sentir el Patrimonio<\/a><\/li><\/ul><\/div>\n    <\/div>\n<\/div>\n<!-- \/module box -->\n        <\/div>\n                        <\/div>\n        <\/div>\n        <\/div>\n<!--\/themify_builder_content-->\n<p>&nbsp;<\/p>","protected":false},"excerpt":{"rendered":"<p>Levadas anclas, nos echamos a la mar. Navegando por la red os proponemos una serie de enlaces que os facilitar\u00e1n la planificaci\u00f3n y programaci\u00f3n de actividades de aula. Nuestra propuesta va desde unidades did\u00e1cticas y tareas, a presentaciones y recursos educativos de muy diversa \u00edndole. &nbsp; Unidades Did\u00e1cticas La Edad Moderna: La ampliaci\u00f3n del mundo [&hellip;]<\/p>\n","protected":false},"author":1124,"featured_media":0,"parent":0,"menu_order":0,"comment_status":"closed","ping_status":"closed","template":"","meta":{"ngg_post_thumbnail":0,"footnotes":""},"aioseo_notices":[],"_links":{"self":[{"href":"https:\/\/blogsaverroes.juntadeandalucia.es\/1492unnuevomundo\/wp-json\/wp\/v2\/pages\/184"}],"collection":[{"href":"https:\/\/blogsaverroes.juntadeandalucia.es\/1492unnuevomundo\/wp-json\/wp\/v2\/pages"}],"about":[{"href":"https:\/\/blogsaverroes.juntadeandalucia.es\/1492unnuevomundo\/wp-json\/wp\/v2\/types\/page"}],"author":[{"embeddable":true,"href":"https:\/\/blogsaverroes.juntadeandalucia.es\/1492unnuevomundo\/wp-json\/wp\/v2\/users\/1124"}],"replies":[{"embeddable":true,"href":"https:\/\/blogsaverroes.juntadeandalucia.es\/1492unnuevomundo\/wp-json\/wp\/v2\/comments?post=184"}],"version-history":[{"count":72,"href":"https:\/\/blogsaverroes.juntadeandalucia.es\/1492unnuevomundo\/wp-json\/wp\/v2\/pages\/184\/revisions"}],"predecessor-version":[{"id":528,"href":"https:\/\/blogsaverroes.juntadeandalucia.es\/1492unnuevomundo\/wp-json\/wp\/v2\/pages\/184\/revisions\/528"}],"wp:attachment":[{"href":"https:\/\/blogsaverroes.juntadeandalucia.es\/1492unnuevomundo\/wp-json\/wp\/v2\/media?parent=184"}],"curies":[{"name":"wp","href":"https:\/\/api.w.org\/{rel}","templated":true}]}}