{"id":14,"date":"2020-09-20T18:44:26","date_gmt":"2020-09-20T18:44:26","guid":{"rendered":"https:\/\/blogsaverroes.juntadeandalucia.es\/2bachccss\/?page_id=14"},"modified":"2021-04-25T10:10:10","modified_gmt":"2021-04-25T10:10:10","slug":"pagina-principal","status":"publish","type":"page","link":"https:\/\/blogsaverroes.juntadeandalucia.es\/2bachccss\/","title":{"rendered":"P\u00e1gina principal"},"content":{"rendered":"<p><strong><span style=\"font-size: 14pt\">UNIDADES:<\/span><\/strong><\/p>\n<ul style=\"list-style-type: square\">\n<li><a href=\"https:\/\/blogsaverroes.juntadeandalucia.es\/2bachccss\/0-estadistica-de-1o-de-bachillerato\/\">Repaso de estad\u00edstica de 1\u00ba Bach<\/a><\/li>\n<\/ul>\n<ul>\n<li><a href=\"https:\/\/blogsaverroes.juntadeandalucia.es\/2bachccss\/1-probabilidad\/\">1. Probabilidad<\/a><\/li>\n<\/ul>\n<blockquote class=\"wp-embedded-content\" data-secret=\"KtOxpJYq0C\"><p><a href=\"https:\/\/blogsaverroes.juntadeandalucia.es\/2bachccss\/ejercicios-pevau-bloque-c-probabilidad\/\">EJERCICIOS PEVAU BLOQUE C: Probabilidad<\/a><\/p><\/blockquote>\n<p><iframe class=\"wp-embedded-content\" sandbox=\"allow-scripts\" security=\"restricted\" style=\"position: absolute; clip: rect(1px, 1px, 1px, 1px);\" title=\"\u00abEJERCICIOS PEVAU BLOQUE C: Probabilidad\u00bb \u2014 Matem\u00e1ticas aplicadas a la CCSS II\" src=\"https:\/\/blogsaverroes.juntadeandalucia.es\/2bachccss\/ejercicios-pevau-bloque-c-probabilidad\/embed\/#?secret=KtOxpJYq0C\" data-secret=\"KtOxpJYq0C\" width=\"500\" height=\"282\" frameborder=\"0\" marginwidth=\"0\" marginheight=\"0\" scrolling=\"no\"><\/iframe><\/p>\n<ul>\n<li><a href=\"https:\/\/blogsaverroes.juntadeandalucia.es\/2bachccss\/3-muestreo-e-inferencia-estadistica\/\">2. Muestreo e inferencia estad\u00edstica<\/a><\/li>\n<\/ul>\n<blockquote class=\"wp-embedded-content\" data-secret=\"Sgtjy9kP4R\"><p><a href=\"https:\/\/blogsaverroes.juntadeandalucia.es\/2bachccss\/ejercicios-pevau-bloque-d-inferencia-estadistica\/\">EJERCICIOS PEVAU BLOQUE D: Inferencia estad\u00edstica<\/a><\/p><\/blockquote>\n<p><iframe class=\"wp-embedded-content\" sandbox=\"allow-scripts\" security=\"restricted\" style=\"position: absolute; clip: rect(1px, 1px, 1px, 1px);\" title=\"\u00abEJERCICIOS PEVAU BLOQUE D: Inferencia estad\u00edstica\u00bb \u2014 Matem\u00e1ticas aplicadas a la CCSS II\" src=\"https:\/\/blogsaverroes.juntadeandalucia.es\/2bachccss\/ejercicios-pevau-bloque-d-inferencia-estadistica\/embed\/#?secret=Sgtjy9kP4R\" data-secret=\"Sgtjy9kP4R\" width=\"500\" height=\"282\" frameborder=\"0\" marginwidth=\"0\" marginheight=\"0\" scrolling=\"no\"><\/iframe><\/p>\n<ul>\n<li><a href=\"https:\/\/blogsaverroes.juntadeandalucia.es\/2bachccss\/3-limites-cotinuidad-y-asintotas\/\">3. L\u00edmites, continuidad y as\u00edntotas<\/a><\/li>\n<li><a href=\"https:\/\/blogsaverroes.juntadeandalucia.es\/2bachccss\/4-derivadas-y-aplicaciones\/\">4. Derivadas y aplicaciones<\/a><\/li>\n<li><a href=\"https:\/\/blogsaverroes.juntadeandalucia.es\/2bachccss\/5-integrales\/\">5. Integrales<\/a><\/li>\n<\/ul>\n<blockquote class=\"wp-embedded-content\" data-secret=\"P0wPkvyWB8\"><p><a href=\"https:\/\/blogsaverroes.juntadeandalucia.es\/2bachccss\/ejercicios-pevau-bloque-b-analisis\/\">EJERCICIOS PEVAU BLOQUE B: An\u00e1lisis<\/a><\/p><\/blockquote>\n<p><iframe class=\"wp-embedded-content\" sandbox=\"allow-scripts\" security=\"restricted\" style=\"position: absolute; clip: rect(1px, 1px, 1px, 1px);\" title=\"\u00abEJERCICIOS PEVAU BLOQUE B: An\u00e1lisis\u00bb \u2014 Matem\u00e1ticas aplicadas a la CCSS II\" src=\"https:\/\/blogsaverroes.juntadeandalucia.es\/2bachccss\/ejercicios-pevau-bloque-b-analisis\/embed\/#?secret=P0wPkvyWB8\" data-secret=\"P0wPkvyWB8\" width=\"500\" height=\"282\" frameborder=\"0\" marginwidth=\"0\" marginheight=\"0\" scrolling=\"no\"><\/iframe><\/p>\n<ul>\n<li><a href=\"https:\/\/blogsaverroes.juntadeandalucia.es\/2bachccss\/6-matrices-determinantes-y-sistemas\/\">6. Matrices, determinantes y sistemas<\/a><\/li>\n<li><a href=\"https:\/\/blogsaverroes.juntadeandalucia.es\/2bachccss\/7-programacion-lineal-2\/\">7. Programaci\u00f3n lineal<\/a><\/li>\n<\/ul>\n<blockquote class=\"wp-embedded-content\" data-secret=\"mslNjJNsWF\"><p><a href=\"https:\/\/blogsaverroes.juntadeandalucia.es\/2bachccss\/ejercicios-pevau-bloque-a-algebra\/\">EJERCICIOS PEVAU BLOQUE A: \u00c1lgebra<\/a><\/p><\/blockquote>\n<p><iframe class=\"wp-embedded-content\" sandbox=\"allow-scripts\" security=\"restricted\" style=\"position: absolute; clip: rect(1px, 1px, 1px, 1px);\" title=\"\u00abEJERCICIOS PEVAU BLOQUE A: \u00c1lgebra\u00bb \u2014 Matem\u00e1ticas aplicadas a la CCSS II\" src=\"https:\/\/blogsaverroes.juntadeandalucia.es\/2bachccss\/ejercicios-pevau-bloque-a-algebra\/embed\/#?secret=mslNjJNsWF\" data-secret=\"mslNjJNsWF\" width=\"500\" height=\"282\" frameborder=\"0\" marginwidth=\"0\" marginheight=\"0\" scrolling=\"no\"><\/iframe><\/p>\n","protected":false},"excerpt":{"rendered":"<p>UNIDADES: Repaso de estad\u00edstica de 1\u00ba Bach 1. Probabilidad EJERCICIOS PEVAU BLOQUE C: Probabilidad 2. Muestreo e inferencia estad\u00edstica EJERCICIOS PEVAU BLOQUE D: Inferencia estad\u00edstica 3. L\u00edmites, continuidad y as\u00edntotas 4. Derivadas y aplicaciones&#46;&#46;&#46;<\/p>\n","protected":false},"author":10606,"featured_media":0,"parent":0,"menu_order":0,"comment_status":"closed","ping_status":"closed","template":"","meta":{"ngg_post_thumbnail":0,"footnotes":""},"aioseo_notices":[],"_links":{"self":[{"href":"https:\/\/blogsaverroes.juntadeandalucia.es\/2bachccss\/wp-json\/wp\/v2\/pages\/14"}],"collection":[{"href":"https:\/\/blogsaverroes.juntadeandalucia.es\/2bachccss\/wp-json\/wp\/v2\/pages"}],"about":[{"href":"https:\/\/blogsaverroes.juntadeandalucia.es\/2bachccss\/wp-json\/wp\/v2\/types\/page"}],"author":[{"embeddable":true,"href":"https:\/\/blogsaverroes.juntadeandalucia.es\/2bachccss\/wp-json\/wp\/v2\/users\/10606"}],"replies":[{"embeddable":true,"href":"https:\/\/blogsaverroes.juntadeandalucia.es\/2bachccss\/wp-json\/wp\/v2\/comments?post=14"}],"version-history":[{"count":14,"href":"https:\/\/blogsaverroes.juntadeandalucia.es\/2bachccss\/wp-json\/wp\/v2\/pages\/14\/revisions"}],"predecessor-version":[{"id":391,"href":"https:\/\/blogsaverroes.juntadeandalucia.es\/2bachccss\/wp-json\/wp\/v2\/pages\/14\/revisions\/391"}],"wp:attachment":[{"href":"https:\/\/blogsaverroes.juntadeandalucia.es\/2bachccss\/wp-json\/wp\/v2\/media?parent=14"}],"curies":[{"name":"wp","href":"https:\/\/api.w.org\/{rel}","templated":true}]}}