{"id":187,"date":"2021-01-18T18:46:55","date_gmt":"2021-01-18T18:46:55","guid":{"rendered":"https:\/\/blogsaverroes.juntadeandalucia.es\/2bachccss\/?page_id=187"},"modified":"2021-04-09T10:46:24","modified_gmt":"2021-04-09T10:46:24","slug":"ejercicios-pevau-bloque-b-analisis","status":"publish","type":"page","link":"https:\/\/blogsaverroes.juntadeandalucia.es\/2bachccss\/ejercicios-pevau-bloque-b-analisis\/","title":{"rendered":"EJERCICIOS PEVAU BLOQUE B: An\u00e1lisis"},"content":{"rendered":"<p><strong>Ejercicios preparatorios:<\/strong><\/p>\n<p><a href=\"https:\/\/blogsaverroes.juntadeandalucia.es\/2bachccss\/files\/2021\/01\/relaci%C3%B3n-ejercicios-18-19.pdf\"><img loading=\"lazy\" decoding=\"async\" class=\"alignnone wp-image-40 aligncenter\" src=\"https:\/\/blogsaverroes.juntadeandalucia.es\/2bachccss\/files\/2020\/09\/768px-Adobe_Acrobat_PDF_158878.svg_-150x150.png\" alt=\"\" width=\"75\" height=\"75\" srcset=\"https:\/\/blogsaverroes.juntadeandalucia.es\/2bachccss\/files\/2020\/09\/768px-Adobe_Acrobat_PDF_158878.svg_-150x150.png 150w, https:\/\/blogsaverroes.juntadeandalucia.es\/2bachccss\/files\/2020\/09\/768px-Adobe_Acrobat_PDF_158878.svg_-100x100.png 100w, https:\/\/blogsaverroes.juntadeandalucia.es\/2bachccss\/files\/2020\/09\/768px-Adobe_Acrobat_PDF_158878.svg_-80x80.png 80w, https:\/\/blogsaverroes.juntadeandalucia.es\/2bachccss\/files\/2020\/09\/768px-Adobe_Acrobat_PDF_158878.svg_-320x320.png 320w, https:\/\/blogsaverroes.juntadeandalucia.es\/2bachccss\/files\/2020\/09\/768px-Adobe_Acrobat_PDF_158878.svg_-24x24.png 24w, https:\/\/blogsaverroes.juntadeandalucia.es\/2bachccss\/files\/2020\/09\/768px-Adobe_Acrobat_PDF_158878.svg_-36x36.png 36w, https:\/\/blogsaverroes.juntadeandalucia.es\/2bachccss\/files\/2020\/09\/768px-Adobe_Acrobat_PDF_158878.svg_-48x48.png 48w\" sizes=\"(max-width: 75px) 100vw, 75px\" \/><\/a><\/p>\n<p style=\"text-align: center\">Relaci\u00f3n 1<\/p>\n<p><a href=\"https:\/\/blogsaverroes.juntadeandalucia.es\/2bachccss\/files\/2021\/01\/Relaci%C3%B3n-de-ejercicios-19-20.pdf\"><img loading=\"lazy\" decoding=\"async\" class=\"alignnone wp-image-40 aligncenter\" src=\"https:\/\/blogsaverroes.juntadeandalucia.es\/2bachccss\/files\/2020\/09\/768px-Adobe_Acrobat_PDF_158878.svg_-150x150.png\" alt=\"\" width=\"75\" height=\"75\" srcset=\"https:\/\/blogsaverroes.juntadeandalucia.es\/2bachccss\/files\/2020\/09\/768px-Adobe_Acrobat_PDF_158878.svg_-150x150.png 150w, https:\/\/blogsaverroes.juntadeandalucia.es\/2bachccss\/files\/2020\/09\/768px-Adobe_Acrobat_PDF_158878.svg_-100x100.png 100w, https:\/\/blogsaverroes.juntadeandalucia.es\/2bachccss\/files\/2020\/09\/768px-Adobe_Acrobat_PDF_158878.svg_-80x80.png 80w, https:\/\/blogsaverroes.juntadeandalucia.es\/2bachccss\/files\/2020\/09\/768px-Adobe_Acrobat_PDF_158878.svg_-320x320.png 320w, https:\/\/blogsaverroes.juntadeandalucia.es\/2bachccss\/files\/2020\/09\/768px-Adobe_Acrobat_PDF_158878.svg_-24x24.png 24w, https:\/\/blogsaverroes.juntadeandalucia.es\/2bachccss\/files\/2020\/09\/768px-Adobe_Acrobat_PDF_158878.svg_-36x36.png 36w, https:\/\/blogsaverroes.juntadeandalucia.es\/2bachccss\/files\/2020\/09\/768px-Adobe_Acrobat_PDF_158878.svg_-48x48.png 48w\" sizes=\"(max-width: 75px) 100vw, 75px\" \/><\/a><\/p>\n<p style=\"text-align: center\">Relaci\u00f3n 2<\/p>\n<p><strong>Ejercicios resueltos de a\u00f1os anteriores:<\/strong>&nbsp;<\/p>\n<ul>\n<li><a href=\"https:\/\/www.emestrada.org\/archivos\/sociales\/ejercicios-sociales\/funciones-ejercicios-sociales\/\">An\u00e1lisis<\/a><\/li>\n<\/ul>\n","protected":false},"excerpt":{"rendered":"<p>Ejercicios preparatorios: Relaci\u00f3n 1 Relaci\u00f3n 2 Ejercicios resueltos de a\u00f1os anteriores:&nbsp; An\u00e1lisis<\/p>\n","protected":false},"author":10606,"featured_media":0,"parent":0,"menu_order":0,"comment_status":"closed","ping_status":"closed","template":"","meta":{"ngg_post_thumbnail":0,"footnotes":""},"aioseo_notices":[],"_links":{"self":[{"href":"https:\/\/blogsaverroes.juntadeandalucia.es\/2bachccss\/wp-json\/wp\/v2\/pages\/187"}],"collection":[{"href":"https:\/\/blogsaverroes.juntadeandalucia.es\/2bachccss\/wp-json\/wp\/v2\/pages"}],"about":[{"href":"https:\/\/blogsaverroes.juntadeandalucia.es\/2bachccss\/wp-json\/wp\/v2\/types\/page"}],"author":[{"embeddable":true,"href":"https:\/\/blogsaverroes.juntadeandalucia.es\/2bachccss\/wp-json\/wp\/v2\/users\/10606"}],"replies":[{"embeddable":true,"href":"https:\/\/blogsaverroes.juntadeandalucia.es\/2bachccss\/wp-json\/wp\/v2\/comments?post=187"}],"version-history":[{"count":6,"href":"https:\/\/blogsaverroes.juntadeandalucia.es\/2bachccss\/wp-json\/wp\/v2\/pages\/187\/revisions"}],"predecessor-version":[{"id":217,"href":"https:\/\/blogsaverroes.juntadeandalucia.es\/2bachccss\/wp-json\/wp\/v2\/pages\/187\/revisions\/217"}],"wp:attachment":[{"href":"https:\/\/blogsaverroes.juntadeandalucia.es\/2bachccss\/wp-json\/wp\/v2\/media?parent=187"}],"curies":[{"name":"wp","href":"https:\/\/api.w.org\/{rel}","templated":true}]}}