{"id":369,"date":"2021-10-21T13:30:44","date_gmt":"2021-10-21T13:30:44","guid":{"rendered":"https:\/\/blogsaverroes.juntadeandalucia.es\/3033dea\/?page_id=369"},"modified":"2024-09-03T07:46:32","modified_gmt":"2024-09-03T07:46:32","slug":"bienvenida-2","status":"publish","type":"page","link":"https:\/\/blogsaverroes.juntadeandalucia.es\/3033dea\/bienvenida-2\/","title":{"rendered":"BIENVENIDA"},"content":{"rendered":"<p>&nbsp;<\/p>\n<p dir=\"ltr\" style=\"text-align: left\"><span style=\"color: #ffffff;font-size: 14pt\">a la nueva p\u00e1gina del Equipo de Ori<a href=\"https:\/\/blogsaverroes.juntadeandalucia.es\/3033dea\/files\/2024\/09\/Cartel-taller-de-dibujo-para-ninos-ilustrativo-infantil-multicolor.png\"><img loading=\"lazy\" decoding=\"async\" class=\"wp-image-726 aligncenter\" src=\"https:\/\/blogsaverroes.juntadeandalucia.es\/3033dea\/files\/2024\/09\/Cartel-taller-de-dibujo-para-ninos-ilustrativo-infantil-multicolor-212x300.png\" alt=\"\" width=\"402\" height=\"569\" srcset=\"https:\/\/blogsaverroes.juntadeandalucia.es\/3033dea\/files\/2024\/09\/Cartel-taller-de-dibujo-para-ninos-ilustrativo-infantil-multicolor-212x300.png 212w, https:\/\/blogsaverroes.juntadeandalucia.es\/3033dea\/files\/2024\/09\/Cartel-taller-de-dibujo-para-ninos-ilustrativo-infantil-multicolor-724x1024.png 724w, https:\/\/blogsaverroes.juntadeandalucia.es\/3033dea\/files\/2024\/09\/Cartel-taller-de-dibujo-para-ninos-ilustrativo-infantil-multicolor-768x1086.png 768w, https:\/\/blogsaverroes.juntadeandalucia.es\/3033dea\/files\/2024\/09\/Cartel-taller-de-dibujo-para-ninos-ilustrativo-infantil-multicolor-1086x1536.png 1086w, https:\/\/blogsaverroes.juntadeandalucia.es\/3033dea\/files\/2024\/09\/Cartel-taller-de-dibujo-para-ninos-ilustrativo-infantil-multicolor.png 1414w\" sizes=\"(max-width: 402px) 100vw, 402px\" \/><\/a><\/span><\/p>\n<p dir=\"ltr\" style=\"text-align: justify\"><span style=\"font-family: arial, helvetica, sans-serif;font-size: 14pt\"><strong>\u00a1\u00a1\u00a1BIENVENID@S AL NUEVO CURSO!!!<\/strong> Un curso cargado, como viene siendo habitual, de novedades normativas (en la columna de la derecha puedes acceder a la informaci\u00f3n de aquellas que afectan al alumnado con Dificultades de Aprendizaje).<\/span><\/p>\n<p dir=\"ltr\" style=\"text-align: justify\"><span style=\"font-family: arial, helvetica, sans-serif;font-size: 14pt\">Como el curso pasado, queremos que esta p\u00e1gina sirva de plataforma de colaboraci\u00f3n para todos los miembros de la Comunidad Educativa que intervenimos en el desarrollo de l@s ni\u00f1@s y j\u00f3venes con Dificultades de Aprendizaje.<\/span><\/p>\n<p dir=\"ltr\" style=\"text-align: justify\"><span style=\"font-family: arial, helvetica, sans-serif;font-size: 14pt\">Os invitamos a hacernos llegar vuestras propuestas, dudas, ideas&#8230;<\/span><\/p>\n<p dir=\"ltr\" style=\"text-align: justify\"><span style=\"font-family: arial, helvetica, sans-serif;font-size: 14pt\">Visitando cada una de las p\u00e1ginas que aparecen a la derecha y en la parte superior de la p\u00e1gina podr\u00e9is acceder a los contenidos que, esperamos, puedan seros de utilidad. Hemos intentado revisar el formato y los contenidos de la p\u00e1gina para hacerla m\u00e1s \u00fatil y accesible.<\/span><\/p>\n<p dir=\"ltr\" style=\"text-align: justify\"><span style=\"font-family: arial, helvetica, sans-serif;font-size: 14pt\">Como el curso pasado, para empezar os ofrecemos una breve infograf\u00eda que nos muestra una visi\u00f3n r\u00e1pida de la situaci\u00f3n del alumnado con Dificultades de Aprendizaje&nbsp; en este curso 2023\/24 en nuestra provincia.<\/span><\/p>\n<p dir=\"ltr\"><a href=\"https:\/\/drive.google.com\/file\/d\/1h5wBAVzmkaQQU_8Rb1nkP_9LYhzRSNvR\/view?usp=sharing\" target=\"_blank\" rel=\"noopener noreferrer\"><img loading=\"lazy\" decoding=\"async\" class=\" wp-image-460 aligncenter\" src=\"https:\/\/blogsaverroes.juntadeandalucia.es\/3033dea\/files\/2021\/10\/Censo-DEA-Tama\u00f1o-original-2-120x300.png\" alt=\"\" width=\"336\" height=\"840\" srcset=\"https:\/\/blogsaverroes.juntadeandalucia.es\/3033dea\/files\/2021\/10\/Censo-DEA-Tama\u00f1o-original-2-120x300.png 120w, https:\/\/blogsaverroes.juntadeandalucia.es\/3033dea\/files\/2021\/10\/Censo-DEA-Tama\u00f1o-original-2-410x1024.png 410w, https:\/\/blogsaverroes.juntadeandalucia.es\/3033dea\/files\/2021\/10\/Censo-DEA-Tama\u00f1o-original-2-768x1920.png 768w, https:\/\/blogsaverroes.juntadeandalucia.es\/3033dea\/files\/2021\/10\/Censo-DEA-Tama\u00f1o-original-2-614x1536.png 614w, https:\/\/blogsaverroes.juntadeandalucia.es\/3033dea\/files\/2021\/10\/Censo-DEA-Tama\u00f1o-original-2.png 800w\" sizes=\"(max-width: 336px) 100vw, 336px\" \/><\/a><\/p>\n<p dir=\"ltr\">&nbsp;<\/p>\n<p dir=\"ltr\" style=\"text-align: justify\"><span style=\"font-size: 10pt\"><em><span style=\"font-family: verdana, geneva, sans-serif\">Al igual que el a\u00f1o anterior<b>,<\/b> en esta p\u00e1gina tambi\u00e9n podr\u00e9is encontrar todos los recursos elaborados por Bel\u00e9n Romaguera que ya exist\u00edan en la antigua p\u00e1gina del blog.&nbsp;<\/span><\/em><\/span><\/p>\n<p dir=\"ltr\">&nbsp;<\/p>\n<table style=\"border-collapse: collapse;width: 100%\">\n<tbody>\n<tr>\n<td style=\"width: 100%;background-color: #f7e72f;border-color: #000000;border-style: solid;text-align: justify\"><strong>AVISO:<\/strong> Muy a nuestro pesar, esta p\u00e1gina siempre est\u00e1 en construcci\u00f3n y es muy probable que al navegar por sus p\u00e1ginas a\u00fan os encontr\u00e9is&nbsp; muchos \u00abcurritos\u00bb y andamios&#8230; Os agradecemos la paciencia<\/td>\n<\/tr>\n<\/tbody>\n<\/table>\n<p dir=\"ltr\">&nbsp;<\/p>\n","protected":false},"excerpt":{"rendered":"<p>&nbsp; a la nueva p\u00e1gina del Equipo de Ori \u00a1\u00a1\u00a1BIENVENID@S AL NUEVO CURSO!!! Un curso cargado, como viene siendo habitual, de novedades normativas (en la&hellip;<\/p>\n","protected":false},"author":13590,"featured_media":0,"parent":0,"menu_order":0,"comment_status":"closed","ping_status":"closed","template":"","meta":{"ngg_post_thumbnail":0,"footnotes":""},"aioseo_notices":[],"_links":{"self":[{"href":"https:\/\/blogsaverroes.juntadeandalucia.es\/3033dea\/wp-json\/wp\/v2\/pages\/369"}],"collection":[{"href":"https:\/\/blogsaverroes.juntadeandalucia.es\/3033dea\/wp-json\/wp\/v2\/pages"}],"about":[{"href":"https:\/\/blogsaverroes.juntadeandalucia.es\/3033dea\/wp-json\/wp\/v2\/types\/page"}],"author":[{"embeddable":true,"href":"https:\/\/blogsaverroes.juntadeandalucia.es\/3033dea\/wp-json\/wp\/v2\/users\/13590"}],"replies":[{"embeddable":true,"href":"https:\/\/blogsaverroes.juntadeandalucia.es\/3033dea\/wp-json\/wp\/v2\/comments?post=369"}],"version-history":[{"count":12,"href":"https:\/\/blogsaverroes.juntadeandalucia.es\/3033dea\/wp-json\/wp\/v2\/pages\/369\/revisions"}],"predecessor-version":[{"id":727,"href":"https:\/\/blogsaverroes.juntadeandalucia.es\/3033dea\/wp-json\/wp\/v2\/pages\/369\/revisions\/727"}],"wp:attachment":[{"href":"https:\/\/blogsaverroes.juntadeandalucia.es\/3033dea\/wp-json\/wp\/v2\/media?parent=369"}],"curies":[{"name":"wp","href":"https:\/\/api.w.org\/{rel}","templated":true}]}}