{"id":717,"date":"2023-09-20T07:33:41","date_gmt":"2023-09-20T07:33:41","guid":{"rendered":"https:\/\/blogsaverroes.juntadeandalucia.es\/3033dea\/?page_id=717"},"modified":"2025-09-17T09:38:49","modified_gmt":"2025-09-17T09:38:49","slug":"dia-internacional-de-la-dislexia","status":"publish","type":"page","link":"https:\/\/blogsaverroes.juntadeandalucia.es\/3033dea\/","title":{"rendered":"D\u00eda Internacional de la Dislexia"},"content":{"rendered":"<p style=\"text-align: justify\">El <strong>8 de octubre<\/strong> se celebra el <strong>D\u00eda Internacional de la Dislexia<\/strong>, que pretende concienciar a las personas acerca de esta dificultad y visibilizarla para que sea tenida en consideraci\u00f3n.<\/p>\n<p>&nbsp;<\/p>\n<p style=\"text-align: center\"><a href=\"https:\/\/blogsaverroes.juntadeandalucia.es\/3033dea\/files\/2022\/09\/dia-de-la-dislexia-1.png\"><img loading=\"lazy\" decoding=\"async\" class=\"alignnone wp-image-732\" src=\"https:\/\/blogsaverroes.juntadeandalucia.es\/3033dea\/files\/2022\/09\/dia-de-la-dislexia-1-212x300.png\" alt=\"\" width=\"252\" height=\"357\" srcset=\"https:\/\/blogsaverroes.juntadeandalucia.es\/3033dea\/files\/2022\/09\/dia-de-la-dislexia-1-212x300.png 212w, https:\/\/blogsaverroes.juntadeandalucia.es\/3033dea\/files\/2022\/09\/dia-de-la-dislexia-1-724x1024.png 724w, https:\/\/blogsaverroes.juntadeandalucia.es\/3033dea\/files\/2022\/09\/dia-de-la-dislexia-1-768x1086.png 768w, https:\/\/blogsaverroes.juntadeandalucia.es\/3033dea\/files\/2022\/09\/dia-de-la-dislexia-1-1086x1536.png 1086w, https:\/\/blogsaverroes.juntadeandalucia.es\/3033dea\/files\/2022\/09\/dia-de-la-dislexia-1-1448x2048.png 1448w, https:\/\/blogsaverroes.juntadeandalucia.es\/3033dea\/files\/2022\/09\/dia-de-la-dislexia-1.png 1587w\" sizes=\"(max-width: 252px) 100vw, 252px\" \/><\/a><\/p>\n<p>&nbsp;<\/p>\n<p>En la p\u00e1gina web de la Asociaci\u00f3n Granadina de Dislexia (<strong>GRANDIS<\/strong>) pod\u00e9is encontrar ideas para realizar actividades con vuestro alumnado, a partir de la canci\u00f3n \u00abDislexia\u00bb del rapero Annarce que, al ritmo de la m\u00fasica, les motivar\u00e1, al tiempo que les ayudar\u00e1 a comprender esta dificultad y a valorar el esfuerzo de sus compa\u00f1eros. Os animamos a que la pong\u00e1is en pr\u00e1ctica en vuestras aulas.<\/p>\n<p>&nbsp;<\/p>\n<p style=\"text-align: center\"><iframe loading=\"lazy\" src=\"\/\/www.youtube.com\/embed\/zd8txL2dTNo?si=Y93lpp-fqV3imHe-\" width=\"560\" height=\"314\"><\/iframe><\/p>\n<p>&nbsp;<\/p>\n<p>&nbsp;<\/p>\n","protected":false},"excerpt":{"rendered":"<p>El 8 de octubre se celebra el D\u00eda Internacional de la Dislexia, que pretende concienciar a las personas acerca de esta dificultad y visibilizarla para&hellip;<\/p>\n","protected":false},"author":13590,"featured_media":0,"parent":0,"menu_order":0,"comment_status":"closed","ping_status":"closed","template":"","meta":{"ngg_post_thumbnail":0,"footnotes":""},"aioseo_notices":[],"_links":{"self":[{"href":"https:\/\/blogsaverroes.juntadeandalucia.es\/3033dea\/wp-json\/wp\/v2\/pages\/717"}],"collection":[{"href":"https:\/\/blogsaverroes.juntadeandalucia.es\/3033dea\/wp-json\/wp\/v2\/pages"}],"about":[{"href":"https:\/\/blogsaverroes.juntadeandalucia.es\/3033dea\/wp-json\/wp\/v2\/types\/page"}],"author":[{"embeddable":true,"href":"https:\/\/blogsaverroes.juntadeandalucia.es\/3033dea\/wp-json\/wp\/v2\/users\/13590"}],"replies":[{"embeddable":true,"href":"https:\/\/blogsaverroes.juntadeandalucia.es\/3033dea\/wp-json\/wp\/v2\/comments?post=717"}],"version-history":[{"count":6,"href":"https:\/\/blogsaverroes.juntadeandalucia.es\/3033dea\/wp-json\/wp\/v2\/pages\/717\/revisions"}],"predecessor-version":[{"id":738,"href":"https:\/\/blogsaverroes.juntadeandalucia.es\/3033dea\/wp-json\/wp\/v2\/pages\/717\/revisions\/738"}],"wp:attachment":[{"href":"https:\/\/blogsaverroes.juntadeandalucia.es\/3033dea\/wp-json\/wp\/v2\/media?parent=717"}],"curies":[{"name":"wp","href":"https:\/\/api.w.org\/{rel}","templated":true}]}}

Día Internacional de la Dislexia

<p style="text-align: justify">El <strong>8 de octubre</strong> se celebra el <strong>Día Internacional de la Dislexia</strong>, que pretende concienciar a las personas acerca de esta dificultad y visibilizarla para que sea tenida en consideración.</p>
<p>&nbsp;</p>
<p style="text-align: center"><a href="https://blogsaverroes.juntadeandalucia.es/3033dea/files/2022/09/dia-de-la-dislexia-1.png"><img loading="lazy" decoding="async" class="alignnone wp-image-732" src="https://blogsaverroes.juntadeandalucia.es/3033dea/files/2022/09/dia-de-la-dislexia-1-212x300.png" alt="" width="252" height="357" srcset="https://blogsaverroes.juntadeandalucia.es/3033dea/files/2022/09/dia-de-la-dislexia-1-212x300.png 212w, https://blogsaverroes.juntadeandalucia.es/3033dea/files/2022/09/dia-de-la-dislexia-1-724x1024.png 724w, https://blogsaverroes.juntadeandalucia.es/3033dea/files/2022/09/dia-de-la-dislexia-1-768x1086.png 768w, https://blogsaverroes.juntadeandalucia.es/3033dea/files/2022/09/dia-de-la-dislexia-1-1086x1536.png 1086w, https://blogsaverroes.juntadeandalucia.es/3033dea/files/2022/09/dia-de-la-dislexia-1-1448x2048.png 1448w, https://blogsaverroes.juntadeandalucia.es/3033dea/files/2022/09/dia-de-la-dislexia-1.png 1587w" sizes="(max-width: 252px) 100vw, 252px" /></a></p>
<p>&nbsp;</p>
<p>En la página web de la Asociación Granadina de Dislexia (<strong>GRANDIS</strong>) podéis encontrar ideas para realizar actividades con vuestro alumnado, a partir de la canción «Dislexia» del rapero Annarce que, al ritmo de la música, les motivará, al tiempo que les ayudará a comprender esta dificultad y a valorar el esfuerzo de sus compañeros. Os animamos a que la pongáis en práctica en vuestras aulas.</p>
<p>&nbsp;</p>
<p style="text-align: center"><iframe loading="lazy" src="//www.youtube.com/embed/zd8txL2dTNo?si=Y93lpp-fqV3imHe-" width="560" height="314"></iframe></p>
<p>&nbsp;</p>
<p>&nbsp;</p>

<p>El 8 de octubre se celebra el Día Internacional de la Dislexia, que pretende concienciar a las personas acerca de esta dificultad y visibilizarla para&hellip;</p>
