{"id":20,"date":"2022-10-24T12:53:22","date_gmt":"2022-10-24T12:53:22","guid":{"rendered":"https:\/\/blogsaverroes.juntadeandalucia.es\/5cprimaria\/?page_id=20"},"modified":"2022-10-24T12:53:22","modified_gmt":"2022-10-24T12:53:22","slug":"enlaces-de-interes","status":"publish","type":"page","link":"https:\/\/blogsaverroes.juntadeandalucia.es\/5cprimaria\/enlaces-de-interes\/","title":{"rendered":"Enlaces de inter\u00e9s"},"content":{"rendered":"<p>Aqu\u00ed vamos a incluir enlaces a otros blog de inter\u00e9s donde se muestra el trabajo realizado bajo la metodolog\u00eda ABP.<\/p>\n","protected":false},"excerpt":{"rendered":"<p>Aqu\u00ed vamos a incluir enlaces a otros blog de inter\u00e9s donde se muestra el trabajo realizado bajo la metodolog\u00eda ABP.<\/p>\n","protected":false},"author":15873,"featured_media":0,"parent":0,"menu_order":0,"comment_status":"closed","ping_status":"closed","template":"","meta":{"ngg_post_thumbnail":0,"footnotes":""},"aioseo_notices":[],"_links":{"self":[{"href":"https:\/\/blogsaverroes.juntadeandalucia.es\/5cprimaria\/wp-json\/wp\/v2\/pages\/20"}],"collection":[{"href":"https:\/\/blogsaverroes.juntadeandalucia.es\/5cprimaria\/wp-json\/wp\/v2\/pages"}],"about":[{"href":"https:\/\/blogsaverroes.juntadeandalucia.es\/5cprimaria\/wp-json\/wp\/v2\/types\/page"}],"author":[{"embeddable":true,"href":"https:\/\/blogsaverroes.juntadeandalucia.es\/5cprimaria\/wp-json\/wp\/v2\/users\/15873"}],"replies":[{"embeddable":true,"href":"https:\/\/blogsaverroes.juntadeandalucia.es\/5cprimaria\/wp-json\/wp\/v2\/comments?post=20"}],"version-history":[{"count":1,"href":"https:\/\/blogsaverroes.juntadeandalucia.es\/5cprimaria\/wp-json\/wp\/v2\/pages\/20\/revisions"}],"predecessor-version":[{"id":21,"href":"https:\/\/blogsaverroes.juntadeandalucia.es\/5cprimaria\/wp-json\/wp\/v2\/pages\/20\/revisions\/21"}],"wp:attachment":[{"href":"https:\/\/blogsaverroes.juntadeandalucia.es\/5cprimaria\/wp-json\/wp\/v2\/media?parent=20"}],"curies":[{"name":"wp","href":"https:\/\/api.w.org\/{rel}","templated":true}]}}