{"id":2,"date":"2020-12-22T22:14:58","date_gmt":"2020-12-22T22:14:58","guid":{"rendered":"https:\/\/blogsaverroes.juntadeandalucia.es\/82artistainvitado\/?page_id=2"},"modified":"2021-11-21T09:35:16","modified_gmt":"2021-11-21T09:35:16","slug":"presentacion","status":"publish","type":"page","link":"https:\/\/blogsaverroes.juntadeandalucia.es\/82artistainvitado\/","title":{"rendered":"Presentaci\u00f3n"},"content":{"rendered":"\r\n<p>BlogsAverroes es un servicio de la Consejer\u00eda de Educaci\u00f3n y Deporte que permite al profesorado disponer de un <strong>blog en servidores centralizados que garantizan un uso seguro de los datos.<\/strong><!--more--><\/p>\r\n<p>&nbsp;<\/p>\r\n<p>Adem\u00e1s del alojamiento, el profesorado usuario dispone de <strong>soporte<\/strong>. Este servicio se presenta como el medio m\u00e1s recomendado para compartir contenidos y mostrar informaci\u00f3n del proceso de ense\u00f1anza-aprendizaje en las primeras etapas educativas.<\/p>\r\n","protected":false},"excerpt":{"rendered":"<p>BlogsAverroes es un servicio de la Consejer\u00eda de Educaci\u00f3n y Deporte que permite al profesorado disponer de un blog en servidores centralizados que garantizan un uso seguro de los datos.<\/p>\n","protected":false},"author":1086,"featured_media":0,"parent":0,"menu_order":0,"comment_status":"closed","ping_status":"open","template":"","meta":{"ngg_post_thumbnail":0,"footnotes":""},"aioseo_notices":[],"_links":{"self":[{"href":"https:\/\/blogsaverroes.juntadeandalucia.es\/82artistainvitado\/wp-json\/wp\/v2\/pages\/2"}],"collection":[{"href":"https:\/\/blogsaverroes.juntadeandalucia.es\/82artistainvitado\/wp-json\/wp\/v2\/pages"}],"about":[{"href":"https:\/\/blogsaverroes.juntadeandalucia.es\/82artistainvitado\/wp-json\/wp\/v2\/types\/page"}],"author":[{"embeddable":true,"href":"https:\/\/blogsaverroes.juntadeandalucia.es\/82artistainvitado\/wp-json\/wp\/v2\/users\/1086"}],"replies":[{"embeddable":true,"href":"https:\/\/blogsaverroes.juntadeandalucia.es\/82artistainvitado\/wp-json\/wp\/v2\/comments?post=2"}],"version-history":[{"count":3,"href":"https:\/\/blogsaverroes.juntadeandalucia.es\/82artistainvitado\/wp-json\/wp\/v2\/pages\/2\/revisions"}],"predecessor-version":[{"id":87,"href":"https:\/\/blogsaverroes.juntadeandalucia.es\/82artistainvitado\/wp-json\/wp\/v2\/pages\/2\/revisions\/87"}],"wp:attachment":[{"href":"https:\/\/blogsaverroes.juntadeandalucia.es\/82artistainvitado\/wp-json\/wp\/v2\/media?parent=2"}],"curies":[{"name":"wp","href":"https:\/\/api.w.org\/{rel}","templated":true}]}}