{"id":140,"date":"2021-09-13T06:10:41","date_gmt":"2021-09-13T04:10:41","guid":{"rendered":"https:\/\/blogsaverroes.juntadeandalucia.es\/abelam\/?page_id=140"},"modified":"2021-09-13T08:50:04","modified_gmt":"2021-09-13T06:50:04","slug":"autor-del-sitio","status":"publish","type":"page","link":"https:\/\/blogsaverroes.juntadeandalucia.es\/abelam\/autor-del-sitio\/","title":{"rendered":"Autor del sitio"},"content":{"rendered":"<div class=\"hJDwNd-AhqUyc-OwsYgb purZT-AhqUyc-II5mzb pSzOP-AhqUyc-qWD73c JNdkSc\">\n<div class=\"JNdkSc-SmKAyb\">\n<div class=\"\">\n<div class=\"oKdM2c Kzv0Me\">\n<div id=\"h.p_LL_ZVxawmPKp\" class=\"hJDwNd-AhqUyc-OwsYgb jXK9ad D2fZ2 OjCsFc wHaque GNzUNc\">\n<div class=\"jXK9ad-SmKAyb\">\n<div class=\"tyJCtd mGzaTb baZpAe\">\n<p id=\"h.p_1GObrd4dmPKu\" class=\"CDt4Ke zfr3Q\"><img loading=\"lazy\" decoding=\"async\" class=\"size-medium wp-image-141 aligncenter\" src=\"https:\/\/blogsaverroes.juntadeandalucia.es\/abelam\/files\/2021\/09\/https-lh3.googleusercontent.com-Kd_MI8pri0UXXchQly4GlIAAAAAAAAAAswyyNghk27KQa5NclI3_KYbBboU2O8ttUQCLkCGAYYCws0IMG_20180416_182709-300x168.jpg\" alt=\"Retrato\" width=\"300\" height=\"168\" srcset=\"https:\/\/blogsaverroes.juntadeandalucia.es\/abelam\/files\/2021\/09\/https-lh3.googleusercontent.com-Kd_MI8pri0UXXchQly4GlIAAAAAAAAAAswyyNghk27KQa5NclI3_KYbBboU2O8ttUQCLkCGAYYCws0IMG_20180416_182709-300x168.jpg 300w, https:\/\/blogsaverroes.juntadeandalucia.es\/abelam\/files\/2021\/09\/https-lh3.googleusercontent.com-Kd_MI8pri0UXXchQly4GlIAAAAAAAAAAswyyNghk27KQa5NclI3_KYbBboU2O8ttUQCLkCGAYYCws0IMG_20180416_182709-768x431.jpg 768w, https:\/\/blogsaverroes.juntadeandalucia.es\/abelam\/files\/2021\/09\/https-lh3.googleusercontent.com-Kd_MI8pri0UXXchQly4GlIAAAAAAAAAAswyyNghk27KQa5NclI3_KYbBboU2O8ttUQCLkCGAYYCws0IMG_20180416_182709.jpg 905w\" sizes=\"(max-width: 300px) 100vw, 300px\" \/><\/p>\n<p class=\"CDt4Ke zfr3Q\">Mi nombre es Abel Al Jende Medina e imparto o, mejor dicho, comparto aprendizajes de Geografia, Historia y Ciencias Sociales en la escuela p\u00fablica andaluza desde 2011.&nbsp; Formado como antrop\u00f3logo, antes he hecho otras cosas como etnograf\u00eda y cooperaci\u00f3n internacional, lo que influye claramente en mi forma de ver las cosas y de tratarlas. Soy una persona bastante entusiasta y apasionada, aunque a veces un poco impaciente. Habito el mundo educativo porque creo que es uno de los mejores sitios donde puedo contribuir a hacer del mundo un lugar un poco m\u00e1s amable y sano.<\/p>\n<\/div>\n<\/div>\n<\/div>\n<\/div>\n<\/div>\n<\/div>\n<\/div>\n","protected":false},"excerpt":{"rendered":"<p>Mi nombre es Abel Al Jende Medina e imparto o, mejor dicho, comparto aprendizajes de Geografia, Historia y Ciencias Sociales en la escuela p\u00fablica andaluza desde 2011.&nbsp; Formado como antrop\u00f3logo, antes he hecho otras cosas como etnograf\u00eda y cooperaci\u00f3n internacional, lo que influye claramente en mi forma de ver las cosas y de tratarlas. Soy &hellip; <a href=\"https:\/\/blogsaverroes.juntadeandalucia.es\/abelam\/autor-del-sitio\/\" class=\"more-link\">Seguir leyendo <span class=\"screen-reader-text\">Autor del sitio<\/span> <span class=\"meta-nav\">&rarr;<\/span><\/a><\/p>\n","protected":false},"author":12632,"featured_media":0,"parent":0,"menu_order":0,"comment_status":"closed","ping_status":"closed","template":"","meta":{"ngg_post_thumbnail":0,"footnotes":""},"aioseo_notices":[],"_links":{"self":[{"href":"https:\/\/blogsaverroes.juntadeandalucia.es\/abelam\/wp-json\/wp\/v2\/pages\/140"}],"collection":[{"href":"https:\/\/blogsaverroes.juntadeandalucia.es\/abelam\/wp-json\/wp\/v2\/pages"}],"about":[{"href":"https:\/\/blogsaverroes.juntadeandalucia.es\/abelam\/wp-json\/wp\/v2\/types\/page"}],"author":[{"embeddable":true,"href":"https:\/\/blogsaverroes.juntadeandalucia.es\/abelam\/wp-json\/wp\/v2\/users\/12632"}],"replies":[{"embeddable":true,"href":"https:\/\/blogsaverroes.juntadeandalucia.es\/abelam\/wp-json\/wp\/v2\/comments?post=140"}],"version-history":[{"count":9,"href":"https:\/\/blogsaverroes.juntadeandalucia.es\/abelam\/wp-json\/wp\/v2\/pages\/140\/revisions"}],"predecessor-version":[{"id":153,"href":"https:\/\/blogsaverroes.juntadeandalucia.es\/abelam\/wp-json\/wp\/v2\/pages\/140\/revisions\/153"}],"wp:attachment":[{"href":"https:\/\/blogsaverroes.juntadeandalucia.es\/abelam\/wp-json\/wp\/v2\/media?parent=140"}],"curies":[{"name":"wp","href":"https:\/\/api.w.org\/{rel}","templated":true}]}}