{"id":164,"date":"2021-09-13T09:35:23","date_gmt":"2021-09-13T07:35:23","guid":{"rendered":"https:\/\/blogsaverroes.juntadeandalucia.es\/abelam\/?page_id=164"},"modified":"2025-08-27T09:45:55","modified_gmt":"2025-08-27T07:45:55","slug":"cursos-anteriores","status":"publish","type":"page","link":"https:\/\/blogsaverroes.juntadeandalucia.es\/abelam\/cursos-anteriores\/","title":{"rendered":"Cursos anteriores"},"content":{"rendered":"<p>Aqu\u00ed podr\u00e1s encontrar las p\u00e1ginas y blogs que he utilizado en cursos anteriores.<\/p>\n<ul>\n<li><a href=\"https:\/\/blogsaverroes.juntadeandalucia.es\/abelam\/cursos-anteriores\/curso-2024-2025\/\" target=\"_blank\" rel=\"noopener\">Curso 2024-2025.<\/a><\/li>\n<li><a href=\"https:\/\/blogsaverroes.juntadeandalucia.es\/abelam\/curso-2023-2024\/\" target=\"_blank\" rel=\"noopener\">Curso 2023-2024.<\/a><\/li>\n<li><a href=\"https:\/\/blogsaverroes.juntadeandalucia.es\/abelam\/curso-2022-2023\/\" target=\"_blank\" rel=\"noopener noreferrer\">Curso 2022-2023.<\/a><\/li>\n<li><a href=\"https:\/\/blogsaverroes.juntadeandalucia.es\/abelam\/curso-2021-2022\/\" target=\"_blank\" rel=\"noopener noreferrer\">Curso 2021-2022.<\/a><\/li>\n<li><a href=\"https:\/\/blogsaverroes.juntadeandalucia.es\/artetejada2122\/\" target=\"_blank\" rel=\"noopener noreferrer\">Blog de pr\u00e1cticas de Historia del Arte 2021-2022.<\/a><\/li>\n<li><a href=\"https:\/\/sites.google.com\/iestejada.com\/5dejunioeneltejada\" target=\"_blank\" rel=\"noopener noreferrer\">D\u00eda mundial del medio ambiente en el Tejada (2022).<\/a><\/li>\n<li><a href=\"https:\/\/sites.google.com\/iestejada.com\/abelam2021\/p%C3%A1gina-principal\" target=\"_blank\" rel=\"noopener noreferrer\">Site del profesor del curso 2020-2021.<\/a><\/li>\n<li><a href=\"https:\/\/artetejada2021.blogspot.com\/\" target=\"_blank\" rel=\"noopener noreferrer\">Blog de pr\u00e1cticas de Historia del Arte 2020-2021<\/a>.<\/li>\n<li><a href=\"https:\/\/sites.google.com\/iestejada.com\/5dejunioeneltejada\" target=\"_blank\" rel=\"noopener noreferrer\">Medio ambiente y desigualdades en el Puerto de Santa Mar\u00eda 2020-2021.<\/a><\/li>\n<li><a href=\"https:\/\/sites.google.com\/view\/profabelam\" target=\"_blank\" rel=\"noopener noreferrer\">Site del profesor del curso 2019-2020.<\/a><\/li>\n<li><a href=\"https:\/\/arte1920.blogspot.com\/\" target=\"_blank\" rel=\"noopener noreferrer\">Blog de pr\u00e1cticas de Historia del Arte 2019-2020.<\/a><\/li>\n<\/ul>\n","protected":false},"excerpt":{"rendered":"<p>Aqu\u00ed podr\u00e1s encontrar las p\u00e1ginas y blogs que he utilizado en cursos anteriores. Curso 2024-2025. Curso 2023-2024. Curso 2022-2023. Curso 2021-2022. Blog de pr\u00e1cticas de Historia del Arte 2021-2022. D\u00eda mundial del medio ambiente en el Tejada (2022). Site del profesor del curso 2020-2021. Blog de pr\u00e1cticas de Historia del Arte 2020-2021. Medio ambiente y &hellip; <a href=\"https:\/\/blogsaverroes.juntadeandalucia.es\/abelam\/cursos-anteriores\/\" class=\"more-link\">Seguir leyendo <span class=\"screen-reader-text\">Cursos anteriores<\/span> <span class=\"meta-nav\">&rarr;<\/span><\/a><\/p>\n","protected":false},"author":12632,"featured_media":0,"parent":0,"menu_order":0,"comment_status":"closed","ping_status":"closed","template":"","meta":{"ngg_post_thumbnail":0,"footnotes":""},"aioseo_notices":[],"_links":{"self":[{"href":"https:\/\/blogsaverroes.juntadeandalucia.es\/abelam\/wp-json\/wp\/v2\/pages\/164"}],"collection":[{"href":"https:\/\/blogsaverroes.juntadeandalucia.es\/abelam\/wp-json\/wp\/v2\/pages"}],"about":[{"href":"https:\/\/blogsaverroes.juntadeandalucia.es\/abelam\/wp-json\/wp\/v2\/types\/page"}],"author":[{"embeddable":true,"href":"https:\/\/blogsaverroes.juntadeandalucia.es\/abelam\/wp-json\/wp\/v2\/users\/12632"}],"replies":[{"embeddable":true,"href":"https:\/\/blogsaverroes.juntadeandalucia.es\/abelam\/wp-json\/wp\/v2\/comments?post=164"}],"version-history":[{"count":9,"href":"https:\/\/blogsaverroes.juntadeandalucia.es\/abelam\/wp-json\/wp\/v2\/pages\/164\/revisions"}],"predecessor-version":[{"id":1590,"href":"https:\/\/blogsaverroes.juntadeandalucia.es\/abelam\/wp-json\/wp\/v2\/pages\/164\/revisions\/1590"}],"wp:attachment":[{"href":"https:\/\/blogsaverroes.juntadeandalucia.es\/abelam\/wp-json\/wp\/v2\/media?parent=164"}],"curies":[{"name":"wp","href":"https:\/\/api.w.org\/{rel}","templated":true}]}}

<p>Aquí podrás encontrar las páginas y blogs que he utilizado en cursos anteriores.</p>
<ul>
<li><a href="https://blogsaverroes.juntadeandalucia.es/abelam/cursos-anteriores/curso-2024-2025/" target="_blank" rel="noopener">Curso 2024-2025.</a></li>
<li><a href="https://blogsaverroes.juntadeandalucia.es/abelam/curso-2023-2024/" target="_blank" rel="noopener">Curso 2023-2024.</a></li>
<li><a href="https://blogsaverroes.juntadeandalucia.es/abelam/curso-2022-2023/" target="_blank" rel="noopener noreferrer">Curso 2022-2023.</a></li>
<li><a href="https://blogsaverroes.juntadeandalucia.es/abelam/curso-2021-2022/" target="_blank" rel="noopener noreferrer">Curso 2021-2022.</a></li>
<li><a href="https://blogsaverroes.juntadeandalucia.es/artetejada2122/" target="_blank" rel="noopener noreferrer">Blog de prácticas de Historia del Arte 2021-2022.</a></li>
<li><a href="https://sites.google.com/iestejada.com/5dejunioeneltejada" target="_blank" rel="noopener noreferrer">Día mundial del medio ambiente en el Tejada (2022).</a></li>
<li><a href="https://sites.google.com/iestejada.com/abelam2021/p%C3%A1gina-principal" target="_blank" rel="noopener noreferrer">Site del profesor del curso 2020-2021.</a></li>
<li><a href="https://artetejada2021.blogspot.com/" target="_blank" rel="noopener noreferrer">Blog de prácticas de Historia del Arte 2020-2021</a>.</li>
<li><a href="https://sites.google.com/iestejada.com/5dejunioeneltejada" target="_blank" rel="noopener noreferrer">Medio ambiente y desigualdades en el Puerto de Santa María 2020-2021.</a></li>
<li><a href="https://sites.google.com/view/profabelam" target="_blank" rel="noopener noreferrer">Site del profesor del curso 2019-2020.</a></li>
<li><a href="https://arte1920.blogspot.com/" target="_blank" rel="noopener noreferrer">Blog de prácticas de Historia del Arte 2019-2020.</a></li>
</ul>

<p>Aquí podrás encontrar las páginas y blogs que he utilizado en cursos anteriores. Curso 2024-2025. Curso 2023-2024. Curso 2022-2023. Curso 2021-2022. Blog de prácticas de Historia del Arte 2021-2022. Día mundial del medio ambiente en el Tejada (2022). Site del profesor del curso 2020-2021. Blog de prácticas de Historia del Arte 2020-2021. Medio ambiente y &hellip; <a href="https://blogsaverroes.juntadeandalucia.es/abelam/cursos-anteriores/" class="more-link">Seguir leyendo <span class="screen-reader-text">Cursos anteriores</span> <span class="meta-nav">&rarr;</span></a></p>
