{"id":395,"date":"2022-10-27T21:35:19","date_gmt":"2022-10-27T19:35:19","guid":{"rendered":"https:\/\/blogsaverroes.juntadeandalucia.es\/accitec\/?page_id=395"},"modified":"2023-09-10T19:56:46","modified_gmt":"2023-09-10T17:56:46","slug":"computacion-y-robotica","status":"publish","type":"page","link":"https:\/\/blogsaverroes.juntadeandalucia.es\/accitec\/grupos\/computacion-y-robotica\/","title":{"rendered":"Computaci\u00f3n y Rob\u00f3tica (4\u00ba ESO)"},"content":{"rendered":"<h2>Unidad 1.- Introducci\u00f3n a Python.<\/h2>\n<p><img loading=\"lazy\" decoding=\"async\" class=\"alignnone wp-image-346\" src=\"https:\/\/blogsaverroes.juntadeandalucia.es\/accitec\/files\/2021\/10\/despdf.png\" alt=\"\" width=\"50\" height=\"50\" srcset=\"https:\/\/blogsaverroes.juntadeandalucia.es\/accitec\/files\/2021\/10\/despdf.png 225w, https:\/\/blogsaverroes.juntadeandalucia.es\/accitec\/files\/2021\/10\/despdf-150x150.png 150w, https:\/\/blogsaverroes.juntadeandalucia.es\/accitec\/files\/2021\/10\/despdf-24x24.png 24w, https:\/\/blogsaverroes.juntadeandalucia.es\/accitec\/files\/2021\/10\/despdf-36x36.png 36w, https:\/\/blogsaverroes.juntadeandalucia.es\/accitec\/files\/2021\/10\/despdf-48x48.png 48w\" sizes=\"(max-width: 50px) 100vw, 50px\" \/><a href=\"https:\/\/blogsaverroes.juntadeandalucia.es\/accitec\/files\/2022\/11\/Videojuego_bruja.pdf\">UD1.- Programaci\u00f3n con Python<\/a><\/p>\n<h2>Unidad 2 .- Videojuegos con Scratch<\/h2>\n<p><img loading=\"lazy\" decoding=\"async\" class=\"alignnone wp-image-346\" src=\"https:\/\/blogsaverroes.juntadeandalucia.es\/accitec\/files\/2021\/10\/despdf.png\" alt=\"\" width=\"50\" height=\"50\" srcset=\"https:\/\/blogsaverroes.juntadeandalucia.es\/accitec\/files\/2021\/10\/despdf.png 225w, https:\/\/blogsaverroes.juntadeandalucia.es\/accitec\/files\/2021\/10\/despdf-150x150.png 150w, https:\/\/blogsaverroes.juntadeandalucia.es\/accitec\/files\/2021\/10\/despdf-24x24.png 24w, https:\/\/blogsaverroes.juntadeandalucia.es\/accitec\/files\/2021\/10\/despdf-36x36.png 36w, https:\/\/blogsaverroes.juntadeandalucia.es\/accitec\/files\/2021\/10\/despdf-48x48.png 48w\" sizes=\"(max-width: 50px) 100vw, 50px\" \/><a href=\"https:\/\/blogsaverroes.juntadeandalucia.es\/accitec\/files\/2022\/12\/Unidad-2.-Scratch.pdf\">Manual Scratch<\/a><\/p>\n<hr>\n<p><img loading=\"lazy\" decoding=\"async\" class=\"alignnone wp-image-346 alignleft\" src=\"https:\/\/blogsaverroes.juntadeandalucia.es\/accitec\/files\/2021\/10\/despdf.png\" alt=\"\" width=\"50\" height=\"50\" srcset=\"https:\/\/blogsaverroes.juntadeandalucia.es\/accitec\/files\/2021\/10\/despdf.png 225w, https:\/\/blogsaverroes.juntadeandalucia.es\/accitec\/files\/2021\/10\/despdf-150x150.png 150w, https:\/\/blogsaverroes.juntadeandalucia.es\/accitec\/files\/2021\/10\/despdf-24x24.png 24w, https:\/\/blogsaverroes.juntadeandalucia.es\/accitec\/files\/2021\/10\/despdf-36x36.png 36w, https:\/\/blogsaverroes.juntadeandalucia.es\/accitec\/files\/2021\/10\/despdf-48x48.png 48w\" sizes=\"(max-width: 50px) 100vw, 50px\" \/><a href=\"https:\/\/blogsaverroes.juntadeandalucia.es\/accitec\/files\/2022\/11\/Videojuego_bruja.pdf\">Videojuego bruja y drag\u00f3n<\/a><\/p>\n<p>Pru\u00e9balo online en \u200bhttps:\/\/scratch.mit.edu\/projects\/158862619<\/p>\n<hr>\n<p>&nbsp;<\/p>\n","protected":false},"excerpt":{"rendered":"<p>Unidad 1.- Introducci\u00f3n a Python. UD1.- Programaci\u00f3n con Python Unidad 2 .- Videojuegos con Scratch Manual Scratch Videojuego bruja y drag\u00f3n Pru\u00e9balo online en \u200bhttps:\/\/scratch.mit.edu\/projects\/158862619&hellip;<\/p>\n","protected":false},"author":3271,"featured_media":0,"parent":330,"menu_order":0,"comment_status":"closed","ping_status":"closed","template":"","meta":{"ngg_post_thumbnail":0,"footnotes":""},"aioseo_notices":[],"_links":{"self":[{"href":"https:\/\/blogsaverroes.juntadeandalucia.es\/accitec\/wp-json\/wp\/v2\/pages\/395"}],"collection":[{"href":"https:\/\/blogsaverroes.juntadeandalucia.es\/accitec\/wp-json\/wp\/v2\/pages"}],"about":[{"href":"https:\/\/blogsaverroes.juntadeandalucia.es\/accitec\/wp-json\/wp\/v2\/types\/page"}],"author":[{"embeddable":true,"href":"https:\/\/blogsaverroes.juntadeandalucia.es\/accitec\/wp-json\/wp\/v2\/users\/3271"}],"replies":[{"embeddable":true,"href":"https:\/\/blogsaverroes.juntadeandalucia.es\/accitec\/wp-json\/wp\/v2\/comments?post=395"}],"version-history":[{"count":11,"href":"https:\/\/blogsaverroes.juntadeandalucia.es\/accitec\/wp-json\/wp\/v2\/pages\/395\/revisions"}],"predecessor-version":[{"id":677,"href":"https:\/\/blogsaverroes.juntadeandalucia.es\/accitec\/wp-json\/wp\/v2\/pages\/395\/revisions\/677"}],"up":[{"embeddable":true,"href":"https:\/\/blogsaverroes.juntadeandalucia.es\/accitec\/wp-json\/wp\/v2\/pages\/330"}],"wp:attachment":[{"href":"https:\/\/blogsaverroes.juntadeandalucia.es\/accitec\/wp-json\/wp\/v2\/media?parent=395"}],"curies":[{"name":"wp","href":"https:\/\/api.w.org\/{rel}","templated":true}]}}