{"id":77,"date":"2015-03-16T06:54:56","date_gmt":"2015-03-16T06:54:56","guid":{"rendered":"http:\/\/blogsaverroes.juntadeandalucia.es\/pre\/ceip\/?page_id=77"},"modified":"2018-01-24T12:42:12","modified_gmt":"2018-01-24T11:42:12","slug":"secretaria","status":"publish","type":"page","link":"https:\/\/blogsaverroes.juntadeandalucia.es\/acebuchemprende\/secretaria\/","title":{"rendered":"Secretar\u00eda"},"content":{"rendered":"<p>&nbsp;<\/p>\n<p style=\"text-align: center\"><a href=\"https:\/\/blogsaverroes.juntadeandalucia.es\/acebuchemprende\/files\/2015\/03\/contacto.jpg\"><img loading=\"lazy\" decoding=\"async\" class=\"alignnone size-medium wp-image-2505\" src=\"https:\/\/blogsaverroes.juntadeandalucia.es\/acebuchemprende\/files\/2015\/03\/contacto-300x161.jpg\" alt=\"\" width=\"300\" height=\"161\" srcset=\"https:\/\/blogsaverroes.juntadeandalucia.es\/acebuchemprende\/files\/2015\/03\/contacto-300x161.jpg 300w, https:\/\/blogsaverroes.juntadeandalucia.es\/acebuchemprende\/files\/2015\/03\/contacto-24x13.jpg 24w, https:\/\/blogsaverroes.juntadeandalucia.es\/acebuchemprende\/files\/2015\/03\/contacto-36x19.jpg 36w, https:\/\/blogsaverroes.juntadeandalucia.es\/acebuchemprende\/files\/2015\/03\/contacto-48x26.jpg 48w, https:\/\/blogsaverroes.juntadeandalucia.es\/acebuchemprende\/files\/2015\/03\/contacto.jpg 690w\" sizes=\"(max-width: 300px) 100vw, 300px\" \/><\/a><\/p>\n<h1 style=\"text-align: center\"><em><strong>HORARIO DE LA SECRETAR\u00cdA:<\/strong><\/em><\/h1>\n<h3 style=\"text-align: center\">Atenci\u00f3n al p\u00fablico de&nbsp; Lunes a Viernes de 9:00 h hasta las 14:00 h.<\/h3>\n<h3 style=\"text-align: center\">Personal de Administraci\u00f3n y Gesti\u00f3n: Maribel Moreno Hueso.<\/h3>\n<h3 style=\"text-align: center\">Tel\u00e9fono :&nbsp; &nbsp;<strong>671537997<\/strong><\/h3>\n<h3 style=\"text-align: center\">Email: <strong>23700335.edu@juntadeandalucia.es<\/strong><\/h3>\n<p>&nbsp;<\/p>\n","protected":false},"excerpt":{"rendered":"<p>&nbsp; HORARIO DE LA SECRETAR\u00cdA: Atenci\u00f3n al p\u00fablico de&nbsp; Lunes a Viernes de 9:00 h hasta las 14:00 h. Personal de Administraci\u00f3n y Gesti\u00f3n: Maribel Moreno Hueso. Tel\u00e9fono :&nbsp; &nbsp;671537997 Email: 23700335.edu@juntadeandalucia.es &nbsp;<\/p>\n","protected":false},"author":1,"featured_media":0,"parent":0,"menu_order":0,"comment_status":"closed","ping_status":"open","template":"template-full-width.php","meta":{"ngg_post_thumbnail":0,"footnotes":"","_mc_calendar":[]},"aioseo_notices":[],"_links":{"self":[{"href":"https:\/\/blogsaverroes.juntadeandalucia.es\/acebuchemprende\/wp-json\/wp\/v2\/pages\/77"}],"collection":[{"href":"https:\/\/blogsaverroes.juntadeandalucia.es\/acebuchemprende\/wp-json\/wp\/v2\/pages"}],"about":[{"href":"https:\/\/blogsaverroes.juntadeandalucia.es\/acebuchemprende\/wp-json\/wp\/v2\/types\/page"}],"author":[{"embeddable":true,"href":"https:\/\/blogsaverroes.juntadeandalucia.es\/acebuchemprende\/wp-json\/wp\/v2\/users\/1"}],"replies":[{"embeddable":true,"href":"https:\/\/blogsaverroes.juntadeandalucia.es\/acebuchemprende\/wp-json\/wp\/v2\/comments?post=77"}],"version-history":[{"count":9,"href":"https:\/\/blogsaverroes.juntadeandalucia.es\/acebuchemprende\/wp-json\/wp\/v2\/pages\/77\/revisions"}],"predecessor-version":[{"id":2509,"href":"https:\/\/blogsaverroes.juntadeandalucia.es\/acebuchemprende\/wp-json\/wp\/v2\/pages\/77\/revisions\/2509"}],"wp:attachment":[{"href":"https:\/\/blogsaverroes.juntadeandalucia.es\/acebuchemprende\/wp-json\/wp\/v2\/media?parent=77"}],"curies":[{"name":"wp","href":"https:\/\/api.w.org\/{rel}","templated":true}]}}