{"id":204,"date":"2024-09-15T12:17:44","date_gmt":"2024-09-15T10:17:44","guid":{"rendered":"https:\/\/blogsaverroes.juntadeandalucia.es\/acigr\/?page_id=204"},"modified":"2024-10-22T23:20:05","modified_gmt":"2024-10-22T21:20:05","slug":"quienes-somos","status":"publish","type":"page","link":"https:\/\/blogsaverroes.juntadeandalucia.es\/acigr\/quienes-somos\/","title":{"rendered":"Qui\u00e9nes somos"},"content":{"rendered":"<p><img loading=\"lazy\" decoding=\"async\" class=\"size-medium wp-image-215 alignnone\" src=\"https:\/\/blogsaverroes.juntadeandalucia.es\/acigr\/files\/2024\/09\/jose-ya-2-172x300.jpg\" alt=\"\" width=\"172\" height=\"300\" srcset=\"https:\/\/blogsaverroes.juntadeandalucia.es\/acigr\/files\/2024\/09\/jose-ya-2-172x300.jpg 172w, https:\/\/blogsaverroes.juntadeandalucia.es\/acigr\/files\/2024\/09\/jose-ya-2.jpg 528w\" sizes=\"(max-width: 172px) 100vw, 172px\" \/><\/p>\n<p>Dr. Jos\u00e9 Rodr\u00edguez Ruiz<\/p>\n<p><em><strong>Orientador AACCII en EOEE de Granada<\/strong><\/em><\/p>\n<p>Doctor en Ciencias de la Educaci\u00f3n (UGR).<\/p>\n<p>Licenciado en Psicolog\u00eda (UGR), Licenciado en Psicopedagog\u00eda (UGR) y maestro en E. Infantil (UNED), Audici\u00f3n y Lenguaje\u00a0 (UCA) y E. F\u00edsica (ULA).<\/p>\n<p>Mail: jose. rodriguez.ruiz.edu@juntadeandalucia.es<\/p>\n<p>&nbsp;<\/p>\n<p><img loading=\"lazy\" decoding=\"async\" class=\"alignnone size-medium wp-image-216\" src=\"https:\/\/blogsaverroes.juntadeandalucia.es\/acigr\/files\/2024\/09\/Victor-ya-2-172x300.jpg\" alt=\"\" width=\"172\" height=\"300\" srcset=\"https:\/\/blogsaverroes.juntadeandalucia.es\/acigr\/files\/2024\/09\/Victor-ya-2-172x300.jpg 172w, https:\/\/blogsaverroes.juntadeandalucia.es\/acigr\/files\/2024\/09\/Victor-ya-2.jpg 526w\" sizes=\"(max-width: 172px) 100vw, 172px\" \/><\/p>\n<p>Dr. V\u00edctor G\u00f3mez S\u00e1nchez<\/p>\n<p><strong>Docente especialista en AACCII en Granada<\/strong><\/p>\n<p>Doctor en Ciencias de la Educaci\u00f3n (UGR).<\/p>\n<p>Licenciado en Psicopedagog\u00eda (UGR) y maestro en E. Infantil y E. F\u00edsica (UGR).<\/p>\n<p>M\u00e1ster en Estudios Avanzados en Altas Capacidades y Desarrollo del Talento (Universidad de Nebrija)<\/p>\n<p>Mail: victor.g.sanchez.edu@juntadeandalucia.es<\/p>\n","protected":false},"excerpt":{"rendered":"<p>Dr. Jos\u00e9 Rodr\u00edguez Ruiz Orientador AACCII en EOEE de Granada Doctor en Ciencias de la Educaci\u00f3n (UGR). Licenciado en Psicolog\u00eda (UGR), Licenciado en Psicopedagog\u00eda (UGR) y maestro en E. Infantil (UNED), Audici\u00f3n y Lenguaje\u00a0 (UCA) y E. F\u00edsica (ULA). Mail: jose. rodriguez.ruiz.edu@juntadeandalucia.es &nbsp; Dr. V\u00edctor G\u00f3mez S\u00e1nchez Docente especialista en AACCII en Granada Doctor en &hellip; <\/p>\n<p class=\"link-more\"><a href=\"https:\/\/blogsaverroes.juntadeandalucia.es\/acigr\/quienes-somos\/\" class=\"more-link\">Continuar leyendo<span class=\"screen-reader-text\"> \u00abQui\u00e9nes somos\u00bb<\/span><\/a><\/p>\n","protected":false},"author":19844,"featured_media":0,"parent":0,"menu_order":0,"comment_status":"closed","ping_status":"closed","template":"","meta":{"_exactmetrics_skip_tracking":false,"_exactmetrics_sitenote_active":false,"_exactmetrics_sitenote_note":"","_exactmetrics_sitenote_category":0,"footnotes":""},"aioseo_notices":[],"_links":{"self":[{"href":"https:\/\/blogsaverroes.juntadeandalucia.es\/acigr\/wp-json\/wp\/v2\/pages\/204"}],"collection":[{"href":"https:\/\/blogsaverroes.juntadeandalucia.es\/acigr\/wp-json\/wp\/v2\/pages"}],"about":[{"href":"https:\/\/blogsaverroes.juntadeandalucia.es\/acigr\/wp-json\/wp\/v2\/types\/page"}],"author":[{"embeddable":true,"href":"https:\/\/blogsaverroes.juntadeandalucia.es\/acigr\/wp-json\/wp\/v2\/users\/19844"}],"replies":[{"embeddable":true,"href":"https:\/\/blogsaverroes.juntadeandalucia.es\/acigr\/wp-json\/wp\/v2\/comments?post=204"}],"version-history":[{"count":5,"href":"https:\/\/blogsaverroes.juntadeandalucia.es\/acigr\/wp-json\/wp\/v2\/pages\/204\/revisions"}],"predecessor-version":[{"id":311,"href":"https:\/\/blogsaverroes.juntadeandalucia.es\/acigr\/wp-json\/wp\/v2\/pages\/204\/revisions\/311"}],"wp:attachment":[{"href":"https:\/\/blogsaverroes.juntadeandalucia.es\/acigr\/wp-json\/wp\/v2\/media?parent=204"}],"curies":[{"name":"wp","href":"https:\/\/api.w.org\/{rel}","templated":true}]}}