{"id":1904,"date":"2026-01-26T11:34:09","date_gmt":"2026-01-26T10:34:09","guid":{"rendered":"https:\/\/blogsaverroes.juntadeandalucia.es\/adeladiaz2016\/?page_id=1904"},"modified":"2026-01-26T19:08:54","modified_gmt":"2026-01-26T18:08:54","slug":"podcasts","status":"publish","type":"page","link":"https:\/\/blogsaverroes.juntadeandalucia.es\/adeladiaz2016\/podcasts\/","title":{"rendered":"PODCASTS"},"content":{"rendered":"<h1 style=\"text-align: center\">PODCASTS DEL CEIP ADELA D\u00cdAZ<\/h1>\n<p style=\"text-align: center\">En esta p\u00e1gina podemos enlazar con cada uno de los Cursos del Colegio para poder escuchar los PODCASTS que ha hecho el alumnado&#8230;<\/p>\n<h4 style=\"text-align: center\"><span style=\"color: #ff0000\">EDUCACI\u00d3N INFANTIL<\/span><\/h4>\n<h5 style=\"text-align: center\"><span style=\"color: #ff6600\"><a style=\"color: #ff6600\" href=\"https:\/\/blogsaverroes.juntadeandalucia.es\/adeladiaz2016\/podcasts-infantil-3-anos\/\" target=\"_blank\" rel=\"noopener\">Infantil 3 A\u00f1os<\/a><\/span><\/h5>\n<h5 style=\"text-align: center\"><span style=\"color: #ff6600\"><a style=\"color: #ff6600\" href=\"https:\/\/blogsaverroes.juntadeandalucia.es\/adeladiaz2016\/podcasts-infantil-4-anos\/\" target=\"_blank\" rel=\"noopener\">Infantil 4 A\u00f1os<\/a><\/span><\/h5>\n<h5 style=\"text-align: center\"><span style=\"color: #ff6600\"><a style=\"color: #ff6600\" href=\"https:\/\/blogsaverroes.juntadeandalucia.es\/adeladiaz2016\/podcasts-infantil-5-anos\/\" target=\"_blank\" rel=\"noopener\">Infantil 5 A\u00f1os<\/a><\/span><\/h5>\n<h4 style=\"text-align: center\"><span style=\"color: #0000ff\">EDUCACI\u00d3N PRIMARIA<\/span><\/h4>\n<h5 style=\"text-align: center\"><a href=\"https:\/\/blogsaverroes.juntadeandalucia.es\/adeladiaz2016\/podcasts-primero\/\" target=\"_blank\" rel=\"noopener\"><span style=\"color: #00ccff\">PRIMERO<\/span><\/a><\/h5>\n<h5 style=\"text-align: center\"><a href=\"https:\/\/blogsaverroes.juntadeandalucia.es\/adeladiaz2016\/podcasts-segundo\/\" target=\"_blank\" rel=\"noopener\"><span style=\"color: #00ccff\">SEGUNDO<\/span><\/a><\/h5>\n<h5 style=\"text-align: center\"><a href=\"https:\/\/blogsaverroes.juntadeandalucia.es\/adeladiaz2016\/podcasts-tercero\/\" target=\"_blank\" rel=\"noopener\"><span style=\"color: #00ccff\">TERCERO<\/span><\/a><\/h5>\n<h5 style=\"text-align: center\"><a href=\"https:\/\/blogsaverroes.juntadeandalucia.es\/adeladiaz2016\/podcasts-cuarto\/\" target=\"_blank\" rel=\"noopener\"><span style=\"color: #00ccff\">CUARTO<\/span><\/a><\/h5>\n<h5 style=\"text-align: center\"><a href=\"https:\/\/blogsaverroes.juntadeandalucia.es\/adeladiaz2016\/podcasts-quinto\/\" target=\"_blank\" rel=\"noopener\"><span style=\"color: #00ccff\">QUINTO<\/span><\/a><\/h5>\n<h5 style=\"text-align: center\"><a href=\"https:\/\/blogsaverroes.juntadeandalucia.es\/adeladiaz2016\/podcasts-sexto\/\" target=\"_blank\" rel=\"noopener\"><span style=\"color: #00ccff\">SEXTO<\/span><\/a><\/h5>\n<h4 style=\"text-align: center\"><a href=\"https:\/\/blogsaverroes.juntadeandalucia.es\/adeladiaz2016\/podcasts-aula-especifica\/\"><span style=\"color: #339966\">AULA ESPEC\u00cdFICA<\/span><\/a><\/h4>\n","protected":false},"excerpt":{"rendered":"<p>PODCASTS DEL CEIP ADELA D\u00cdAZ En esta p\u00e1gina podemos enlazar con cada uno de los Cursos del Colegio para poder escuchar los PODCASTS que ha hecho el alumnado&#8230; EDUCACI\u00d3N INFANTIL Infantil 3 A\u00f1os Infantil 4 A\u00f1os Infantil 5 A\u00f1os EDUCACI\u00d3N PRIMARIA PRIMERO SEGUNDO TERCERO CUARTO QUINTO SEXTO AULA ESPEC\u00cdFICA<\/p>\n","protected":false},"author":2654,"featured_media":0,"parent":0,"menu_order":0,"comment_status":"closed","ping_status":"closed","template":"templates\/template-page-full-width.php","meta":{"ngg_post_thumbnail":0,"footnotes":""},"aioseo_notices":[],"_links":{"self":[{"href":"https:\/\/blogsaverroes.juntadeandalucia.es\/adeladiaz2016\/wp-json\/wp\/v2\/pages\/1904"}],"collection":[{"href":"https:\/\/blogsaverroes.juntadeandalucia.es\/adeladiaz2016\/wp-json\/wp\/v2\/pages"}],"about":[{"href":"https:\/\/blogsaverroes.juntadeandalucia.es\/adeladiaz2016\/wp-json\/wp\/v2\/types\/page"}],"author":[{"embeddable":true,"href":"https:\/\/blogsaverroes.juntadeandalucia.es\/adeladiaz2016\/wp-json\/wp\/v2\/users\/2654"}],"replies":[{"embeddable":true,"href":"https:\/\/blogsaverroes.juntadeandalucia.es\/adeladiaz2016\/wp-json\/wp\/v2\/comments?post=1904"}],"version-history":[{"count":6,"href":"https:\/\/blogsaverroes.juntadeandalucia.es\/adeladiaz2016\/wp-json\/wp\/v2\/pages\/1904\/revisions"}],"predecessor-version":[{"id":1954,"href":"https:\/\/blogsaverroes.juntadeandalucia.es\/adeladiaz2016\/wp-json\/wp\/v2\/pages\/1904\/revisions\/1954"}],"wp:attachment":[{"href":"https:\/\/blogsaverroes.juntadeandalucia.es\/adeladiaz2016\/wp-json\/wp\/v2\/media?parent=1904"}],"curies":[{"name":"wp","href":"https:\/\/api.w.org\/{rel}","templated":true}]}}

<h1 style="text-align: center">PODCASTS DEL CEIP ADELA DÍAZ</h1>
<p style="text-align: center">En esta página podemos enlazar con cada uno de los Cursos del Colegio para poder escuchar los PODCASTS que ha hecho el alumnado&#8230;</p>
<h4 style="text-align: center"><span style="color: #ff0000">EDUCACIÓN INFANTIL</span></h4>
<h5 style="text-align: center"><span style="color: #ff6600"><a style="color: #ff6600" href="https://blogsaverroes.juntadeandalucia.es/adeladiaz2016/podcasts-infantil-3-anos/" target="_blank" rel="noopener">Infantil 3 Años</a></span></h5>
<h5 style="text-align: center"><span style="color: #ff6600"><a style="color: #ff6600" href="https://blogsaverroes.juntadeandalucia.es/adeladiaz2016/podcasts-infantil-4-anos/" target="_blank" rel="noopener">Infantil 4 Años</a></span></h5>
<h5 style="text-align: center"><span style="color: #ff6600"><a style="color: #ff6600" href="https://blogsaverroes.juntadeandalucia.es/adeladiaz2016/podcasts-infantil-5-anos/" target="_blank" rel="noopener">Infantil 5 Años</a></span></h5>
<h4 style="text-align: center"><span style="color: #0000ff">EDUCACIÓN PRIMARIA</span></h4>
<h5 style="text-align: center"><a href="https://blogsaverroes.juntadeandalucia.es/adeladiaz2016/podcasts-primero/" target="_blank" rel="noopener"><span style="color: #00ccff">PRIMERO</span></a></h5>
<h5 style="text-align: center"><a href="https://blogsaverroes.juntadeandalucia.es/adeladiaz2016/podcasts-segundo/" target="_blank" rel="noopener"><span style="color: #00ccff">SEGUNDO</span></a></h5>
<h5 style="text-align: center"><a href="https://blogsaverroes.juntadeandalucia.es/adeladiaz2016/podcasts-tercero/" target="_blank" rel="noopener"><span style="color: #00ccff">TERCERO</span></a></h5>
<h5 style="text-align: center"><a href="https://blogsaverroes.juntadeandalucia.es/adeladiaz2016/podcasts-cuarto/" target="_blank" rel="noopener"><span style="color: #00ccff">CUARTO</span></a></h5>
<h5 style="text-align: center"><a href="https://blogsaverroes.juntadeandalucia.es/adeladiaz2016/podcasts-quinto/" target="_blank" rel="noopener"><span style="color: #00ccff">QUINTO</span></a></h5>
<h5 style="text-align: center"><a href="https://blogsaverroes.juntadeandalucia.es/adeladiaz2016/podcasts-sexto/" target="_blank" rel="noopener"><span style="color: #00ccff">SEXTO</span></a></h5>
<h4 style="text-align: center"><a href="https://blogsaverroes.juntadeandalucia.es/adeladiaz2016/podcasts-aula-especifica/"><span style="color: #339966">AULA ESPECÍFICA</span></a></h4>

<p>PODCASTS DEL CEIP ADELA DÍAZ En esta página podemos enlazar con cada uno de los Cursos del Colegio para poder escuchar los PODCASTS que ha hecho el alumnado&#8230; EDUCACIÓN INFANTIL Infantil 3 Años Infantil 4 Años Infantil 5 Años EDUCACIÓN PRIMARIA PRIMERO SEGUNDO TERCERO CUARTO QUINTO SEXTO AULA ESPECÍFICA</p>
