{"id":1938,"date":"2026-01-26T18:52:37","date_gmt":"2026-01-26T17:52:37","guid":{"rendered":"https:\/\/blogsaverroes.juntadeandalucia.es\/adeladiaz2016\/?page_id=1938"},"modified":"2026-01-28T11:46:11","modified_gmt":"2026-01-28T10:46:11","slug":"podcasts-tercero","status":"publish","type":"page","link":"https:\/\/blogsaverroes.juntadeandalucia.es\/adeladiaz2016\/podcasts\/podcasts-tercero\/","title":{"rendered":"PODCASTS TERCERO"},"content":{"rendered":"<h4 style=\"text-align: center\"><span style=\"color: #0000ff\">PODCASTS DE 3\u00ba PRIMARIA<\/span><\/h4>\n<p style=\"text-align: center\">Pincha sobre el podcast que quieras escuchar para que se reproduzca\u2026<\/p>\n<p>&nbsp;<\/p>\n<h6 style=\"text-align: center\"><span style=\"color: #3366ff\"><a style=\"color: #3366ff\" title=\"D\u00cdA DE LA PAZ - Podcast de Nora\" href=\"https:\/\/blogsaverroes.juntadeandalucia.es\/adeladiaz2016\/files\/2026\/01\/PodcastNoraSantos.mp3\">D\u00cdA DE LA PAZ &#8211; Podcast de Nora<\/a><\/span><\/h6>\n<h6 style=\"text-align: center\"><span style=\"color: #3366ff\"><a style=\"color: #3366ff\" title=\"D\u00cdA DE LA PAZ - Podcast de Sof\u00eda\" href=\"https:\/\/blogsaverroes.juntadeandalucia.es\/adeladiaz2016\/files\/2026\/01\/Podcast-Sofia-Narbona-Raya.mp3\">D\u00cdA DE LA PAZ &#8211; Podcast de Sof\u00eda<\/a><\/span><\/h6>\n<h6 style=\"text-align: center\"><span style=\"color: #3366ff\"><a style=\"color: #3366ff\" title=\"D\u00cdA DE LA PAZ - Podcast de \u00c1lvaro\" href=\"https:\/\/blogsaverroes.juntadeandalucia.es\/adeladiaz2016\/files\/2026\/01\/PODCAST-Alvaro-Castillo-Diaz.mp3\">D\u00cdA DE LA PAZ &#8211; Podcast de \u00c1lvaro<\/a><\/span><\/h6>\n","protected":false},"excerpt":{"rendered":"<p>PODCASTS DE 3\u00ba PRIMARIA Pincha sobre el podcast que quieras escuchar para que se reproduzca\u2026 &nbsp; D\u00cdA DE LA PAZ &#8211; Podcast de Nora D\u00cdA DE LA PAZ &#8211; Podcast de Sof\u00eda D\u00cdA DE LA PAZ &#8211; Podcast de \u00c1lvaro<\/p>\n","protected":false},"author":2654,"featured_media":0,"parent":1904,"menu_order":0,"comment_status":"closed","ping_status":"closed","template":"","meta":{"ngg_post_thumbnail":0,"footnotes":""},"aioseo_notices":[],"_links":{"self":[{"href":"https:\/\/blogsaverroes.juntadeandalucia.es\/adeladiaz2016\/wp-json\/wp\/v2\/pages\/1938"}],"collection":[{"href":"https:\/\/blogsaverroes.juntadeandalucia.es\/adeladiaz2016\/wp-json\/wp\/v2\/pages"}],"about":[{"href":"https:\/\/blogsaverroes.juntadeandalucia.es\/adeladiaz2016\/wp-json\/wp\/v2\/types\/page"}],"author":[{"embeddable":true,"href":"https:\/\/blogsaverroes.juntadeandalucia.es\/adeladiaz2016\/wp-json\/wp\/v2\/users\/2654"}],"replies":[{"embeddable":true,"href":"https:\/\/blogsaverroes.juntadeandalucia.es\/adeladiaz2016\/wp-json\/wp\/v2\/comments?post=1938"}],"version-history":[{"count":5,"href":"https:\/\/blogsaverroes.juntadeandalucia.es\/adeladiaz2016\/wp-json\/wp\/v2\/pages\/1938\/revisions"}],"predecessor-version":[{"id":1990,"href":"https:\/\/blogsaverroes.juntadeandalucia.es\/adeladiaz2016\/wp-json\/wp\/v2\/pages\/1938\/revisions\/1990"}],"up":[{"embeddable":true,"href":"https:\/\/blogsaverroes.juntadeandalucia.es\/adeladiaz2016\/wp-json\/wp\/v2\/pages\/1904"}],"wp:attachment":[{"href":"https:\/\/blogsaverroes.juntadeandalucia.es\/adeladiaz2016\/wp-json\/wp\/v2\/media?parent=1938"}],"curies":[{"name":"wp","href":"https:\/\/api.w.org\/{rel}","templated":true}]}}