{"id":1941,"date":"2026-01-26T18:52:56","date_gmt":"2026-01-26T17:52:56","guid":{"rendered":"https:\/\/blogsaverroes.juntadeandalucia.es\/adeladiaz2016\/?page_id=1941"},"modified":"2026-04-10T11:37:53","modified_gmt":"2026-04-10T09:37:53","slug":"podcasts-cuarto","status":"publish","type":"page","link":"https:\/\/blogsaverroes.juntadeandalucia.es\/adeladiaz2016\/podcasts\/podcasts-cuarto\/","title":{"rendered":"PODCASTS CUARTO"},"content":{"rendered":"<h4 style=\"text-align: center\"><span style=\"color: #0000ff\">PODCASTS DE 4\u00ba PRIMARIA<\/span><\/h4>\n<p style=\"text-align: center\">Pincha sobre el podcast que quieras escuchar para que se reproduzca\u2026<\/p>\n<p>&nbsp;<\/p>\n<h6 style=\"text-align: center\"><span style=\"color: #3366ff\"><a style=\"color: #3366ff\" title=\"D\u00cdA DE LA PAZ - Podcast de Carmen\" href=\"https:\/\/blogsaverroes.juntadeandalucia.es\/adeladiaz2016\/files\/2026\/01\/Carmen.m4a\">D\u00cdA DE LA PAZ &#8211; Podcast de Carmen<\/a><\/span><\/h6>\n<h6 style=\"text-align: center\"><span style=\"color: #3366ff\"><a style=\"color: #3366ff\" title=\"D\u00cdA DE LA PAZ - Podcast de Mar\u00eda Elena\" href=\"https:\/\/blogsaverroes.juntadeandalucia.es\/adeladiaz2016\/files\/2026\/01\/Maria-Elena-Paz.mp3\">D\u00cdA DE LA PAZ &#8211; Podcast de Mar\u00eda Elena<\/a><\/span><\/h6>\n<h6 style=\"text-align: center\"><span style=\"color: #3366ff\"><a style=\"color: #3366ff\" title=\"D\u00cdA DE LA PAZ - Podcast de Candela\" href=\"https:\/\/blogsaverroes.juntadeandalucia.es\/adeladiaz2016\/files\/2026\/01\/Candela-postcat-sobre-la-paz.mp3\">D\u00cdA DE LA PAZ &#8211; Podcast de Candela<\/a><\/span><\/h6>\n<h6 style=\"text-align: center\"><span style=\"color: #3366ff\"><a style=\"color: #3366ff\" title=\"RESE\u00d1AS DE LIBROS - Don Quijote de la Mancha\" href=\"https:\/\/blogsaverroes.juntadeandalucia.es\/adeladiaz2016\/files\/2026\/04\/Don-Quijote-de-La-Mancha-1.mp3\" target=\"_blank\" rel=\"noopener\">RESE\u00d1AS DE LIBROS &#8211; Don Quijote de la Mancha<\/a><\/span><\/h6>\n<h6 style=\"text-align: center\"><span style=\"color: #3366ff\"><a style=\"color: #3366ff\" title=\"RESE\u00d1AS DE LIBROS - El Club de los lectores detectives\" href=\"https:\/\/blogsaverroes.juntadeandalucia.es\/adeladiaz2016\/files\/2026\/04\/El-club-de-los-lectores-detectives.-EP-1-1.m4a\" target=\"_blank\" rel=\"noopener\">RESE\u00d1AS DE LIBROS &#8211; El Club de los lectores detectives<\/a><\/span><\/h6>\n<h6 style=\"text-align: center\"><span style=\"color: #3366ff\"><a style=\"color: #3366ff\" title=\"RESE\u00d1AS DE LIBROS - El Triste Lim\u00f3n\" href=\"https:\/\/blogsaverroes.juntadeandalucia.es\/adeladiaz2016\/files\/2026\/04\/Mariana-EL-TRISTE-LIMON.mp3\" target=\"_blank\" rel=\"noopener\">RESE\u00d1AS DE LIBROS &#8211; El Triste Lim\u00f3n<\/a><\/span><\/h6>\n<p>&nbsp;<\/p>\n<h6>&nbsp;<\/h6>\n","protected":false},"excerpt":{"rendered":"<p>PODCASTS DE 4\u00ba PRIMARIA Pincha sobre el podcast que quieras escuchar para que se reproduzca\u2026 &nbsp; D\u00cdA DE LA PAZ &#8211; Podcast de Carmen D\u00cdA DE LA PAZ &#8211; Podcast de Mar\u00eda Elena D\u00cdA DE LA PAZ &#8211; Podcast de Candela RESE\u00d1AS DE LIBROS &#8211; Don Quijote de la Mancha RESE\u00d1AS DE LIBROS &#8211; El [&hellip;]<\/p>\n","protected":false},"author":2654,"featured_media":0,"parent":1904,"menu_order":0,"comment_status":"closed","ping_status":"closed","template":"","meta":{"ngg_post_thumbnail":0,"footnotes":""},"aioseo_notices":[],"_links":{"self":[{"href":"https:\/\/blogsaverroes.juntadeandalucia.es\/adeladiaz2016\/wp-json\/wp\/v2\/pages\/1941"}],"collection":[{"href":"https:\/\/blogsaverroes.juntadeandalucia.es\/adeladiaz2016\/wp-json\/wp\/v2\/pages"}],"about":[{"href":"https:\/\/blogsaverroes.juntadeandalucia.es\/adeladiaz2016\/wp-json\/wp\/v2\/types\/page"}],"author":[{"embeddable":true,"href":"https:\/\/blogsaverroes.juntadeandalucia.es\/adeladiaz2016\/wp-json\/wp\/v2\/users\/2654"}],"replies":[{"embeddable":true,"href":"https:\/\/blogsaverroes.juntadeandalucia.es\/adeladiaz2016\/wp-json\/wp\/v2\/comments?post=1941"}],"version-history":[{"count":6,"href":"https:\/\/blogsaverroes.juntadeandalucia.es\/adeladiaz2016\/wp-json\/wp\/v2\/pages\/1941\/revisions"}],"predecessor-version":[{"id":2040,"href":"https:\/\/blogsaverroes.juntadeandalucia.es\/adeladiaz2016\/wp-json\/wp\/v2\/pages\/1941\/revisions\/2040"}],"up":[{"embeddable":true,"href":"https:\/\/blogsaverroes.juntadeandalucia.es\/adeladiaz2016\/wp-json\/wp\/v2\/pages\/1904"}],"wp:attachment":[{"href":"https:\/\/blogsaverroes.juntadeandalucia.es\/adeladiaz2016\/wp-json\/wp\/v2\/media?parent=1941"}],"curies":[{"name":"wp","href":"https:\/\/api.w.org\/{rel}","templated":true}]}}