{"id":50,"date":"2016-01-28T23:38:15","date_gmt":"2016-01-28T23:38:15","guid":{"rendered":"http:\/\/blogsaverroes.juntadeandalucia.es\/adeladiaz2016\/?page_id=50"},"modified":"2018-05-29T10:16:31","modified_gmt":"2018-05-29T08:16:31","slug":"primaria-segundo-ciclo","status":"publish","type":"page","link":"https:\/\/blogsaverroes.juntadeandalucia.es\/adeladiaz2016\/primaria-segundo-ciclo\/","title":{"rendered":"PRIMARIA &#8211; SEGUNDO CICLO"},"content":{"rendered":"<p><img loading=\"lazy\" decoding=\"async\" class=\"size-full wp-image-51 aligncenter\" src=\"https:\/\/blogsaverroes.juntadeandalucia.es\/adeladiaz2016\/files\/2016\/01\/SEGUNDO-CICLO.jpg\" alt=\"\" width=\"219\" height=\"180\"\/><\/p>\n<p>PUBLICACIONES, RECURSOS E INFORMACIONES APORTADAS POR EL SEGUNDO CICLO DE PRIMARIA<\/p>\n<p><a href=\"https:\/\/drive.google.com\/open?id=0B3SZiUbNkehUNzl6d0hENzlmWk0\">Historias de Halloween<\/a><\/p>\n<p><a href=\"https:\/\/drive.google.com\/open?id=1NtcMiR1bHxN2ljl5L-GlYAG0q_ny1guM\">Principales Contaminantes del aire<\/a><\/p>\n<p><a href=\"https:\/\/drive.google.com\/open?id=1hSY1NgknRCsw602acXGJ7yuKmyLPXZCn\">Contaminaci\u00f3n Atmosf\u00e9rica -1<\/a><\/p>\n<p><a href=\"https:\/\/drive.google.com\/open?id=1bILW6GoEpNEttXH0ka6PFxlKYaEgACKN\">Contaminaci\u00f3n atmosf\u00e9rica<\/a>&#8211; 2<\/p>\n<p><a href=\"https:\/\/drive.google.com\/open?id=1zjJvAsStFHBx1S448zD8NhSeYcIPWf3K\">Contaminaci\u00f3n del aire &#8211; 2<\/a><\/p>\n<p>&nbsp;<\/p>\n<p>&nbsp;<\/p>\n","protected":false},"excerpt":{"rendered":"<p>PUBLICACIONES, RECURSOS E INFORMACIONES APORTADAS POR EL SEGUNDO CICLO DE PRIMARIA Historias de Halloween Principales Contaminantes del aire Contaminaci\u00f3n Atmosf\u00e9rica -1 Contaminaci\u00f3n atmosf\u00e9rica&#8211; 2 Contaminaci\u00f3n del aire &#8211; 2 &nbsp; &nbsp;<\/p>\n","protected":false},"author":2654,"featured_media":0,"parent":0,"menu_order":6,"comment_status":"closed","ping_status":"closed","template":"","meta":{"ngg_post_thumbnail":0,"footnotes":""},"aioseo_notices":[],"_links":{"self":[{"href":"https:\/\/blogsaverroes.juntadeandalucia.es\/adeladiaz2016\/wp-json\/wp\/v2\/pages\/50"}],"collection":[{"href":"https:\/\/blogsaverroes.juntadeandalucia.es\/adeladiaz2016\/wp-json\/wp\/v2\/pages"}],"about":[{"href":"https:\/\/blogsaverroes.juntadeandalucia.es\/adeladiaz2016\/wp-json\/wp\/v2\/types\/page"}],"author":[{"embeddable":true,"href":"https:\/\/blogsaverroes.juntadeandalucia.es\/adeladiaz2016\/wp-json\/wp\/v2\/users\/2654"}],"replies":[{"embeddable":true,"href":"https:\/\/blogsaverroes.juntadeandalucia.es\/adeladiaz2016\/wp-json\/wp\/v2\/comments?post=50"}],"version-history":[{"count":6,"href":"https:\/\/blogsaverroes.juntadeandalucia.es\/adeladiaz2016\/wp-json\/wp\/v2\/pages\/50\/revisions"}],"predecessor-version":[{"id":846,"href":"https:\/\/blogsaverroes.juntadeandalucia.es\/adeladiaz2016\/wp-json\/wp\/v2\/pages\/50\/revisions\/846"}],"wp:attachment":[{"href":"https:\/\/blogsaverroes.juntadeandalucia.es\/adeladiaz2016\/wp-json\/wp\/v2\/media?parent=50"}],"curies":[{"name":"wp","href":"https:\/\/api.w.org\/{rel}","templated":true}]}}

<p><img loading="lazy" decoding="async" class="size-full wp-image-51 aligncenter" src="https://blogsaverroes.juntadeandalucia.es/adeladiaz2016/files/2016/01/SEGUNDO-CICLO.jpg" alt="" width="219" height="180"/></p>
<p>PUBLICACIONES, RECURSOS E INFORMACIONES APORTADAS POR EL SEGUNDO CICLO DE PRIMARIA</p>
<p><a href="https://drive.google.com/open?id=0B3SZiUbNkehUNzl6d0hENzlmWk0">Historias de Halloween</a></p>
<p><a href="https://drive.google.com/open?id=1NtcMiR1bHxN2ljl5L-GlYAG0q_ny1guM">Principales Contaminantes del aire</a></p>
<p><a href="https://drive.google.com/open?id=1hSY1NgknRCsw602acXGJ7yuKmyLPXZCn">Contaminación Atmosférica -1</a></p>
<p><a href="https://drive.google.com/open?id=1bILW6GoEpNEttXH0ka6PFxlKYaEgACKN">Contaminación atmosférica</a>&#8211; 2</p>
<p><a href="https://drive.google.com/open?id=1zjJvAsStFHBx1S448zD8NhSeYcIPWf3K">Contaminación del aire &#8211; 2</a></p>
<p>&nbsp;</p>
<p>&nbsp;</p>

<p>PUBLICACIONES, RECURSOS E INFORMACIONES APORTADAS POR EL SEGUNDO CICLO DE PRIMARIA Historias de Halloween Principales Contaminantes del aire Contaminación Atmosférica -1 Contaminación atmosférica&#8211; 2 Contaminación del aire &#8211; 2 &nbsp; &nbsp;</p>
