{"id":2356,"date":"2022-02-05T09:23:46","date_gmt":"2022-02-05T09:23:46","guid":{"rendered":"http:\/\/blogsaverroes.juntadeandalucia.es\/adersa2\/?page_id=2356"},"modified":"2022-04-05T10:30:06","modified_gmt":"2022-04-05T10:30:06","slug":"fotos-y-videos","status":"publish","type":"page","link":"https:\/\/blogsaverroes.juntadeandalucia.es\/adersa2\/fotos-y-videos\/","title":{"rendered":"Fotos"},"content":{"rendered":"<p>&nbsp;<\/p>\n<p><strong>2020\/21<\/strong><\/p>\n<ul>\n<li><a href=\"https:\/\/blogsaverroes.juntadeandalucia.es\/adersa2\/halloween-2020\/\" target=\"_blank\" rel=\"noopener noreferrer\"><strong>Halloween20<\/strong><\/a><\/li>\n<li><a href=\"https:\/\/blogsaverroes.juntadeandalucia.es\/adersa2\/2021\/01\/15\/tosantos\/\" target=\"_blank\" rel=\"noopener noreferrer\"><strong>ToSantos<\/strong><\/a><\/li>\n<li><strong><a href=\"https:\/\/blogsaverroes.juntadeandalucia.es\/adersa2\/dia-de-la-no-violencia\/\" target=\"_blank\" rel=\"noopener noreferrer\">D\u00eda de la NO violencia<\/a><\/strong><\/li>\n<li><strong><a href=\"https:\/\/blogsaverroes.juntadeandalucia.es\/adersa2\/dia-de-la-discapacidad\/\" target=\"_blank\" rel=\"noopener noreferrer\">D\u00eda de la discapacidad<\/a><\/strong><\/li>\n<li><a href=\"https:\/\/blogsaverroes.juntadeandalucia.es\/adersa2\/2021\/01\/15\/dia-de-la-constitucion-2\/\"><strong>D\u00eda de la Constituci\u00f3n<\/strong><\/a><\/li>\n<li><strong><a href=\"https:\/\/blogsaverroes.juntadeandalucia.es\/adersa2\/2020\/12\/20\/dia-de-la-alimentacion-saludable\/\" target=\"_blank\" rel=\"noopener noreferrer\">D\u00eda de la Alimentaci\u00f3n Saludable<\/a><\/strong><\/li>\n<li><a href=\"https:\/\/blogsaverroes.juntadeandalucia.es\/adersa2\/navidad-2020\/\" target=\"_blank\" rel=\"noopener noreferrer\"><strong>Navidad<\/strong><\/a><\/li>\n<li><strong><a href=\"https:\/\/blogsaverroes.juntadeandalucia.es\/adersa2\/lipdub-dia-de-la-paz-2021\/\" target=\"_blank\" rel=\"noopener noreferrer\">LIPDUB D\u00eda de la Paz<\/a><\/strong><\/li>\n<\/ul>\n<p>Visita a Carmona<\/p>\nngg_shortcode_0_placeholderFotos 2013<\/p>\nngg_shortcode_1_placeholderFotos 2012<\/p>\nngg_shortcode_2_placeholderFotos 2011<\/p>\nngg_shortcode_3_placeholderFotos 2010<\/p>\nngg_shortcode_4_placeholderFotos 2009<\/p>\nngg_shortcode_5_placeholder\n","protected":false},"excerpt":{"rendered":"<p>&nbsp; 2020\/21 Halloween20 ToSantos D\u00eda de la NO violencia D\u00eda de la discapacidad D\u00eda de la Constituci\u00f3n D\u00eda de la Alimentaci\u00f3n Saludable Navidad LIPDUB D\u00eda de la Paz Visita a Carmona Fotos 2013 Fotos&#46;&#46;&#46;<\/p>\n","protected":false},"author":4530,"featured_media":0,"parent":0,"menu_order":0,"comment_status":"open","ping_status":"open","template":"","meta":{"ngg_post_thumbnail":0,"footnotes":"","_mc_calendar":[]},"aioseo_notices":[],"_links":{"self":[{"href":"https:\/\/blogsaverroes.juntadeandalucia.es\/adersa2\/wp-json\/wp\/v2\/pages\/2356"}],"collection":[{"href":"https:\/\/blogsaverroes.juntadeandalucia.es\/adersa2\/wp-json\/wp\/v2\/pages"}],"about":[{"href":"https:\/\/blogsaverroes.juntadeandalucia.es\/adersa2\/wp-json\/wp\/v2\/types\/page"}],"author":[{"embeddable":true,"href":"https:\/\/blogsaverroes.juntadeandalucia.es\/adersa2\/wp-json\/wp\/v2\/users\/4530"}],"replies":[{"embeddable":true,"href":"https:\/\/blogsaverroes.juntadeandalucia.es\/adersa2\/wp-json\/wp\/v2\/comments?post=2356"}],"version-history":[{"count":10,"href":"https:\/\/blogsaverroes.juntadeandalucia.es\/adersa2\/wp-json\/wp\/v2\/pages\/2356\/revisions"}],"predecessor-version":[{"id":4948,"href":"https:\/\/blogsaverroes.juntadeandalucia.es\/adersa2\/wp-json\/wp\/v2\/pages\/2356\/revisions\/4948"}],"wp:attachment":[{"href":"https:\/\/blogsaverroes.juntadeandalucia.es\/adersa2\/wp-json\/wp\/v2\/media?parent=2356"}],"curies":[{"name":"wp","href":"https:\/\/api.w.org\/{rel}","templated":true}]}}

<p>&nbsp;</p>
<p><strong>2020/21</strong></p>
<ul>
<li><a href="https://blogsaverroes.juntadeandalucia.es/adersa2/halloween-2020/" target="_blank" rel="noopener noreferrer"><strong>Halloween20</strong></a></li>
<li><a href="https://blogsaverroes.juntadeandalucia.es/adersa2/2021/01/15/tosantos/" target="_blank" rel="noopener noreferrer"><strong>ToSantos</strong></a></li>
<li><strong><a href="https://blogsaverroes.juntadeandalucia.es/adersa2/dia-de-la-no-violencia/" target="_blank" rel="noopener noreferrer">Día de la NO violencia</a></strong></li>
<li><strong><a href="https://blogsaverroes.juntadeandalucia.es/adersa2/dia-de-la-discapacidad/" target="_blank" rel="noopener noreferrer">Día de la discapacidad</a></strong></li>
<li><a href="https://blogsaverroes.juntadeandalucia.es/adersa2/2021/01/15/dia-de-la-constitucion-2/"><strong>Día de la Constitución</strong></a></li>
<li><strong><a href="https://blogsaverroes.juntadeandalucia.es/adersa2/2020/12/20/dia-de-la-alimentacion-saludable/" target="_blank" rel="noopener noreferrer">Día de la Alimentación Saludable</a></strong></li>
<li><a href="https://blogsaverroes.juntadeandalucia.es/adersa2/navidad-2020/" target="_blank" rel="noopener noreferrer"><strong>Navidad</strong></a></li>
<li><strong><a href="https://blogsaverroes.juntadeandalucia.es/adersa2/lipdub-dia-de-la-paz-2021/" target="_blank" rel="noopener noreferrer">LIPDUB Día de la Paz</a></strong></li>
</ul>
<p>Visita a Carmona</p>
ngg_shortcode_0_placeholderFotos 2013</p>
ngg_shortcode_1_placeholderFotos 2012</p>
ngg_shortcode_2_placeholderFotos 2011</p>
ngg_shortcode_3_placeholderFotos 2010</p>
ngg_shortcode_4_placeholderFotos 2009</p>
ngg_shortcode_5_placeholder

<p>&nbsp; 2020/21 Halloween20 ToSantos Día de la NO violencia Día de la discapacidad Día de la Constitución Día de la Alimentación Saludable Navidad LIPDUB Día de la Paz Visita a Carmona Fotos 2013 Fotos&#46;&#46;&#46;</p>
