{"id":3241,"date":"2018-02-23T10:50:03","date_gmt":"2018-02-23T10:50:03","guid":{"rendered":"http:\/\/blogsaverroes.juntadeandalucia.es\/adersa2\/?page_id=3241"},"modified":"2022-01-25T11:56:50","modified_gmt":"2022-01-25T11:56:50","slug":"escolarizacion-2","status":"publish","type":"page","link":"https:\/\/blogsaverroes.juntadeandalucia.es\/adersa2\/escolarizacion-2\/","title":{"rendered":"Escolarizaci\u00f3n"},"content":{"rendered":"<p>&nbsp;<\/p>\n<table style=\"width: 655px\">\n<tbody>\n<tr style=\"height: 42px\">\n<td style=\"width: 656px;height: 42px\" colspan=\"3\">\n<h2><strong>Admisi\u00f3n (del 1 al 31 de marzo)<\/strong><\/h2>\n<\/td>\n<\/tr>\n<tr style=\"height: 162px\">\n<td style=\"width: 242px;height: 162px;text-align: left\"><strong>Infantil<\/strong><\/td>\n<td style=\"width: 196px;height: 162px;text-align: left\">\n<h6><strong><a title=\"Pulse para visualizar el documento\" href=\"http:\/\/portals.ced.junta-andalucia.es\/educacion\/portals\/abaco-portlet\/content\/7e1d7b27-eaa4-42e7-bfa3-ac436db80ed6?a=true\">Solicitud de admisi\u00f3n en segundo ciclo de Educaci\u00f3n Infantil, Educaci\u00f3n Primaria, primer ciclo de E.S.O. (v\u00e1lido del 1 al 31 de Marzo de 2018).<\/a><\/strong><\/h6>\n<\/td>\n<td style=\"width: 218px;height: 162px\"><strong><a href=\"https:\/\/blogsaverroes.juntadeandalucia.es\/ceiphermanosarellano\/files\/2015\/03\/ANEXO-III.pdf\">Anexo III<\/a><\/strong><\/td>\n<\/tr>\n<tr style=\"height: 24px\">\n<td style=\"width: 438px;height: 24px\" colspan=\"2\">\n<p style=\"text-align: left\"><strong>Solicitud para cursar la ense\u00f1anza de religi\u00f3n&nbsp;&nbsp;<\/strong><\/p>\n<\/td>\n<td style=\"width: 218px;height: 24px\"><strong><a href=\"https:\/\/blogsaverroes.juntadeandalucia.es\/adersa2\/files\/2018\/05\/Religi\u00f3n.pdf\" target=\"_blank\" rel=\"noopener noreferrer\">Anexo&nbsp;<\/a><\/strong><\/td>\n<\/tr>\n<tr style=\"height: 24px\">\n<td style=\"width: 656px;height: 24px\" colspan=\"3\">\n<h2><strong>Matriculaci\u00f3n (junio)<\/strong><\/h2>\n<\/td>\n<\/tr>\n<tr style=\"height: 24px\">\n<td style=\"width: 242px;height: 24px;text-align: left\"><strong>Infantil<\/strong><\/td>\n<td style=\"width: 196px;height: 24px;text-align: left\"><strong><a title=\"Pulse para visualizar el documento\" href=\"https:\/\/portals.ced.junta-andalucia.es\/educacion\/portals\/delegate\/content\/d26442b2-4b4a-433a-9c1e-e1790a29f781\/ANEXO%20IV\">Matr\u00edcula en segundo ciclo de Educaci\u00f3n Infantil<\/a>&nbsp;<\/strong><\/td>\n<td style=\"width: 218px;height: 24px\"><strong><a href=\"https:\/\/blogsaverroes.juntadeandalucia.es\/adersa2\/files\/2020\/05\/Matr\u00edcula-Infantil.pdf\" target=\"_blank\" rel=\"noopener noreferrer\">Anexo IV<\/a><\/strong><\/td>\n<\/tr>\n<tr style=\"height: 24px\">\n<td style=\"width: 242px;height: 24px;text-align: left\"><strong>Primaria&nbsp;<\/strong><\/td>\n<td style=\"width: 196px;height: 24px;text-align: left\"><a href=\"https:\/\/portals.ced.junta-andalucia.es\/educacion\/portals\/delegate\/content\/55fad88e-7bb3-40e3-bbe4-198107487345\/ANEXO%20V\" target=\"_blank\" rel=\"noopener noreferrer\"><strong>Matr\u00edcula en Educaci\u00f3n Primaria&nbsp;<\/strong><\/a><\/td>\n<td style=\"width: 218px;height: 24px\"><strong>Anexo V&nbsp;<\/strong><\/td>\n<\/tr>\n<tr style=\"height: 24px\">\n<td style=\"width: 242px;height: 24px;text-align: left\"><strong>Secundaria<\/strong><\/td>\n<td style=\"width: 196px;height: 24px;text-align: left\"><strong><a title=\"Pulse para visualizar el documento\" href=\"http:\/\/portals.ced.junta-andalucia.es\/educacion\/portals\/abaco-portlet\/content\/1d7012de-7ef5-4a96-8001-d57e08200894?a=true\">Matr\u00edcula en Educaci\u00f3n Secundaria Obligatoria<\/a><\/strong><\/td>\n<td style=\"width: 218px;height: 24px\"><strong><a href=\"https:\/\/blogsaverroes.juntadeandalucia.es\/ceiphermanosarellano\/files\/2018\/01\/ANEXO-VII.pdf\">Anexo VII<\/a><\/strong><\/td>\n<\/tr>\n<tr style=\"height: 21px\">\n<td style=\"width: 438px;height: 21px;text-align: left\" colspan=\"2\"><strong>Solicitud para cursar la ense\u00f1anza de religi\u00f3n (para todos los cursos, desde 3 a\u00f1os a 2 \u00ba de la ESO)&nbsp;<\/strong><\/td>\n<td style=\"width: 218px;height: 21px\"><strong><a href=\"https:\/\/portals.ced.junta-andalucia.es\/educacion\/portals\/delegate\/content\/55fad88e-7bb3-40e3-bbe4-198107487345\/ANEXO%20V\" target=\"_blank\" rel=\"noopener noreferrer\">Anexo&nbsp;<\/a><\/strong><\/td>\n<\/tr>\n<\/tbody>\n<\/table>\n<p><a href=\"https:\/\/www.juntadeandalucia.es\/educacion\/portals\/web\/escolarizacion\" target=\"_blank\" rel=\"noopener noreferrer\"><img loading=\"lazy\" decoding=\"async\" class=\"size-full wp-image-4851 aligncenter\" src=\"https:\/\/blogsaverroes.juntadeandalucia.es\/adersa2\/files\/2022\/01\/Escolarizacion-y-matriculacion.png\" alt=\"\" width=\"395\" height=\"118\" srcset=\"https:\/\/blogsaverroes.juntadeandalucia.es\/adersa2\/files\/2022\/01\/Escolarizacion-y-matriculacion.png 395w, https:\/\/blogsaverroes.juntadeandalucia.es\/adersa2\/files\/2022\/01\/Escolarizacion-y-matriculacion-300x90.png 300w\" sizes=\"(max-width: 395px) 100vw, 395px\" \/><\/a><\/p>\n<h1 class=\"alignnone\"><a href=\"http:\/\/www.juntadeandalucia.es\/educacion\/portals\/web\/escolarizacion\/infantil-a-bachillerato\/normativa\"><strong><span style=\"color: #99cc00\">NORMATIVA<\/span><\/strong><\/a><\/h1>\n<h3><a href=\"http:\/\/www.juntadeandalucia.es\/educacion\/portals\/web\/escolarizacion\/infantil-a-bachillerato\/normativa\"><strong><span style=\"color: #008000\">(JUNTA DE ANDALUC\u00cdA)&nbsp;<\/span><\/strong><\/a><\/h3>\n<p>&nbsp;<\/p>\n","protected":false},"excerpt":{"rendered":"<p>&nbsp; Admisi\u00f3n (del 1 al 31 de marzo) Infantil Solicitud de admisi\u00f3n en segundo ciclo de Educaci\u00f3n Infantil, Educaci\u00f3n Primaria, primer ciclo de E.S.O. (v\u00e1lido del 1 al 31 de Marzo de 2018). Anexo&#46;&#46;&#46;<\/p>\n","protected":false},"author":4530,"featured_media":0,"parent":0,"menu_order":0,"comment_status":"closed","ping_status":"closed","template":"","meta":{"ngg_post_thumbnail":0,"footnotes":"","_mc_calendar":[]},"aioseo_notices":[],"_links":{"self":[{"href":"https:\/\/blogsaverroes.juntadeandalucia.es\/adersa2\/wp-json\/wp\/v2\/pages\/3241"}],"collection":[{"href":"https:\/\/blogsaverroes.juntadeandalucia.es\/adersa2\/wp-json\/wp\/v2\/pages"}],"about":[{"href":"https:\/\/blogsaverroes.juntadeandalucia.es\/adersa2\/wp-json\/wp\/v2\/types\/page"}],"author":[{"embeddable":true,"href":"https:\/\/blogsaverroes.juntadeandalucia.es\/adersa2\/wp-json\/wp\/v2\/users\/4530"}],"replies":[{"embeddable":true,"href":"https:\/\/blogsaverroes.juntadeandalucia.es\/adersa2\/wp-json\/wp\/v2\/comments?post=3241"}],"version-history":[{"count":11,"href":"https:\/\/blogsaverroes.juntadeandalucia.es\/adersa2\/wp-json\/wp\/v2\/pages\/3241\/revisions"}],"predecessor-version":[{"id":4852,"href":"https:\/\/blogsaverroes.juntadeandalucia.es\/adersa2\/wp-json\/wp\/v2\/pages\/3241\/revisions\/4852"}],"wp:attachment":[{"href":"https:\/\/blogsaverroes.juntadeandalucia.es\/adersa2\/wp-json\/wp\/v2\/media?parent=3241"}],"curies":[{"name":"wp","href":"https:\/\/api.w.org\/{rel}","templated":true}]}}