{"id":4350,"date":"2020-01-26T15:38:23","date_gmt":"2020-01-26T15:38:23","guid":{"rendered":"https:\/\/blogsaverroes.juntadeandalucia.es\/adersa2\/?page_id=4350"},"modified":"2023-03-21T10:01:07","modified_gmt":"2023-03-21T10:01:07","slug":"plan-escuela-espacio-de-paz","status":"publish","type":"page","link":"https:\/\/blogsaverroes.juntadeandalucia.es\/adersa2\/plan-escuela-espacio-de-paz\/","title":{"rendered":"Plan Escuela Espacio de Paz"},"content":{"rendered":"<p><iframe loading=\"lazy\" src=\"https:\/\/www.youtube.com\/embed\/8yPBje3Zbn0\" width=\"560\" height=\"315\" frameborder=\"0\"><span data-mce-type=\"bookmark\" style=\"width: 0px;overflow: hidden;line-height: 0\" class=\"mce_SELRES_start\">\ufeff<\/span><\/iframe><\/p>\n<div>\n<div dir=\"auto\">Heal the World, Sanar el mundo\u2026 \u00a1Cu\u00e1nto en una canci\u00f3n, en una simple letra! As\u00ed se so\u00f1aba, se imaginaba. As\u00ed lo seguimos so\u00f1amos, lo imaginamos. A\u00fan con m\u00e1s deseo, m\u00e1s af\u00e1n.<\/div>\n<\/div>\n<div>\n<div dir=\"auto\">Poco a poco intentamos provocar el cambio. Seguimos creyendo que es posible, que desde la educaci\u00f3n encontramos el medio id\u00f3neo para inculcar valores, para ense\u00f1ar a los m\u00e1s peque\u00f1os a ser el ejemplo, dejando en sus manos el futuro, el mundo con el que todos so\u00f1amos, el mundo que todos queremos. Los que fantaseamos con la Paz, los que creemos en ella.<\/div>\n<\/div>\n<div>\n<div dir=\"auto\">Un mundo mejor es posible, pero desear no es suficiente. La Paz no es algo que deseas, es algo que haces, algo que creas. Depender\u00e1 de las peque\u00f1as acciones que hagamos, de tantas como seamos capaces de transmitir. \u00a1Seamos el ejemplo de aquello que tanto anhelamos!<\/div>\n<\/div>\n<div>\n<div dir=\"auto\">Con este v\u00eddeo, donde la violencia, la discriminaci\u00f3n, el racismo, la competitividad, el bullying, la homofobia, el deterioro del medio ambiente\u2026 no tienen cabida, queremos visibilizar c\u00f3mo de f\u00e1cil es cambiarlo todo, c\u00f3mo con una simple variaci\u00f3n en nuestra forma de ver y hacer las cosas podemos provocar una cadena de buenas acciones que terminen de una vez por todas con esas malas acciones que \u00fanicamente generan violencia.<\/div>\n<\/div>\n<div>\n<div dir=\"auto\">La competencia positiva, la empat\u00eda, el compa\u00f1erismo, el di\u00e1logo, la aceptaci\u00f3n de la diversidad y multiculturalidad, el respeto y la protecci\u00f3n del medio ambiente son algunos de los valores que perseguimos, porque todav\u00eda queda mucho por hacer.<\/div>\n<\/div>\n<div>\n<div dir=\"auto\">\u00a1Seamos promotores de la Paz, seamos transmisores reales de ella!<\/div>\n<\/div>\n<div>\n<div dir=\"auto\">Gracias a toda la comunidad educativa que formamos el CPR ADERSA 2 porque sin la implicaci\u00f3n de todos y cada de ellas este v\u00eddeo no hubiese sido posible. \u00a1Esto tambi\u00e9n es cultura de Paz!<\/div>\n<\/div>\n<div class=\"x11i5rnm xat24cr x1mh8g0r x1vvkbs xtlvy1s x126k92a\">\n<div dir=\"auto\">Recu\u00e9rdalo&#8230; el cambio, empieza contigo\u2026 \u201cLa magia, empieza contigo\u201d<\/div>\n<div dir=\"auto\">&nbsp;<\/div>\n<div dir=\"auto\">&nbsp;<\/div>\n<h3><strong>30 de enero de 2022<\/strong><\/h3>\n<div dir=\"auto\">ngg_shortcode_0_placeholder[googleapps domain=\u00bbdrive\u00bb dir=\u00bbfile\/d\/1OOc989P4yBdHjtpN-oD-3tPYYctLo3jV\/preview\u00bb query=\u00bb\u00bb width=\u00bb640&#8243; height=\u00bb480&#8243; \/]<\/div>\n<\/div>\n","protected":false},"excerpt":{"rendered":"<p>\ufeff Heal the World, Sanar el mundo\u2026 \u00a1Cu\u00e1nto en una canci\u00f3n, en una simple letra! As\u00ed se so\u00f1aba, se imaginaba. As\u00ed lo seguimos so\u00f1amos, lo imaginamos. A\u00fan con m\u00e1s deseo, m\u00e1s af\u00e1n. Poco a&#46;&#46;&#46;<\/p>\n","protected":false},"author":4530,"featured_media":0,"parent":0,"menu_order":0,"comment_status":"closed","ping_status":"closed","template":"","meta":{"ngg_post_thumbnail":0,"footnotes":"","_mc_calendar":[]},"aioseo_notices":[],"_links":{"self":[{"href":"https:\/\/blogsaverroes.juntadeandalucia.es\/adersa2\/wp-json\/wp\/v2\/pages\/4350"}],"collection":[{"href":"https:\/\/blogsaverroes.juntadeandalucia.es\/adersa2\/wp-json\/wp\/v2\/pages"}],"about":[{"href":"https:\/\/blogsaverroes.juntadeandalucia.es\/adersa2\/wp-json\/wp\/v2\/types\/page"}],"author":[{"embeddable":true,"href":"https:\/\/blogsaverroes.juntadeandalucia.es\/adersa2\/wp-json\/wp\/v2\/users\/4530"}],"replies":[{"embeddable":true,"href":"https:\/\/blogsaverroes.juntadeandalucia.es\/adersa2\/wp-json\/wp\/v2\/comments?post=4350"}],"version-history":[{"count":7,"href":"https:\/\/blogsaverroes.juntadeandalucia.es\/adersa2\/wp-json\/wp\/v2\/pages\/4350\/revisions"}],"predecessor-version":[{"id":6695,"href":"https:\/\/blogsaverroes.juntadeandalucia.es\/adersa2\/wp-json\/wp\/v2\/pages\/4350\/revisions\/6695"}],"wp:attachment":[{"href":"https:\/\/blogsaverroes.juntadeandalucia.es\/adersa2\/wp-json\/wp\/v2\/media?parent=4350"}],"curies":[{"name":"wp","href":"https:\/\/api.w.org\/{rel}","templated":true}]}}