{"id":4891,"date":"2022-02-01T11:39:48","date_gmt":"2022-02-01T11:39:48","guid":{"rendered":"https:\/\/blogsaverroes.juntadeandalucia.es\/adersa2\/?page_id=4891"},"modified":"2023-03-22T09:41:23","modified_gmt":"2023-03-22T09:41:23","slug":"plan-de-igualdad","status":"publish","type":"page","link":"https:\/\/blogsaverroes.juntadeandalucia.es\/adersa2\/plan-de-igualdad\/","title":{"rendered":"Plan de Igualdad"},"content":{"rendered":"<div dir=\"auto\">\u00a1Lazos de amistad entre escuelas rurales!<\/div>\n<div dir=\"auto\">En el D\u00eda de la Amistad y el Amor nuestro alumnado de <a class=\"x1i10hfl xjbqb8w x6umtig x1b1mbwd xaqea5y xav7gou x9f619 x1ypdohk xt0psk2 xe8uvvx xdj266r x11i5rnm xat24cr x1mh8g0r xexx8yu x4uap5 x18d9i69 xkhd6sd x16tdsg8 x1hl2dhg xggy1nq x1a2a7pz xt0b8zv x1qq9wsj xo1l8bm\" role=\"link\" href=\"https:\/\/www.facebook.com\/cpr.adersados.1?__cft__[0]=AZU2S8e-iLlRCUzfbc_H2abZYa-0suXnvghyY4oJfQ1_4NuiUytdzJzFYbnKh3fdv2p_UsLz0USWEDvmpr8Bme_n6jZqr0tZY1Kda2bdvTLYqoQBCxia8-lwQfZKYFuDVh1ndQuKN1DLml5N5IH5qTyu3ACzPZ-AwpxCvBjCQSdbqA&amp;__tn__=-]K-R\"><span class=\"xt0psk2\">CPR Adersa II<\/span><\/a> hizo un intercambio de cartas con CPR Aderan 2 y <a class=\"x1i10hfl xjbqb8w x6umtig x1b1mbwd xaqea5y xav7gou x9f619 x1ypdohk xt0psk2 xe8uvvx xdj266r x11i5rnm xat24cr x1mh8g0r xexx8yu x4uap5 x18d9i69 xkhd6sd x16tdsg8 x1hl2dhg xggy1nq x1a2a7pz xt0b8zv x1qq9wsj xo1l8bm\" role=\"link\" href=\"https:\/\/www.facebook.com\/cprtresfuentes.linares?__cft__[0]=AZU2S8e-iLlRCUzfbc_H2abZYa-0suXnvghyY4oJfQ1_4NuiUytdzJzFYbnKh3fdv2p_UsLz0USWEDvmpr8Bme_n6jZqr0tZY1Kda2bdvTLYqoQBCxia8-lwQfZKYFuDVh1ndQuKN1DLml5N5IH5qTyu3ACzPZ-AwpxCvBjCQSdbqA&amp;__tn__=-]K-R\"><span class=\"xt0psk2\">CPR Tresfuentes Cole<\/span><\/a>Rural. La ilusi\u00f3n va dentro de esos sobres de anta\u00f1o con sellos que algunos ni conocen. Cartas escritas con amor viajan a escuela hermanas. Todos y todas impacientes por recibir las cartas de sus nuevos amigos\/as. Primera actividad de otras muchas futuras que podemos hacer juntos, experiencia enriquecedora que dejar\u00e1 huella. Agradecemos la colaboraci\u00f3n y coordinaci\u00f3n entre los tres centros.<\/div>\n<div dir=\"auto\">ngg_shortcode_0_placeholder<\/div>\n<h4>&nbsp;<\/h4>\n<h4><strong>2022\/23<\/strong><\/h4>\n<p>En nuestro CPR ADERSA 2 se ha desarrollado el <strong>Plan de Igualdad<\/strong> que vienen a dar respuesta a la necesidad de conquistar derechos igualitarios para las mujeres, eliminando los obst\u00e1culos que se interponen a la igualdad real y al acceso al \u00e1mbito del colegio.<\/p>\n<p>Nuestro centro propone como <strong style=\"font-family: 'Open Sans', sans-serif;font-size: 15px;font-style: normal\">Igualdad de G\u00e9nero en Educaci\u00f3n<\/strong>&nbsp;actuaciones en este mismo sentido a favor de los derechos de las mujeres y adem\u00e1s, incorpora actuaciones que incidan en la cultura real que sustenta la desigualdad, con actuaciones a favor de los hombres y de las mujeres en aquellas desigualdades espec\u00edficas que produce la tradicional socializaci\u00f3n diferenciada.<\/p>\n<p>De esta forma tanto las ni\u00f1as como los ni\u00f1os refuerzan los aspectos que, en cada caso, les son favorables y recuperan los que se les hab\u00eda prohibido, posibilitando su pleno desarrollo como personas.<\/p>\nngg_shortcode_1_placeholder\n","protected":false},"excerpt":{"rendered":"<p>\u00a1Lazos de amistad entre escuelas rurales! En el D\u00eda de la Amistad y el Amor nuestro alumnado de CPR Adersa II hizo un intercambio de cartas con CPR Aderan 2 y CPR Tresfuentes ColeRural.&#46;&#46;&#46;<\/p>\n","protected":false},"author":4530,"featured_media":0,"parent":0,"menu_order":0,"comment_status":"closed","ping_status":"closed","template":"","meta":{"ngg_post_thumbnail":0,"footnotes":"","_mc_calendar":[]},"aioseo_notices":[],"_links":{"self":[{"href":"https:\/\/blogsaverroes.juntadeandalucia.es\/adersa2\/wp-json\/wp\/v2\/pages\/4891"}],"collection":[{"href":"https:\/\/blogsaverroes.juntadeandalucia.es\/adersa2\/wp-json\/wp\/v2\/pages"}],"about":[{"href":"https:\/\/blogsaverroes.juntadeandalucia.es\/adersa2\/wp-json\/wp\/v2\/types\/page"}],"author":[{"embeddable":true,"href":"https:\/\/blogsaverroes.juntadeandalucia.es\/adersa2\/wp-json\/wp\/v2\/users\/4530"}],"replies":[{"embeddable":true,"href":"https:\/\/blogsaverroes.juntadeandalucia.es\/adersa2\/wp-json\/wp\/v2\/comments?post=4891"}],"version-history":[{"count":7,"href":"https:\/\/blogsaverroes.juntadeandalucia.es\/adersa2\/wp-json\/wp\/v2\/pages\/4891\/revisions"}],"predecessor-version":[{"id":6816,"href":"https:\/\/blogsaverroes.juntadeandalucia.es\/adersa2\/wp-json\/wp\/v2\/pages\/4891\/revisions\/6816"}],"wp:attachment":[{"href":"https:\/\/blogsaverroes.juntadeandalucia.es\/adersa2\/wp-json\/wp\/v2\/media?parent=4891"}],"curies":[{"name":"wp","href":"https:\/\/api.w.org\/{rel}","templated":true}]}}

<div dir="auto">¡Lazos de amistad entre escuelas rurales!</div>
<div dir="auto">En el Día de la Amistad y el Amor nuestro alumnado de <a class="x1i10hfl xjbqb8w x6umtig x1b1mbwd xaqea5y xav7gou x9f619 x1ypdohk xt0psk2 xe8uvvx xdj266r x11i5rnm xat24cr x1mh8g0r xexx8yu x4uap5 x18d9i69 xkhd6sd x16tdsg8 x1hl2dhg xggy1nq x1a2a7pz xt0b8zv x1qq9wsj xo1l8bm" role="link" href="https://www.facebook.com/cpr.adersados.1?__cft__[0]=AZU2S8e-iLlRCUzfbc_H2abZYa-0suXnvghyY4oJfQ1_4NuiUytdzJzFYbnKh3fdv2p_UsLz0USWEDvmpr8Bme_n6jZqr0tZY1Kda2bdvTLYqoQBCxia8-lwQfZKYFuDVh1ndQuKN1DLml5N5IH5qTyu3ACzPZ-AwpxCvBjCQSdbqA&amp;__tn__=-]K-R"><span class="xt0psk2">CPR Adersa II</span></a> hizo un intercambio de cartas con CPR Aderan 2 y <a class="x1i10hfl xjbqb8w x6umtig x1b1mbwd xaqea5y xav7gou x9f619 x1ypdohk xt0psk2 xe8uvvx xdj266r x11i5rnm xat24cr x1mh8g0r xexx8yu x4uap5 x18d9i69 xkhd6sd x16tdsg8 x1hl2dhg xggy1nq x1a2a7pz xt0b8zv x1qq9wsj xo1l8bm" role="link" href="https://www.facebook.com/cprtresfuentes.linares?__cft__[0]=AZU2S8e-iLlRCUzfbc_H2abZYa-0suXnvghyY4oJfQ1_4NuiUytdzJzFYbnKh3fdv2p_UsLz0USWEDvmpr8Bme_n6jZqr0tZY1Kda2bdvTLYqoQBCxia8-lwQfZKYFuDVh1ndQuKN1DLml5N5IH5qTyu3ACzPZ-AwpxCvBjCQSdbqA&amp;__tn__=-]K-R"><span class="xt0psk2">CPR Tresfuentes Cole</span></a>Rural. La ilusión va dentro de esos sobres de antaño con sellos que algunos ni conocen. Cartas escritas con amor viajan a escuela hermanas. Todos y todas impacientes por recibir las cartas de sus nuevos amigos/as. Primera actividad de otras muchas futuras que podemos hacer juntos, experiencia enriquecedora que dejará huella. Agradecemos la colaboración y coordinación entre los tres centros.</div>
<div dir="auto">ngg_shortcode_0_placeholder</div>
<h4>&nbsp;</h4>
<h4><strong>2022/23</strong></h4>
<p>En nuestro CPR ADERSA 2 se ha desarrollado el <strong>Plan de Igualdad</strong> que vienen a dar respuesta a la necesidad de conquistar derechos igualitarios para las mujeres, eliminando los obstáculos que se interponen a la igualdad real y al acceso al ámbito del colegio.</p>
<p>Nuestro centro propone como <strong style="font-family: 'Open Sans', sans-serif;font-size: 15px;font-style: normal">Igualdad de Género en Educación</strong>&nbsp;actuaciones en este mismo sentido a favor de los derechos de las mujeres y además, incorpora actuaciones que incidan en la cultura real que sustenta la desigualdad, con actuaciones a favor de los hombres y de las mujeres en aquellas desigualdades específicas que produce la tradicional socialización diferenciada.</p>
<p>De esta forma tanto las niñas como los niños refuerzan los aspectos que, en cada caso, les son favorables y recuperan los que se les había prohibido, posibilitando su pleno desarrollo como personas.</p>
ngg_shortcode_1_placeholder

<p>¡Lazos de amistad entre escuelas rurales! En el Día de la Amistad y el Amor nuestro alumnado de CPR Adersa II hizo un intercambio de cartas con CPR Aderan 2 y CPR Tresfuentes ColeRural.&#46;&#46;&#46;</p>
