{"id":5001,"date":"2022-02-22T09:38:02","date_gmt":"2022-02-22T09:38:02","guid":{"rendered":"https:\/\/blogsaverroes.juntadeandalucia.es\/adersa2\/?page_id=5001"},"modified":"2022-02-22T09:54:51","modified_gmt":"2022-02-22T09:54:51","slug":"pacto-de-estado-contra-la-violencia-de-genero","status":"publish","type":"page","link":"https:\/\/blogsaverroes.juntadeandalucia.es\/adersa2\/pacto-de-estado-contra-la-violencia-de-genero\/","title":{"rendered":"Pacto de Estado contra la violencia de g\u00e9nero"},"content":{"rendered":"<p><a href=\"https:\/\/blogsaverroes.juntadeandalucia.es\/adersa2\/files\/2022\/02\/Logo-Pacto-Estado-Violencia-Genero.jpg\"><img loading=\"lazy\" decoding=\"async\" class=\"alignright size-full wp-image-5006\" src=\"https:\/\/blogsaverroes.juntadeandalucia.es\/adersa2\/files\/2022\/02\/Logo-Pacto-Estado-Violencia-Genero.jpg\" alt=\"\" width=\"1072\" height=\"456\" srcset=\"https:\/\/blogsaverroes.juntadeandalucia.es\/adersa2\/files\/2022\/02\/Logo-Pacto-Estado-Violencia-Genero.jpg 1072w, https:\/\/blogsaverroes.juntadeandalucia.es\/adersa2\/files\/2022\/02\/Logo-Pacto-Estado-Violencia-Genero-300x128.jpg 300w, https:\/\/blogsaverroes.juntadeandalucia.es\/adersa2\/files\/2022\/02\/Logo-Pacto-Estado-Violencia-Genero-1024x436.jpg 1024w, https:\/\/blogsaverroes.juntadeandalucia.es\/adersa2\/files\/2022\/02\/Logo-Pacto-Estado-Violencia-Genero-768x327.jpg 768w, https:\/\/blogsaverroes.juntadeandalucia.es\/adersa2\/files\/2022\/02\/Logo-Pacto-Estado-Violencia-Genero-700x298.jpg 700w\" sizes=\"(max-width: 1072px) 100vw, 1072px\" \/><\/a><\/p>\n<p>En diciembre del 2017, los distintos Grupos Parlamentarios, las Comunidades Aut\u00f3nomas y las Entidades Locales representadas en la Federaci\u00f3n Espa\u00f1ola de Municipios y Provincias, ratificaron el Pacto de Estado contra la Violencia de G\u00e9nero. Este Pacto de Estado supone la uni\u00f3n de un gran n\u00famero de instituciones, organizaciones y personas expertas en la formulaci\u00f3n de medidas para la erradicaci\u00f3n de la violencia sobre las mujeres. El Pacto implica incidir en todos los \u00e1mbitos de la sociedad y se estructura en 11 ejes de trabajo.<\/p>\n<ul>\n<li>Folleto sobre el Pacto de Estado contra la Violencia de G\u00e9nero:&nbsp;<a title=\"Se abrir\u00e1 en una nueva ventana a la p\u00e1gina docs\/FolletoPEVGcastweb.pdf\" href=\"https:\/\/violenciagenero.igualdad.gob.es\/pactoEstado\/docs\/FolletoPEVGcastweb.pdf\" target=\"_blank\" rel=\"noopener noreferrer\">castellano&nbsp;<img decoding=\"async\" src=\"https:\/\/violenciagenero.igualdad.gob.es\/diseno\/img\/ico_pdf.gif\" alt=\"Archivo pdf. Se abrir\u00e1 en una ventana nueva.\">&nbsp;<\/a>,&nbsp;<a title=\"Se abrir\u00e1 en una nueva ventana a la p\u00e1gina docs\/FolletoPEVGengweb.pdf\" href=\"https:\/\/violenciagenero.igualdad.gob.es\/pactoEstado\/docs\/FolletoPEVGengweb.pdf\" target=\"_blank\" rel=\"noopener noreferrer\">ingl\u00e9s&nbsp;<img decoding=\"async\" src=\"https:\/\/violenciagenero.igualdad.gob.es\/diseno\/img\/ico_pdf.gif\" alt=\"Archivo pdf. Se abrir\u00e1 en una ventana nueva.\"><\/a><\/li>\n<li><a href=\"https:\/\/violenciagenero.igualdad.gob.es\/pactoEstado\/repositorioBuenasPracticas.htm\">Repositorio de buenas pr\u00e1cticas financiadas con los fondos del Pacto de Estado<\/a><\/li>\n<li><a href=\"https:\/\/violenciagenero.igualdad.gob.es\/pactoEstado\/Informesoficiales.htm\">Informes oficiales<\/a><\/li>\n<li><a title=\"Se abrir\u00e1 en una nueva ventana a la p\u00e1gina \/pactoEstado\/docs\/Documento_Refundido_PEVG_2.pdf\" href=\"https:\/\/violenciagenero.igualdad.gob.es\/pactoEstado\/docs\/Documento_Refundido_PEVG_2.pdf\" target=\"_blank\" rel=\"noopener noreferrer\">Documento refundido de medidas del Pacto de Estado en materia de Violencia de G\u00e9nero; Congreso + Senado&nbsp;<img decoding=\"async\" src=\"https:\/\/violenciagenero.igualdad.gob.es\/diseno\/img\/ico_pdf.gif\" alt=\"Archivo pdf. Se abrir\u00e1 en una ventana nueva.\"><\/a><\/li>\n<li>Fondos del Pacto de Estado y transferencias para las Comunidades y Ciudades Aut\u00f3nomas:\n<ul>\n<li><a title=\"Se abrir\u00e1 en una nueva ventana a la p\u00e1gina docs\/12042019TablasFondoViolenciaG.pdf\" href=\"https:\/\/violenciagenero.igualdad.gob.es\/pactoEstado\/docs\/12042019TablasFondoViolenciaG.pdf\" target=\"_blank\" rel=\"noopener noreferrer\">Anexo sobre la resoluci\u00f3n con reparto de fondos para las Comunidades y Ciudades Aut\u00f3nomas&nbsp;<img decoding=\"async\" src=\"https:\/\/violenciagenero.igualdad.gob.es\/diseno\/img\/ico_pdf.gif\" alt=\"Archivo pdf. Se abrir\u00e1 en una ventana nueva.\"><\/a><\/li>\n<\/ul>\n<\/li>\n<\/ul>\n<div id=\"menu\">\n<ul>\n<li><a href=\"https:\/\/violenciagenero.igualdad.gob.es\/pactoEstado\/actuacionesCCAA.htm\">Actuaciones de las Comunidades Aut\u00f3nomas<\/a><\/li>\n<\/ul>\n<\/div>\n<p><a href=\"https:\/\/violenciagenero.igualdad.gob.es\/pactoEstado\/home.htm\" target=\"_blank\" rel=\"noopener noreferrer\"><strong>Enlace a la p\u00e1gina del Pacto de Estado contra la Violencia de G\u00e9nero en el Ministerio<\/strong><\/a><a href=\"https:\/\/blogsaverroes.juntadeandalucia.es\/adersa2\/files\/2022\/02\/Banner-tres-logos.jpg\"><img loading=\"lazy\" decoding=\"async\" class=\"alignright size-full wp-image-5003\" src=\"https:\/\/blogsaverroes.juntadeandalucia.es\/adersa2\/files\/2022\/02\/Banner-tres-logos.jpg\" alt=\"\" width=\"1175\" height=\"198\" srcset=\"https:\/\/blogsaverroes.juntadeandalucia.es\/adersa2\/files\/2022\/02\/Banner-tres-logos.jpg 1175w, https:\/\/blogsaverroes.juntadeandalucia.es\/adersa2\/files\/2022\/02\/Banner-tres-logos-300x51.jpg 300w, https:\/\/blogsaverroes.juntadeandalucia.es\/adersa2\/files\/2022\/02\/Banner-tres-logos-1024x173.jpg 1024w, https:\/\/blogsaverroes.juntadeandalucia.es\/adersa2\/files\/2022\/02\/Banner-tres-logos-768x129.jpg 768w, https:\/\/blogsaverroes.juntadeandalucia.es\/adersa2\/files\/2022\/02\/Banner-tres-logos-700x118.jpg 700w\" sizes=\"(max-width: 1175px) 100vw, 1175px\" \/><\/a><\/p>\n","protected":false},"excerpt":{"rendered":"<p>En diciembre del 2017, los distintos Grupos Parlamentarios, las Comunidades Aut\u00f3nomas y las Entidades Locales representadas en la Federaci\u00f3n Espa\u00f1ola de Municipios y Provincias, ratificaron el Pacto de Estado contra la Violencia de G\u00e9nero.&#46;&#46;&#46;<\/p>\n","protected":false},"author":4530,"featured_media":5006,"parent":0,"menu_order":0,"comment_status":"closed","ping_status":"closed","template":"","meta":{"ngg_post_thumbnail":0,"footnotes":"","_mc_calendar":[]},"aioseo_notices":[],"_links":{"self":[{"href":"https:\/\/blogsaverroes.juntadeandalucia.es\/adersa2\/wp-json\/wp\/v2\/pages\/5001"}],"collection":[{"href":"https:\/\/blogsaverroes.juntadeandalucia.es\/adersa2\/wp-json\/wp\/v2\/pages"}],"about":[{"href":"https:\/\/blogsaverroes.juntadeandalucia.es\/adersa2\/wp-json\/wp\/v2\/types\/page"}],"author":[{"embeddable":true,"href":"https:\/\/blogsaverroes.juntadeandalucia.es\/adersa2\/wp-json\/wp\/v2\/users\/4530"}],"replies":[{"embeddable":true,"href":"https:\/\/blogsaverroes.juntadeandalucia.es\/adersa2\/wp-json\/wp\/v2\/comments?post=5001"}],"version-history":[{"count":5,"href":"https:\/\/blogsaverroes.juntadeandalucia.es\/adersa2\/wp-json\/wp\/v2\/pages\/5001\/revisions"}],"predecessor-version":[{"id":5013,"href":"https:\/\/blogsaverroes.juntadeandalucia.es\/adersa2\/wp-json\/wp\/v2\/pages\/5001\/revisions\/5013"}],"wp:featuredmedia":[{"embeddable":true,"href":"https:\/\/blogsaverroes.juntadeandalucia.es\/adersa2\/wp-json\/wp\/v2\/media\/5006"}],"wp:attachment":[{"href":"https:\/\/blogsaverroes.juntadeandalucia.es\/adersa2\/wp-json\/wp\/v2\/media?parent=5001"}],"curies":[{"name":"wp","href":"https:\/\/api.w.org\/{rel}","templated":true}]}}

Pacto de Estado contra la violencia de género

<p><a href="https://blogsaverroes.juntadeandalucia.es/adersa2/files/2022/02/Logo-Pacto-Estado-Violencia-Genero.jpg"><img loading="lazy" decoding="async" class="alignright size-full wp-image-5006" src="https://blogsaverroes.juntadeandalucia.es/adersa2/files/2022/02/Logo-Pacto-Estado-Violencia-Genero.jpg" alt="" width="1072" height="456" srcset="https://blogsaverroes.juntadeandalucia.es/adersa2/files/2022/02/Logo-Pacto-Estado-Violencia-Genero.jpg 1072w, https://blogsaverroes.juntadeandalucia.es/adersa2/files/2022/02/Logo-Pacto-Estado-Violencia-Genero-300x128.jpg 300w, https://blogsaverroes.juntadeandalucia.es/adersa2/files/2022/02/Logo-Pacto-Estado-Violencia-Genero-1024x436.jpg 1024w, https://blogsaverroes.juntadeandalucia.es/adersa2/files/2022/02/Logo-Pacto-Estado-Violencia-Genero-768x327.jpg 768w, https://blogsaverroes.juntadeandalucia.es/adersa2/files/2022/02/Logo-Pacto-Estado-Violencia-Genero-700x298.jpg 700w" sizes="(max-width: 1072px) 100vw, 1072px" /></a></p>
<p>En diciembre del 2017, los distintos Grupos Parlamentarios, las Comunidades Autónomas y las Entidades Locales representadas en la Federación Española de Municipios y Provincias, ratificaron el Pacto de Estado contra la Violencia de Género. Este Pacto de Estado supone la unión de un gran número de instituciones, organizaciones y personas expertas en la formulación de medidas para la erradicación de la violencia sobre las mujeres. El Pacto implica incidir en todos los ámbitos de la sociedad y se estructura en 11 ejes de trabajo.</p>
<ul>
<li>Folleto sobre el Pacto de Estado contra la Violencia de Género:&nbsp;<a title="Se abrirá en una nueva ventana a la página docs/FolletoPEVGcastweb.pdf" href="https://violenciagenero.igualdad.gob.es/pactoEstado/docs/FolletoPEVGcastweb.pdf" target="_blank" rel="noopener noreferrer">castellano&nbsp;<img decoding="async" src="https://violenciagenero.igualdad.gob.es/diseno/img/ico_pdf.gif" alt="Archivo pdf. Se abrirá en una ventana nueva.">&nbsp;</a>,&nbsp;<a title="Se abrirá en una nueva ventana a la página docs/FolletoPEVGengweb.pdf" href="https://violenciagenero.igualdad.gob.es/pactoEstado/docs/FolletoPEVGengweb.pdf" target="_blank" rel="noopener noreferrer">inglés&nbsp;<img decoding="async" src="https://violenciagenero.igualdad.gob.es/diseno/img/ico_pdf.gif" alt="Archivo pdf. Se abrirá en una ventana nueva."></a></li>
<li><a href="https://violenciagenero.igualdad.gob.es/pactoEstado/repositorioBuenasPracticas.htm">Repositorio de buenas prácticas financiadas con los fondos del Pacto de Estado</a></li>
<li><a href="https://violenciagenero.igualdad.gob.es/pactoEstado/Informesoficiales.htm">Informes oficiales</a></li>
<li><a title="Se abrirá en una nueva ventana a la página /pactoEstado/docs/Documento_Refundido_PEVG_2.pdf" href="https://violenciagenero.igualdad.gob.es/pactoEstado/docs/Documento_Refundido_PEVG_2.pdf" target="_blank" rel="noopener noreferrer">Documento refundido de medidas del Pacto de Estado en materia de Violencia de Género; Congreso + Senado&nbsp;<img decoding="async" src="https://violenciagenero.igualdad.gob.es/diseno/img/ico_pdf.gif" alt="Archivo pdf. Se abrirá en una ventana nueva."></a></li>
<li>Fondos del Pacto de Estado y transferencias para las Comunidades y Ciudades Autónomas:
<ul>
<li><a title="Se abrirá en una nueva ventana a la página docs/12042019TablasFondoViolenciaG.pdf" href="https://violenciagenero.igualdad.gob.es/pactoEstado/docs/12042019TablasFondoViolenciaG.pdf" target="_blank" rel="noopener noreferrer">Anexo sobre la resolución con reparto de fondos para las Comunidades y Ciudades Autónomas&nbsp;<img decoding="async" src="https://violenciagenero.igualdad.gob.es/diseno/img/ico_pdf.gif" alt="Archivo pdf. Se abrirá en una ventana nueva."></a></li>
</ul>
</li>
</ul>
<div id="menu">
<ul>
<li><a href="https://violenciagenero.igualdad.gob.es/pactoEstado/actuacionesCCAA.htm">Actuaciones de las Comunidades Autónomas</a></li>
</ul>
</div>
<p><a href="https://violenciagenero.igualdad.gob.es/pactoEstado/home.htm" target="_blank" rel="noopener noreferrer"><strong>Enlace a la página del Pacto de Estado contra la Violencia de Género en el Ministerio</strong></a><a href="https://blogsaverroes.juntadeandalucia.es/adersa2/files/2022/02/Banner-tres-logos.jpg"><img loading="lazy" decoding="async" class="alignright size-full wp-image-5003" src="https://blogsaverroes.juntadeandalucia.es/adersa2/files/2022/02/Banner-tres-logos.jpg" alt="" width="1175" height="198" srcset="https://blogsaverroes.juntadeandalucia.es/adersa2/files/2022/02/Banner-tres-logos.jpg 1175w, https://blogsaverroes.juntadeandalucia.es/adersa2/files/2022/02/Banner-tres-logos-300x51.jpg 300w, https://blogsaverroes.juntadeandalucia.es/adersa2/files/2022/02/Banner-tres-logos-1024x173.jpg 1024w, https://blogsaverroes.juntadeandalucia.es/adersa2/files/2022/02/Banner-tres-logos-768x129.jpg 768w, https://blogsaverroes.juntadeandalucia.es/adersa2/files/2022/02/Banner-tres-logos-700x118.jpg 700w" sizes="(max-width: 1175px) 100vw, 1175px" /></a></p>

<p>En diciembre del 2017, los distintos Grupos Parlamentarios, las Comunidades Autónomas y las Entidades Locales representadas en la Federación Española de Municipios y Provincias, ratificaron el Pacto de Estado contra la Violencia de Género.&#46;&#46;&#46;</p>
