{"id":6980,"date":"2023-10-17T08:38:58","date_gmt":"2023-10-17T08:38:58","guid":{"rendered":"https:\/\/blogsaverroes.juntadeandalucia.es\/adersa2\/?page_id=6980"},"modified":"2023-10-17T08:39:06","modified_gmt":"2023-10-17T08:39:06","slug":"coordinadores-as-de-los-distintos-planes-y-programas","status":"publish","type":"page","link":"https:\/\/blogsaverroes.juntadeandalucia.es\/adersa2\/coordinadores-as-de-los-distintos-planes-y-programas\/","title":{"rendered":"Coordinadores\/as de los distintos planes y programas"},"content":{"rendered":"<h3><strong>Los coordinadores\/as de los distintos planes y programas ser\u00e1n:<\/strong><\/h3>\n<ul>\n<li><strong>Plan de lectura y biblioteca<\/strong>: D. Francisco Javier Carmona Carranza.<\/li>\n<li><strong>Plan de igualdad de g\u00e9nero en educaci\u00f3n<\/strong>: D\u00f1a. Clara Dana S\u00e1nchez.<\/li>\n<li><strong>Plan de h\u00e1bitos de vida saludable<\/strong>: D. Roberto Medayo Pinto.<\/li>\n<li><strong>Escuela Espacio de Paz<\/strong>: D. Pablo Gonz\u00e1lez Gallego.<\/li>\n<li><strong>Plan de Salud Laboral y P.R.L.<\/strong>: D\u00f1a. Carolina Gonz\u00e1lez Murillo.<\/li>\n<li><strong>Coordinador TDE y Compdigedu<\/strong>: D. Marcos Manuel Parrilla Bueno.<\/li>\n<li><strong>Plan de formaci\u00f3n<\/strong>: D\u00f1a. Clara Isabel Barrero S\u00e1nchez.<\/li>\n<li><strong>M\u00e1s deporte<\/strong>: D. Francisco Javier Carmona Carranza.<\/li>\n<li><strong>Programa aldea<\/strong>: D. Antonio Jos\u00e9 P\u00e9rez Dom\u00ednguez.<\/li>\n<\/ul>\n","protected":false},"excerpt":{"rendered":"<p>Los coordinadores\/as de los distintos planes y programas ser\u00e1n: Plan de lectura y biblioteca: D. Francisco Javier Carmona Carranza. Plan de igualdad de g\u00e9nero en educaci\u00f3n: D\u00f1a. Clara Dana S\u00e1nchez. Plan de h\u00e1bitos de&#46;&#46;&#46;<\/p>\n","protected":false},"author":4530,"featured_media":0,"parent":0,"menu_order":0,"comment_status":"closed","ping_status":"closed","template":"","meta":{"ngg_post_thumbnail":0,"footnotes":"","_mc_calendar":[]},"aioseo_notices":[],"_links":{"self":[{"href":"https:\/\/blogsaverroes.juntadeandalucia.es\/adersa2\/wp-json\/wp\/v2\/pages\/6980"}],"collection":[{"href":"https:\/\/blogsaverroes.juntadeandalucia.es\/adersa2\/wp-json\/wp\/v2\/pages"}],"about":[{"href":"https:\/\/blogsaverroes.juntadeandalucia.es\/adersa2\/wp-json\/wp\/v2\/types\/page"}],"author":[{"embeddable":true,"href":"https:\/\/blogsaverroes.juntadeandalucia.es\/adersa2\/wp-json\/wp\/v2\/users\/4530"}],"replies":[{"embeddable":true,"href":"https:\/\/blogsaverroes.juntadeandalucia.es\/adersa2\/wp-json\/wp\/v2\/comments?post=6980"}],"version-history":[{"count":1,"href":"https:\/\/blogsaverroes.juntadeandalucia.es\/adersa2\/wp-json\/wp\/v2\/pages\/6980\/revisions"}],"predecessor-version":[{"id":6983,"href":"https:\/\/blogsaverroes.juntadeandalucia.es\/adersa2\/wp-json\/wp\/v2\/pages\/6980\/revisions\/6983"}],"wp:attachment":[{"href":"https:\/\/blogsaverroes.juntadeandalucia.es\/adersa2\/wp-json\/wp\/v2\/media?parent=6980"}],"curies":[{"name":"wp","href":"https:\/\/api.w.org\/{rel}","templated":true}]}}