{"id":39,"date":"2021-01-22T12:24:23","date_gmt":"2021-01-22T12:24:23","guid":{"rendered":"https:\/\/blogsaverroes.juntadeandalucia.es\/administrandot\/?page_id=39"},"modified":"2021-07-27T10:56:30","modified_gmt":"2021-07-27T09:56:30","slug":"cfgm-gestion-administrativa","status":"publish","type":"page","link":"https:\/\/blogsaverroes.juntadeandalucia.es\/administrandot\/cfgm-gestion-administrativa\/","title":{"rendered":"CFGM Gesti\u00f3n Administrativa"},"content":{"rendered":"<p>El ciclo formativo de grado medio de Gesti\u00f3n Administrativa se compone de los siguientes m\u00f3dulos:<\/p>\n<p><strong><br \/>\nPRIMER CURSO<\/strong><\/p>\n<ul>\n<li>Comunicaci\u00f3n Empresarial y Atenci\u00f3n al Cliente.<\/li>\n<li>Operaciones Administrativas de Compra-venta.<\/li>\n<li>Empresa y Administraci\u00f3n.<\/li>\n<li>Tratamiento Inform\u00e1tico de la informaci\u00f3n.<\/li>\n<li><a href=\"https:\/\/blogsaverroes.juntadeandalucia.es\/administrandot\/cfgm-gestion-administrativa\/tecnica-contable\/\">T\u00e9cnica contable.<\/a><\/li>\n<li>Ingl\u00e9s.<\/li>\n<li>Formaci\u00f3n y Orientaci\u00f3n Laboral.<\/li>\n<\/ul>\n<p>&nbsp;<\/p>\n<p><strong>SEGUNDO CURSO<\/strong><\/p>\n<ul>\n<li>Operaciones Administrativas de Recursos Humanos.<\/li>\n<li><a href=\"https:\/\/blogsaverroes.juntadeandalucia.es\/administrandot\/cfgm-gestion-administrativa\/tratamiento-de-la-documentacion-contable\/\">Tratamiento de la Documentaci\u00f3n Contable.<\/a><\/li>\n<li>Empresa en el Aula.<\/li>\n<li><a title=\"Op. Aux. Gesti\u00f3n Tesorer\u00eda\" href=\"https:\/\/blogsaverroes.juntadeandalucia.es\/administrandot\/cfgm-gestion-administrativa\/op-aux-gestion-tesoreria\/\">Operaciones auxiliares de Gesti\u00f3n de Tesorer\u00eda.<\/a><\/li>\n<li>Formaci\u00f3n en Centros de Trabajo: 410 horas de pr\u00e1cticas en empresas.<\/li>\n<\/ul>\n","protected":false},"excerpt":{"rendered":"<p>El ciclo formativo de grado medio de Gesti\u00f3n Administrativa se compone de los siguientes m\u00f3dulos: PRIMER CURSO Comunicaci\u00f3n Empresarial y Atenci\u00f3n al Cliente. Operaciones Administrativas de Compra-venta. Empresa y Administraci\u00f3n. Tratamiento Inform\u00e1tico de la informaci\u00f3n. T\u00e9cnica contable. Ingl\u00e9s. Formaci\u00f3n y&#46;&#46;&#46;<\/p>\n","protected":false},"author":10364,"featured_media":0,"parent":0,"menu_order":0,"comment_status":"closed","ping_status":"closed","template":"","meta":{"ngg_post_thumbnail":0,"footnotes":""},"aioseo_notices":[],"_links":{"self":[{"href":"https:\/\/blogsaverroes.juntadeandalucia.es\/administrandot\/wp-json\/wp\/v2\/pages\/39"}],"collection":[{"href":"https:\/\/blogsaverroes.juntadeandalucia.es\/administrandot\/wp-json\/wp\/v2\/pages"}],"about":[{"href":"https:\/\/blogsaverroes.juntadeandalucia.es\/administrandot\/wp-json\/wp\/v2\/types\/page"}],"author":[{"embeddable":true,"href":"https:\/\/blogsaverroes.juntadeandalucia.es\/administrandot\/wp-json\/wp\/v2\/users\/10364"}],"replies":[{"embeddable":true,"href":"https:\/\/blogsaverroes.juntadeandalucia.es\/administrandot\/wp-json\/wp\/v2\/comments?post=39"}],"version-history":[{"count":6,"href":"https:\/\/blogsaverroes.juntadeandalucia.es\/administrandot\/wp-json\/wp\/v2\/pages\/39\/revisions"}],"predecessor-version":[{"id":576,"href":"https:\/\/blogsaverroes.juntadeandalucia.es\/administrandot\/wp-json\/wp\/v2\/pages\/39\/revisions\/576"}],"wp:attachment":[{"href":"https:\/\/blogsaverroes.juntadeandalucia.es\/administrandot\/wp-json\/wp\/v2\/media?parent=39"}],"curies":[{"name":"wp","href":"https:\/\/api.w.org\/{rel}","templated":true}]}}