{"id":526,"date":"2024-05-10T13:31:52","date_gmt":"2024-05-10T11:31:52","guid":{"rendered":"https:\/\/agenciaeducativaespacialandalucia.wordpress.com\/?page_id=526"},"modified":"2024-05-13T09:10:31","modified_gmt":"2024-05-13T09:10:31","slug":"moon-camp-challenge-2","status":"publish","type":"page","link":"https:\/\/blogsaverroes.juntadeandalucia.es\/aeea\/moon-camp-challenge-2\/","title":{"rendered":"Moon Camp Challenge"},"content":{"rendered":"<p><a href=\"https:\/\/mooncampchallenge.org\/es\/\">Moon Camp<\/a> es un proyecto educativo llevado a cabo en colaboraci\u00f3n entre ESA Educaci\u00f3n y la Fundaci\u00f3n Airbus, en cooperaci\u00f3n con Autodesk. Utiliza tecnolog\u00edas de aprendizaje innovadoras para desafiar a los estudiantes a dise\u00f1ar y modelar en 3D (con Tinkercad o Fusion 360) su propio asentamiento lunar.<\/p>\n<p>El desaf\u00edo Moon Camp est\u00e1 dividido en tres categor\u00edas distintas con diferentes niveles de complejidad: Moon Camp Discovery (principiantes), Moon Camp Explorers (intermedio) y Moon Camp Pioneers (avanzado).<\/p>\n<h4 class=\"western\">1.Moon Camp Discovery<\/h4>\n<p>En el futuro, para permitir que los astronautas permanezcan en la Luna durante largos per\u00edodos de tiempo, se deben desarrollar nuevas infraestructuras para superar desaf\u00edos importantes. Dichos desaf\u00edos incluyen la protecci\u00f3n contra la radiaci\u00f3n y los meteoritos, la producci\u00f3n de energ\u00eda, la extracci\u00f3n y el reciclaje de agua, la producci\u00f3n de alimentos y mucho m\u00e1s.<\/p>\n<ul>\n<li><strong>Participantes:<\/strong>Individual y por equipos, con un m\u00e1ximo de 6 participantes.<\/li>\n<li><strong>Nivel de complejidad:<\/strong>Principiantes<\/li>\n<li><strong>Herramienta:<\/strong><a href=\"https:\/\/www.tinkercad.com\/\" target=\"_blank\" rel=\"noopener\">Tinkercad<\/a><\/li>\n<li><strong>Rango de edad:<\/strong>Hasta los 19 a\u00f1os.<\/li>\n<li><strong>M\u00e1s informaci\u00f3n:<\/strong><a href=\"https:\/\/esero.es\/concursos\/moon-camp\/#Discovery\" target=\"_blank\" rel=\"noopener\">ESERO\/MOONCAMP\/DISCOVERY<\/a><\/li>\n<li><strong>M\u00e1s ejemplos:<\/strong> <a href=\"https:\/\/mooncampchallenge.org\/es\/discovery-gallery\/\" target=\"_blank\" rel=\"noopener\">Galer\u00eda<\/a><\/li>\n<\/ul>\n<h3 class=\"western\"><img loading=\"lazy\" decoding=\"async\" class=\"size-medium wp-image-554 aligncenter\" src=\"https:\/\/blogsaverroes.juntadeandalucia.es\/aeea\/files\/2024\/05\/moon-camp-design-by-team-here-we-are-back-1st-place-for-moon-camp-pioneers-pillars-1-300x137.png\" alt=\"\" width=\"300\" height=\"137\" srcset=\"https:\/\/blogsaverroes.juntadeandalucia.es\/aeea\/files\/2024\/05\/moon-camp-design-by-team-here-we-are-back-1st-place-for-moon-camp-pioneers-pillars-1-300x137.png 300w, https:\/\/blogsaverroes.juntadeandalucia.es\/aeea\/files\/2024\/05\/moon-camp-design-by-team-here-we-are-back-1st-place-for-moon-camp-pioneers-pillars-1-1024x468.png 1024w, https:\/\/blogsaverroes.juntadeandalucia.es\/aeea\/files\/2024\/05\/moon-camp-design-by-team-here-we-are-back-1st-place-for-moon-camp-pioneers-pillars-1-768x351.png 768w, https:\/\/blogsaverroes.juntadeandalucia.es\/aeea\/files\/2024\/05\/moon-camp-design-by-team-here-we-are-back-1st-place-for-moon-camp-pioneers-pillars-1-1536x701.png 1536w, https:\/\/blogsaverroes.juntadeandalucia.es\/aeea\/files\/2024\/05\/moon-camp-design-by-team-here-we-are-back-1st-place-for-moon-camp-pioneers-pillars-1-2048x935.png 2048w\" sizes=\"(max-width: 300px) 100vw, 300px\" \/><\/h3>\n<p><strong>Ideas estrella:<\/strong><\/p>\n<p>En Moon Camp Discovery, la misi\u00f3n de cada equipo es dise\u00f1ar en 3D solo un componente de un Moon Camp, utilizando Tinkercad. Los equipos pueden optar por dise\u00f1ar: M\u00f3dulo de aterrizaje Lunar, Estaci\u00f3n espacial orbital, Rover lunar, Base lunar Cohete o Un traje espacial.<\/p>\n<p><strong>Ideas estrella:<\/strong><\/p>\n<ul>\n<li>Si no has trabajado nunca con Tinkercad y no sabes por d\u00f3nde empezar, visualiza los tutoriales de YouTube del profesor Miguel L\u00f3pez, que parten desde nivel cero. <a href=\"https:\/\/youtube.com\/playlist?list=PLroULtNmu2QE8V_f8_lvjnVu2WqOacSEa\" target=\"_blank\" rel=\"noopener\">Pr\u00e1cticas de iniciaci\u00f3n a Tinkercad<\/a><\/li>\n<li>No dejes de consultar las gu\u00edas asociadas.<\/li>\n<\/ul>\n<ul>\n<li>Si quieres darle m\u00e1s profundidad al dise\u00f1o 3D y enlazarlo con los proyectos de Pensamiento Computacional o de Rob\u00f3tica puedes dibujar tambi\u00e9n programando con bloques con la misma herramienta de Tinkercad.<\/li>\n<li>No dejes de consultar las gu\u00edas asociadas.<\/li>\n<\/ul>\n<h3 class=\"western\">2. Moon Camp Pioneers<\/h3>\n<p>En el futuro, para que los astronautas puedan permanecer en la Luna durante largos periodos de tiempo, habr\u00e1 que desarrollar nuevas infraestructuras para superar importantes retos. Entre estos retos se encuentran la protecci\u00f3n contra la radiaci\u00f3n y los meteoritos, la producci\u00f3n de energ\u00eda, la extracci\u00f3n y el reciclaje de agua, la producci\u00f3n de alimentos y mucho m\u00e1s.<\/p>\n<p>Los equipos desarrollar\u00e1n una serie de experimentos cient\u00edficos interdisciplinarios para explorar el entorno extremo del espacio y comprender c\u00f3mo podr\u00edan vivir los astronautas en la Luna. Despu\u00e9s, dise\u00f1ar\u00e1n en 3D su campamento lunar utilizando un software de su elecci\u00f3n y redactar\u00e1n un informe explicando su proyecto en el idioma que el equipo prefiera (Para juzgar, los informes se traducir\u00e1n autom\u00e1ticamente al ingl\u00e9s).<\/p>\n<p>Su dise\u00f1o debe adaptarse al entorno lunar y hacer uso de los recursos locales y proporcionar protecci\u00f3n y \/ o instalaciones para que los astronautas puedan vivir y trabajar. Los equipos participantes competir\u00e1n por el premio Moon Camp Pioneers al mejor proyecto.<\/p>\n<p>El campamento lunar debe incluir: Uso de recursos locales (por ejemplo, suelo lunar, hielo de agua); Soluciones tecnol\u00f3gicas (por ejemplo, fuente de energ\u00eda, sistema de reciclaje, c\u00e1mara de cultivo de alimentos); Protecci\u00f3n (de meteoritos y radiaci\u00f3n); Instalaciones de vivienda y trabajo para al menos 2 astronautas.<\/p>\n<ul>\n<li><strong>Participantes: <\/strong>Equipos 2 a 6 estudiantes<\/li>\n<li><strong>Nivel de complejidad:<\/strong>Avanzado<\/li>\n<li><strong>Herramienta: <\/strong>Software de dise\u00f1o 3D de su elecci\u00f3n (se recomienda <a href=\"https:\/\/www.autodesk.es\/products\/fusion-360\/overview?term=1-YEAR&amp;tab=subscription\" target=\"_blank\" rel=\"noopener\">Fusion 360<\/a>)<\/li>\n<li><strong>Rango de edad:<\/strong>Desde los 13 hasta 19 a\u00f1os<\/li>\n<li><strong>M\u00e1s informaci\u00f3n: <\/strong><a href=\"https:\/\/esero.es\/concursos\/moon-camp\/#Pioneers\" target=\"_blank\" rel=\"noopener\">ESERO\/MOONCAMP\/PIONERS<\/a><\/li>\n<li><strong>M\u00e1s ejemplos:<\/strong><a href=\"https:\/\/mooncampchallenge.org\/es\/pioneers-gallery-2022\/\" target=\"_blank\" rel=\"noopener\">Galer\u00eda<\/a><\/li>\n<\/ul>\n<p><img loading=\"lazy\" decoding=\"async\" src=\"https:\/\/educacionadistancia.juntadeandalucia.es\/centros\/sevilla\/pluginfile.php\/1246265\/mod_book\/chapter\/23047\/Imagen05.jpg\" alt=\"Moon Camp Pioners\" width=\"76\" height=\"38\" align=\"bottom\" border=\"0\"><\/p>\n<p><strong>Ideas estrella:<\/strong><\/p>\n<ul>\n<li>Fusi\u00f3n 360 es un software de pago, pero si te identificas como miembro de la comunidad educativa, alumnado o profesorado, se puede obtener de forma gratuita. <a href=\"https:\/\/www.autodesk.com\/education\/edu-software\/overview?sorting=featured&amp;filters=individual\" target=\"_blank\" rel=\"noopener\">Educational access<\/a>.<\/li>\n<\/ul>\n<p><img loading=\"lazy\" decoding=\"async\" class=\"size-medium wp-image-549 aligncenter\" src=\"https:\/\/blogsaverroes.juntadeandalucia.es\/aeea\/files\/2024\/05\/imagen-11-300x225.png\" alt=\"\" width=\"300\" height=\"225\" srcset=\"https:\/\/blogsaverroes.juntadeandalucia.es\/aeea\/files\/2024\/05\/imagen-11-300x225.png 300w, https:\/\/blogsaverroes.juntadeandalucia.es\/aeea\/files\/2024\/05\/imagen-11-1024x768.png 1024w, https:\/\/blogsaverroes.juntadeandalucia.es\/aeea\/files\/2024\/05\/imagen-11-768x576.png 768w, https:\/\/blogsaverroes.juntadeandalucia.es\/aeea\/files\/2024\/05\/imagen-11-1536x1152.png 1536w, https:\/\/blogsaverroes.juntadeandalucia.es\/aeea\/files\/2024\/05\/imagen-11-2048x1536.png 2048w\" sizes=\"(max-width: 300px) 100vw, 300px\" \/><\/p>\n","protected":false},"excerpt":{"rendered":"<p>Moon Camp es un proyecto educativo llevado a cabo en colaboraci\u00f3n entre ESA Educaci\u00f3n y la Fundaci\u00f3n Airbus, en cooperaci\u00f3n con Autodesk. Utiliza tecnolog\u00edas de aprendizaje innovadoras para desafiar a los estudiantes a dise\u00f1ar y modelar en 3D (con Tinkercad o Fusion 360) su propio asentamiento lunar. El desaf\u00edo Moon Camp est\u00e1 dividido en tres &hellip; <a href=\"https:\/\/blogsaverroes.juntadeandalucia.es\/aeea\/moon-camp-challenge-2\/\" class=\"more-link\">Sigue leyendo <span class=\"screen-reader-text\">Moon Camp Challenge<\/span><\/a><\/p>\n","protected":false},"author":3767,"featured_media":0,"parent":0,"menu_order":0,"comment_status":"closed","ping_status":"closed","template":"","meta":{"ngg_post_thumbnail":0,"footnotes":""},"aioseo_notices":[],"_links":{"self":[{"href":"https:\/\/blogsaverroes.juntadeandalucia.es\/aeea\/wp-json\/wp\/v2\/pages\/526"}],"collection":[{"href":"https:\/\/blogsaverroes.juntadeandalucia.es\/aeea\/wp-json\/wp\/v2\/pages"}],"about":[{"href":"https:\/\/blogsaverroes.juntadeandalucia.es\/aeea\/wp-json\/wp\/v2\/types\/page"}],"author":[{"embeddable":true,"href":"https:\/\/blogsaverroes.juntadeandalucia.es\/aeea\/wp-json\/wp\/v2\/users\/3767"}],"replies":[{"embeddable":true,"href":"https:\/\/blogsaverroes.juntadeandalucia.es\/aeea\/wp-json\/wp\/v2\/comments?post=526"}],"version-history":[{"count":3,"href":"https:\/\/blogsaverroes.juntadeandalucia.es\/aeea\/wp-json\/wp\/v2\/pages\/526\/revisions"}],"predecessor-version":[{"id":691,"href":"https:\/\/blogsaverroes.juntadeandalucia.es\/aeea\/wp-json\/wp\/v2\/pages\/526\/revisions\/691"}],"wp:attachment":[{"href":"https:\/\/blogsaverroes.juntadeandalucia.es\/aeea\/wp-json\/wp\/v2\/media?parent=526"}],"curies":[{"name":"wp","href":"https:\/\/api.w.org\/{rel}","templated":true}]}}