{"id":824,"date":"2020-12-18T08:31:23","date_gmt":"2020-12-18T07:31:23","guid":{"rendered":"https:\/\/blogsaverroes.juntadeandalucia.es\/pre\/plantilla-pencil\/?page_id=817"},"modified":"2021-09-15T09:23:35","modified_gmt":"2021-09-15T08:23:35","slug":"1o-ciclo-de-educacion-primaria","status":"publish","type":"page","link":"https:\/\/blogsaverroes.juntadeandalucia.es\/aelius\/1o-ciclo-de-educacion-primaria\/","title":{"rendered":"1\u00ba Ciclo de Educaci\u00f3n Primaria"},"content":{"rendered":"<p>Tutores:<\/p>\n<p><strong>1\u00baA:<\/strong> Margarita Guti\u00e9rrez Garc\u00eda<\/p>\n<p><strong>1\u00baB:&nbsp;<\/strong>Paloma Mendiguch\u00eda Guti\u00e9rrez<\/p>\n<p><strong>1\u00baC:&nbsp;<\/strong>Isabel Garc\u00eda Torres<\/p>\n<p><strong>2\u00baA:<\/strong> Mar\u00eda Jos\u00e9 S\u00e1nchez Real<\/p>\n<p><strong>2\u00baB:<\/strong> Alba Mar\u00eda Martos Carmona<\/p>\n<p><strong>Especialista de ingles:<\/strong> Mar\u00eda Jos\u00e9 Robles Aguilera<\/p>\n<p><strong>Especialista de Educaci\u00f3n F\u00edsica:&nbsp;<\/strong>Mar\u00eda Eugenia Morales Aguilar<\/p>\n<p><strong>Especialista de Educaci\u00f3n Musical:<\/strong> Antonio J. Rodr\u00edguez Guti\u00e9rrez<\/p>\n<p><strong>Especialista de Religi\u00f3n:<\/strong> Inma Garc\u00eda Pozo<\/p>\n","protected":false},"excerpt":{"rendered":"<p>Tutores: 1\u00baA: Margarita Guti\u00e9rrez Garc\u00eda 1\u00baB:&nbsp;Paloma Mendiguch\u00eda Guti\u00e9rrez 1\u00baC:&nbsp;Isabel Garc\u00eda Torres 2\u00baA: Mar\u00eda Jos\u00e9 S\u00e1nchez Real 2\u00baB: Alba Mar\u00eda Martos Carmona Especialista de ingles: Mar\u00eda Jos\u00e9 Robles Aguilera Especialista de Educaci\u00f3n F\u00edsica:&nbsp;Mar\u00eda Eugenia Morales Aguilar Especialista de Educaci\u00f3n Musical: Antonio J. Rodr\u00edguez Guti\u00e9rrez Especialista de Religi\u00f3n: Inma Garc\u00eda Pozo<\/p>\n","protected":false},"author":7051,"featured_media":0,"parent":0,"menu_order":0,"comment_status":"closed","ping_status":"closed","template":"","meta":{"_et_pb_use_builder":"off","_et_pb_old_content":"","_et_gb_content_width":"","ngg_post_thumbnail":0,"footnotes":""},"aioseo_notices":[],"_links":{"self":[{"href":"https:\/\/blogsaverroes.juntadeandalucia.es\/aelius\/wp-json\/wp\/v2\/pages\/824"}],"collection":[{"href":"https:\/\/blogsaverroes.juntadeandalucia.es\/aelius\/wp-json\/wp\/v2\/pages"}],"about":[{"href":"https:\/\/blogsaverroes.juntadeandalucia.es\/aelius\/wp-json\/wp\/v2\/types\/page"}],"author":[{"embeddable":true,"href":"https:\/\/blogsaverroes.juntadeandalucia.es\/aelius\/wp-json\/wp\/v2\/users\/7051"}],"replies":[{"embeddable":true,"href":"https:\/\/blogsaverroes.juntadeandalucia.es\/aelius\/wp-json\/wp\/v2\/comments?post=824"}],"version-history":[{"count":8,"href":"https:\/\/blogsaverroes.juntadeandalucia.es\/aelius\/wp-json\/wp\/v2\/pages\/824\/revisions"}],"predecessor-version":[{"id":1010,"href":"https:\/\/blogsaverroes.juntadeandalucia.es\/aelius\/wp-json\/wp\/v2\/pages\/824\/revisions\/1010"}],"wp:attachment":[{"href":"https:\/\/blogsaverroes.juntadeandalucia.es\/aelius\/wp-json\/wp\/v2\/media?parent=824"}],"curies":[{"name":"wp","href":"https:\/\/api.w.org\/{rel}","templated":true}]}}

1º Ciclo de Educación Primaria

<p>Tutores:</p>
<p><strong>1ºA:</strong> Margarita Gutiérrez García</p>
<p><strong>1ºB:&nbsp;</strong>Paloma Mendiguchía Gutiérrez</p>
<p><strong>1ºC:&nbsp;</strong>Isabel García Torres</p>
<p><strong>2ºA:</strong> María José Sánchez Real</p>
<p><strong>2ºB:</strong> Alba María Martos Carmona</p>
<p><strong>Especialista de ingles:</strong> María José Robles Aguilera</p>
<p><strong>Especialista de Educación Física:&nbsp;</strong>María Eugenia Morales Aguilar</p>
<p><strong>Especialista de Educación Musical:</strong> Antonio J. Rodríguez Gutiérrez</p>
<p><strong>Especialista de Religión:</strong> Inma García Pozo</p>

<p>Tutores: 1ºA: Margarita Gutiérrez García 1ºB:&nbsp;Paloma Mendiguchía Gutiérrez 1ºC:&nbsp;Isabel García Torres 2ºA: María José Sánchez Real 2ºB: Alba María Martos Carmona Especialista de ingles: María José Robles Aguilera Especialista de Educación Física:&nbsp;María Eugenia Morales Aguilar Especialista de Educación Musical: Antonio J. Rodríguez Gutiérrez Especialista de Religión: Inma García Pozo</p>
