{"id":825,"date":"2020-12-18T08:32:50","date_gmt":"2020-12-18T07:32:50","guid":{"rendered":"https:\/\/blogsaverroes.juntadeandalucia.es\/pre\/plantilla-pencil\/?page_id=824"},"modified":"2021-09-15T09:24:39","modified_gmt":"2021-09-15T08:24:39","slug":"2o-ciclo-de-educacion-infantil","status":"publish","type":"page","link":"https:\/\/blogsaverroes.juntadeandalucia.es\/aelius\/2o-ciclo-de-educacion-infantil\/","title":{"rendered":"2\u00ba Ciclo de Educaci\u00f3n Infantil"},"content":{"rendered":"<p><strong>Tutores:<\/strong><\/p>\n<p><strong>3 a\u00f1os A:<\/strong> Ana Rosa Archidona Ram\u00edrez<\/p>\n<p><strong>3 a\u00f1os B:<\/strong> Mar\u00eda Aurora Casado Jim\u00e9nez<\/p>\n<p><strong>4 a\u00f1os A:<\/strong> Maite Toro Serralbo<\/p>\n<p><strong>4 a\u00f1os B:<\/strong> Mar\u00eda Jos\u00e9 S\u00e1nchez L\u00f3pez<\/p>\n<p><strong>5 a\u00f1os A:<\/strong> Luc\u00eda Morato Tinoco<\/p>\n<p><strong>5 a\u00f1os B:<\/strong> Ana Mar\u00eda Becerra Troncoso<\/p>\n<p><strong>Especialista de ingl\u00e9s:<\/strong> Mar\u00eda Jos\u00e9 Robles Aguilera<\/p>\n<p><strong>Religi\u00f3n:<\/strong> Encarnaci\u00f3n Becerra Aguilera<\/p>\n","protected":false},"excerpt":{"rendered":"<p>Tutores: 3 a\u00f1os A: Ana Rosa Archidona Ram\u00edrez 3 a\u00f1os B: Mar\u00eda Aurora Casado Jim\u00e9nez 4 a\u00f1os A: Maite Toro Serralbo 4 a\u00f1os B: Mar\u00eda Jos\u00e9 S\u00e1nchez L\u00f3pez 5 a\u00f1os A: Luc\u00eda Morato Tinoco 5 a\u00f1os B: Ana Mar\u00eda Becerra Troncoso Especialista de ingl\u00e9s: Mar\u00eda Jos\u00e9 Robles Aguilera Religi\u00f3n: Encarnaci\u00f3n Becerra Aguilera<\/p>\n","protected":false},"author":7051,"featured_media":0,"parent":0,"menu_order":0,"comment_status":"closed","ping_status":"closed","template":"","meta":{"_et_pb_use_builder":"off","_et_pb_old_content":"","_et_gb_content_width":"","ngg_post_thumbnail":0,"footnotes":""},"aioseo_notices":[],"_links":{"self":[{"href":"https:\/\/blogsaverroes.juntadeandalucia.es\/aelius\/wp-json\/wp\/v2\/pages\/825"}],"collection":[{"href":"https:\/\/blogsaverroes.juntadeandalucia.es\/aelius\/wp-json\/wp\/v2\/pages"}],"about":[{"href":"https:\/\/blogsaverroes.juntadeandalucia.es\/aelius\/wp-json\/wp\/v2\/types\/page"}],"author":[{"embeddable":true,"href":"https:\/\/blogsaverroes.juntadeandalucia.es\/aelius\/wp-json\/wp\/v2\/users\/7051"}],"replies":[{"embeddable":true,"href":"https:\/\/blogsaverroes.juntadeandalucia.es\/aelius\/wp-json\/wp\/v2\/comments?post=825"}],"version-history":[{"count":8,"href":"https:\/\/blogsaverroes.juntadeandalucia.es\/aelius\/wp-json\/wp\/v2\/pages\/825\/revisions"}],"predecessor-version":[{"id":1011,"href":"https:\/\/blogsaverroes.juntadeandalucia.es\/aelius\/wp-json\/wp\/v2\/pages\/825\/revisions\/1011"}],"wp:attachment":[{"href":"https:\/\/blogsaverroes.juntadeandalucia.es\/aelius\/wp-json\/wp\/v2\/media?parent=825"}],"curies":[{"name":"wp","href":"https:\/\/api.w.org\/{rel}","templated":true}]}}

2º Ciclo de Educación Infantil

<p><strong>Tutores:</strong></p>
<p><strong>3 años A:</strong> Ana Rosa Archidona Ramírez</p>
<p><strong>3 años B:</strong> María Aurora Casado Jiménez</p>
<p><strong>4 años A:</strong> Maite Toro Serralbo</p>
<p><strong>4 años B:</strong> María José Sánchez López</p>
<p><strong>5 años A:</strong> Lucía Morato Tinoco</p>
<p><strong>5 años B:</strong> Ana María Becerra Troncoso</p>
<p><strong>Especialista de inglés:</strong> María José Robles Aguilera</p>
<p><strong>Religión:</strong> Encarnación Becerra Aguilera</p>

<p>Tutores: 3 años A: Ana Rosa Archidona Ramírez 3 años B: María Aurora Casado Jiménez 4 años A: Maite Toro Serralbo 4 años B: María José Sánchez López 5 años A: Lucía Morato Tinoco 5 años B: Ana María Becerra Troncoso Especialista de inglés: María José Robles Aguilera Religión: Encarnación Becerra Aguilera</p>
