{"id":827,"date":"2020-12-18T08:34:31","date_gmt":"2020-12-18T07:34:31","guid":{"rendered":"https:\/\/blogsaverroes.juntadeandalucia.es\/pre\/plantilla-pencil\/?page_id=827"},"modified":"2021-09-15T09:22:18","modified_gmt":"2021-09-15T08:22:18","slug":"2o-ciclo-de-educacion-primaria","status":"publish","type":"page","link":"https:\/\/blogsaverroes.juntadeandalucia.es\/aelius\/2o-ciclo-de-educacion-primaria\/","title":{"rendered":"2\u00ba Ciclo de Educaci\u00f3n Primaria"},"content":{"rendered":"<p><strong>Tutores:<\/strong><\/p>\n<p><strong>3\u00baA:&nbsp;<\/strong>Mar\u00eda \u00c1ngeles Garc\u00eda Ortiz<\/p>\n<p><strong>3\u00baB:<\/strong> Patricia P\u00e9rez Naranjo<\/p>\n<p><strong>4\u00baA:<\/strong> Yolanda Zarco Mancilla<\/p>\n<p><strong>4\u00baB:<\/strong> Amparo Moldes Rojas<\/p>\n<p><strong>Especialista de ingl\u00e9s:<\/strong> Estefan\u00eda Le\u00f3n Sierra<\/p>\n<p><strong>Especialistas de Educaci\u00f3n F\u00edsica:<\/strong> Mar\u00eda Eugenia Morales Aguilar y Antonio L. Gonz\u00e1lez G\u00f3mez<\/p>\n<p><strong>Especialista de Educaci\u00f3n Musical:&nbsp;<\/strong>Antonio J. Rodr\u00edguez Guti\u00e9rrez<\/p>\n<p><strong>Religi\u00f3n:<\/strong> Inma Garc\u00eda Pozo<\/p>\n","protected":false},"excerpt":{"rendered":"<p>Tutores: 3\u00baA:&nbsp;Mar\u00eda \u00c1ngeles Garc\u00eda Ortiz 3\u00baB: Patricia P\u00e9rez Naranjo 4\u00baA: Yolanda Zarco Mancilla 4\u00baB: Amparo Moldes Rojas Especialista de ingl\u00e9s: Estefan\u00eda Le\u00f3n Sierra Especialistas de Educaci\u00f3n F\u00edsica: Mar\u00eda Eugenia Morales Aguilar y Antonio L. Gonz\u00e1lez G\u00f3mez Especialista de Educaci\u00f3n Musical:&nbsp;Antonio J. Rodr\u00edguez Guti\u00e9rrez Religi\u00f3n: Inma Garc\u00eda Pozo<\/p>\n","protected":false},"author":7051,"featured_media":0,"parent":0,"menu_order":0,"comment_status":"closed","ping_status":"closed","template":"","meta":{"_et_pb_use_builder":"off","_et_pb_old_content":"","_et_gb_content_width":"","ngg_post_thumbnail":0,"footnotes":""},"aioseo_notices":[],"_links":{"self":[{"href":"https:\/\/blogsaverroes.juntadeandalucia.es\/aelius\/wp-json\/wp\/v2\/pages\/827"}],"collection":[{"href":"https:\/\/blogsaverroes.juntadeandalucia.es\/aelius\/wp-json\/wp\/v2\/pages"}],"about":[{"href":"https:\/\/blogsaverroes.juntadeandalucia.es\/aelius\/wp-json\/wp\/v2\/types\/page"}],"author":[{"embeddable":true,"href":"https:\/\/blogsaverroes.juntadeandalucia.es\/aelius\/wp-json\/wp\/v2\/users\/7051"}],"replies":[{"embeddable":true,"href":"https:\/\/blogsaverroes.juntadeandalucia.es\/aelius\/wp-json\/wp\/v2\/comments?post=827"}],"version-history":[{"count":5,"href":"https:\/\/blogsaverroes.juntadeandalucia.es\/aelius\/wp-json\/wp\/v2\/pages\/827\/revisions"}],"predecessor-version":[{"id":1008,"href":"https:\/\/blogsaverroes.juntadeandalucia.es\/aelius\/wp-json\/wp\/v2\/pages\/827\/revisions\/1008"}],"wp:attachment":[{"href":"https:\/\/blogsaverroes.juntadeandalucia.es\/aelius\/wp-json\/wp\/v2\/media?parent=827"}],"curies":[{"name":"wp","href":"https:\/\/api.w.org\/{rel}","templated":true}]}}

2º Ciclo de Educación Primaria

<p><strong>Tutores:</strong></p>
<p><strong>3ºA:&nbsp;</strong>María Ángeles García Ortiz</p>
<p><strong>3ºB:</strong> Patricia Pérez Naranjo</p>
<p><strong>4ºA:</strong> Yolanda Zarco Mancilla</p>
<p><strong>4ºB:</strong> Amparo Moldes Rojas</p>
<p><strong>Especialista de inglés:</strong> Estefanía León Sierra</p>
<p><strong>Especialistas de Educación Física:</strong> María Eugenia Morales Aguilar y Antonio L. González Gómez</p>
<p><strong>Especialista de Educación Musical:&nbsp;</strong>Antonio J. Rodríguez Gutiérrez</p>
<p><strong>Religión:</strong> Inma García Pozo</p>

<p>Tutores: 3ºA:&nbsp;María Ángeles García Ortiz 3ºB: Patricia Pérez Naranjo 4ºA: Yolanda Zarco Mancilla 4ºB: Amparo Moldes Rojas Especialista de inglés: Estefanía León Sierra Especialistas de Educación Física: María Eugenia Morales Aguilar y Antonio L. González Gómez Especialista de Educación Musical:&nbsp;Antonio J. Rodríguez Gutiérrez Religión: Inma García Pozo</p>
