{"id":831,"date":"2020-12-18T08:35:33","date_gmt":"2020-12-18T07:35:33","guid":{"rendered":"https:\/\/blogsaverroes.juntadeandalucia.es\/pre\/plantilla-pencil\/?page_id=831"},"modified":"2021-09-15T09:21:00","modified_gmt":"2021-09-15T08:21:00","slug":"3o-ciclo-de-educacion-primaria","status":"publish","type":"page","link":"https:\/\/blogsaverroes.juntadeandalucia.es\/aelius\/3o-ciclo-de-educacion-primaria\/","title":{"rendered":"3\u00ba Ciclo de Educaci\u00f3n Primaria"},"content":{"rendered":"<p><strong>Tutores:<\/strong><\/p>\n<p><strong>5\u00baA:<\/strong> Luisa Mar\u00eda Gil Coca<\/p>\n<p><strong>5\u00baB:&nbsp;<\/strong>Ana Elo\u00edsa Garc\u00eda C\u00e1rdenas<\/p>\n<p><strong>6\u00baA:<\/strong> Antonio J. Rodr\u00edguez Guti\u00e9rrez<\/p>\n<p><strong>6\u00baB:<\/strong> Isabel Sobrino Orozco<\/p>\n<p><strong>Especialista de ingl\u00e9s:<\/strong> Estefan\u00eda Le\u00f3n Sierra<\/p>\n<p><strong>Especialista de Franc\u00e9s:<\/strong> Yolanda Zarco Mancilla<\/p>\n<p><strong>Especialista de Educaci\u00f3n F\u00edsica:<\/strong> Antonio L. Gonz\u00e1lez G\u00f3mez<\/p>\n<p><strong>Especialista de Educaci\u00f3n Musical:<\/strong> Antonio J. Rodr\u00edguez Guti\u00e9rrez<\/p>\n<p><strong>Religi\u00f3n:<\/strong> Inma Garc\u00eda Pozo<\/p>\n","protected":false},"excerpt":{"rendered":"<p>Tutores: 5\u00baA: Luisa Mar\u00eda Gil Coca 5\u00baB:&nbsp;Ana Elo\u00edsa Garc\u00eda C\u00e1rdenas 6\u00baA: Antonio J. Rodr\u00edguez Guti\u00e9rrez 6\u00baB: Isabel Sobrino Orozco Especialista de ingl\u00e9s: Estefan\u00eda Le\u00f3n Sierra Especialista de Franc\u00e9s: Yolanda Zarco Mancilla Especialista de Educaci\u00f3n F\u00edsica: Antonio L. Gonz\u00e1lez G\u00f3mez Especialista de Educaci\u00f3n Musical: Antonio J. Rodr\u00edguez Guti\u00e9rrez Religi\u00f3n: Inma Garc\u00eda Pozo<\/p>\n","protected":false},"author":7051,"featured_media":0,"parent":0,"menu_order":0,"comment_status":"closed","ping_status":"closed","template":"","meta":{"_et_pb_use_builder":"off","_et_pb_old_content":"","_et_gb_content_width":"","ngg_post_thumbnail":0,"footnotes":""},"aioseo_notices":[],"_links":{"self":[{"href":"https:\/\/blogsaverroes.juntadeandalucia.es\/aelius\/wp-json\/wp\/v2\/pages\/831"}],"collection":[{"href":"https:\/\/blogsaverroes.juntadeandalucia.es\/aelius\/wp-json\/wp\/v2\/pages"}],"about":[{"href":"https:\/\/blogsaverroes.juntadeandalucia.es\/aelius\/wp-json\/wp\/v2\/types\/page"}],"author":[{"embeddable":true,"href":"https:\/\/blogsaverroes.juntadeandalucia.es\/aelius\/wp-json\/wp\/v2\/users\/7051"}],"replies":[{"embeddable":true,"href":"https:\/\/blogsaverroes.juntadeandalucia.es\/aelius\/wp-json\/wp\/v2\/comments?post=831"}],"version-history":[{"count":7,"href":"https:\/\/blogsaverroes.juntadeandalucia.es\/aelius\/wp-json\/wp\/v2\/pages\/831\/revisions"}],"predecessor-version":[{"id":1007,"href":"https:\/\/blogsaverroes.juntadeandalucia.es\/aelius\/wp-json\/wp\/v2\/pages\/831\/revisions\/1007"}],"wp:attachment":[{"href":"https:\/\/blogsaverroes.juntadeandalucia.es\/aelius\/wp-json\/wp\/v2\/media?parent=831"}],"curies":[{"name":"wp","href":"https:\/\/api.w.org\/{rel}","templated":true}]}}

3º Ciclo de Educación Primaria

<p><strong>Tutores:</strong></p>
<p><strong>5ºA:</strong> Luisa María Gil Coca</p>
<p><strong>5ºB:&nbsp;</strong>Ana Eloísa García Cárdenas</p>
<p><strong>6ºA:</strong> Antonio J. Rodríguez Gutiérrez</p>
<p><strong>6ºB:</strong> Isabel Sobrino Orozco</p>
<p><strong>Especialista de inglés:</strong> Estefanía León Sierra</p>
<p><strong>Especialista de Francés:</strong> Yolanda Zarco Mancilla</p>
<p><strong>Especialista de Educación Física:</strong> Antonio L. González Gómez</p>
<p><strong>Especialista de Educación Musical:</strong> Antonio J. Rodríguez Gutiérrez</p>
<p><strong>Religión:</strong> Inma García Pozo</p>

<p>Tutores: 5ºA: Luisa María Gil Coca 5ºB:&nbsp;Ana Eloísa García Cárdenas 6ºA: Antonio J. Rodríguez Gutiérrez 6ºB: Isabel Sobrino Orozco Especialista de inglés: Estefanía León Sierra Especialista de Francés: Yolanda Zarco Mancilla Especialista de Educación Física: Antonio L. González Gómez Especialista de Educación Musical: Antonio J. Rodríguez Gutiérrez Religión: Inma García Pozo</p>
