{"id":1127,"date":"2021-05-12T17:50:37","date_gmt":"2021-05-12T17:50:37","guid":{"rendered":"https:\/\/blogsaverroes.juntadeandalucia.es\/agcdibujotecnico\/?page_id=1127"},"modified":"2021-05-12T17:59:55","modified_gmt":"2021-05-12T17:59:55","slug":"videotutoriales-sistema-de-planos-acotados","status":"publish","type":"page","link":"https:\/\/blogsaverroes.juntadeandalucia.es\/agcdibujotecnico\/videotutoriales\/videotutoriales-sistema-de-planos-acotados\/","title":{"rendered":"VIDEOTUTORIALES: SISTEMA DE PLANOS ACOTADOS."},"content":{"rendered":"<h2 class=\"fittexted_for_content_h2\"><strong>SISTEMA DE PLANOS ACOTADOS<\/strong><\/h2>\n<h4 class=\"fittexted_for_content_h4\">LISTA DE REPRODUCCI\u00d3N SOBRE SISTEMA DE PLANOS ACOTADOS (POR AGUST\u00cdN BALC\u00c1ZAR FERN\u00c1NDEZ).<\/h4>\n<p><iframe loading=\"lazy\" title=\"SISTEMA DE PLANOS ACOTADOS. Tema 1 Conceptos Generales\" width=\"500\" height=\"281\" src=\"https:\/\/www.youtube.com\/embed\/videoseries?list=PLHxFGHQzNMupkSVq83JzgLJ0z6Di3zkYT\" frameborder=\"0\" allow=\"accelerometer; autoplay; clipboard-write; encrypted-media; gyroscope; picture-in-picture\" allowfullscreen><\/iframe><\/p>\n<p>&nbsp;<\/p>\n<h4>LISTA DE REPRODUCCI\u00d3N CON V\u00cdDEOS DE SISTEMA DE PLANOS ACOTADOS EXPLICADOS PASO A PASO POR LA PROFESORA CARMEN MADRID.<\/h4>\n<p><iframe loading=\"lazy\" title=\"Sistema de planos acotados\" width=\"500\" height=\"281\" src=\"https:\/\/www.youtube.com\/embed\/videoseries?list=PLiHKPUj3GIfu2hL6qSQydyQySiFAwSiw1\" frameborder=\"0\" allow=\"accelerometer; autoplay; clipboard-write; encrypted-media; gyroscope; picture-in-picture\" allowfullscreen><\/iframe><\/p>\n","protected":false},"excerpt":{"rendered":"<p>SISTEMA DE PLANOS ACOTADOS LISTA DE REPRODUCCI\u00d3N SOBRE SISTEMA DE PLANOS ACOTADOS (POR AGUST\u00cdN BALC\u00c1ZAR FERN\u00c1NDEZ). &nbsp; LISTA DE REPRODUCCI\u00d3N CON V\u00cdDEOS DE SISTEMA DE PLANOS ACOTADOS EXPLICADOS PASO A PASO POR LA PROFESORA&#46;&#46;&#46;<\/p>\n","protected":false},"author":2852,"featured_media":0,"parent":686,"menu_order":0,"comment_status":"closed","ping_status":"closed","template":"","meta":{"ngg_post_thumbnail":0,"footnotes":""},"aioseo_notices":[],"_links":{"self":[{"href":"https:\/\/blogsaverroes.juntadeandalucia.es\/agcdibujotecnico\/wp-json\/wp\/v2\/pages\/1127"}],"collection":[{"href":"https:\/\/blogsaverroes.juntadeandalucia.es\/agcdibujotecnico\/wp-json\/wp\/v2\/pages"}],"about":[{"href":"https:\/\/blogsaverroes.juntadeandalucia.es\/agcdibujotecnico\/wp-json\/wp\/v2\/types\/page"}],"author":[{"embeddable":true,"href":"https:\/\/blogsaverroes.juntadeandalucia.es\/agcdibujotecnico\/wp-json\/wp\/v2\/users\/2852"}],"replies":[{"embeddable":true,"href":"https:\/\/blogsaverroes.juntadeandalucia.es\/agcdibujotecnico\/wp-json\/wp\/v2\/comments?post=1127"}],"version-history":[{"count":3,"href":"https:\/\/blogsaverroes.juntadeandalucia.es\/agcdibujotecnico\/wp-json\/wp\/v2\/pages\/1127\/revisions"}],"predecessor-version":[{"id":1136,"href":"https:\/\/blogsaverroes.juntadeandalucia.es\/agcdibujotecnico\/wp-json\/wp\/v2\/pages\/1127\/revisions\/1136"}],"up":[{"embeddable":true,"href":"https:\/\/blogsaverroes.juntadeandalucia.es\/agcdibujotecnico\/wp-json\/wp\/v2\/pages\/686"}],"wp:attachment":[{"href":"https:\/\/blogsaverroes.juntadeandalucia.es\/agcdibujotecnico\/wp-json\/wp\/v2\/media?parent=1127"}],"curies":[{"name":"wp","href":"https:\/\/api.w.org\/{rel}","templated":true}]}}