{"id":1294,"date":"2021-10-13T18:54:38","date_gmt":"2021-10-13T18:54:38","guid":{"rendered":"https:\/\/blogsaverroes.juntadeandalucia.es\/agcdibujotecnico\/?page_id=1294"},"modified":"2022-11-21T20:51:27","modified_gmt":"2022-11-21T20:51:27","slug":"proporcionalidad-mongge","status":"publish","type":"page","link":"https:\/\/blogsaverroes.juntadeandalucia.es\/agcdibujotecnico\/paso-a-paso-con-mongge\/geometria-plana-mongge\/proporcionalidad-mongge\/","title":{"rendered":"PROPORCIONALIDAD (Mongge)"},"content":{"rendered":"<h3>PROPORCIONALIDAD<\/h3>\n<ul>\n<li><a href=\"https:\/\/www.mongge.com\/ejercicios\/59315\" target=\"_blank\" rel=\"noopener noreferrer\"><strong>Potencia de un punto respecto de la circunferencia.<\/strong><\/a><\/li>\n<li><a href=\"https:\/\/www.mongge.com\/ejercicios\/59316\" target=\"_blank\" rel=\"noopener noreferrer\"><strong>Media proporcional de dos segmentos (M\u00e9todo basado en el teorema de la altura).<\/strong><\/a><\/li>\n<li><a href=\"https:\/\/www.mongge.com\/ejercicios\/59318\" target=\"_blank\" rel=\"noopener noreferrer\"><strong>Media proporcional de dos segmentos (M\u00e9todo basado en el teorema del cateto).<\/strong><\/a><\/li>\n<li><a href=\"https:\/\/www.mongge.com\/ejercicios\/59321\" target=\"_blank\" rel=\"noopener noreferrer\"><strong>Media proporcional de dos segmentos (Basado en la potencia de un punto respecto de la circunferencia).<\/strong><\/a><\/li>\n<li><a href=\"https:\/\/www.mongge.com\/ejercicios\/59547\" target=\"_blank\" rel=\"noopener noreferrer\"><strong>Cuarta proporcional de tres segmentos.<\/strong><\/a><\/li>\n<li><a href=\"https:\/\/www.mongge.com\/ejercicios\/59560\" target=\"_blank\" rel=\"noopener noreferrer\"><strong>Tercera proporcional de dos segmentos (M\u00e9todo 1).<\/strong><\/a><\/li>\n<li><a href=\"https:\/\/www.mongge.com\/ejercicios\/59561\" target=\"_blank\" rel=\"noopener noreferrer\"><strong>Tercera proporcional de dos segmentos (M\u00e9todo 2).<\/strong><\/a><\/li>\n<li><a href=\"https:\/\/www.mongge.com\/ejercicios\/59546\" target=\"_blank\" rel=\"noopener noreferrer\"><strong>Hallar dos segmentos conocida su suma y su diferencia.<\/strong><\/a><\/li>\n<li><a href=\"https:\/\/www.mongge.com\/ejercicios\/59533\" target=\"_blank\" rel=\"noopener noreferrer\"><strong>Hallar dos segmentos conocida su suma y su media proporcional.<\/strong><\/a><\/li>\n<li><a href=\"https:\/\/www.mongge.com\/ejercicios\/59535\" target=\"_blank\" rel=\"noopener noreferrer\"><strong>Hallar dos segmentos conocida su diferencia y su media proporcional.<\/strong><\/a><\/li>\n<li><a href=\"https:\/\/www.mongge.com\/ejercicios\/59539\" target=\"_blank\" rel=\"noopener noreferrer\"><strong>Divisi\u00f3n de un segmento en media y extrema raz\u00f3n (Secci\u00f3n \u00e1urea de un segmento).<\/strong><\/a><\/li>\n<li><a href=\"https:\/\/www.mongge.com\/ejercicios\/59541\" target=\"_blank\" rel=\"noopener noreferrer\"><strong>Obtenci\u00f3n de un segmento a partir de su secci\u00f3n \u00e1urea.<\/strong><\/a><\/li>\n<li><a href=\"https:\/\/www.mongge.com\/ejercicios\/59545\" target=\"_blank\" rel=\"noopener noreferrer\"><strong>Rect\u00e1ngulo \u00e1ureo de un cuadrado.<\/strong><\/a><\/li>\n<li><a href=\"https:\/\/www.mongge.com\/ejercicios\/59562\" target=\"_blank\" rel=\"noopener noreferrer\"><strong>Producto de dos segmentos.<\/strong><\/a><\/li>\n<li><a href=\"https:\/\/www.mongge.com\/ejercicios\/59563\" target=\"_blank\" rel=\"noopener noreferrer\"><strong>Divisi\u00f3n de dos segmentos.<\/strong><\/a><\/li>\n<li><a href=\"https:\/\/www.mongge.com\/ejercicios\/59569\" target=\"_blank\" rel=\"noopener noreferrer\"><strong>Ra\u00edz cuadrada de un segmento.<\/strong><\/a><\/li>\n<\/ul>\n","protected":false},"excerpt":{"rendered":"<p>PROPORCIONALIDAD Potencia de un punto respecto de la circunferencia. Media proporcional de dos segmentos (M\u00e9todo basado en el teorema de la altura). Media proporcional de dos segmentos (M\u00e9todo basado en el teorema del cateto).&#46;&#46;&#46;<\/p>\n","protected":false},"author":2852,"featured_media":0,"parent":1624,"menu_order":0,"comment_status":"closed","ping_status":"closed","template":"","meta":{"ngg_post_thumbnail":0,"footnotes":""},"aioseo_notices":[],"_links":{"self":[{"href":"https:\/\/blogsaverroes.juntadeandalucia.es\/agcdibujotecnico\/wp-json\/wp\/v2\/pages\/1294"}],"collection":[{"href":"https:\/\/blogsaverroes.juntadeandalucia.es\/agcdibujotecnico\/wp-json\/wp\/v2\/pages"}],"about":[{"href":"https:\/\/blogsaverroes.juntadeandalucia.es\/agcdibujotecnico\/wp-json\/wp\/v2\/types\/page"}],"author":[{"embeddable":true,"href":"https:\/\/blogsaverroes.juntadeandalucia.es\/agcdibujotecnico\/wp-json\/wp\/v2\/users\/2852"}],"replies":[{"embeddable":true,"href":"https:\/\/blogsaverroes.juntadeandalucia.es\/agcdibujotecnico\/wp-json\/wp\/v2\/comments?post=1294"}],"version-history":[{"count":20,"href":"https:\/\/blogsaverroes.juntadeandalucia.es\/agcdibujotecnico\/wp-json\/wp\/v2\/pages\/1294\/revisions"}],"predecessor-version":[{"id":1631,"href":"https:\/\/blogsaverroes.juntadeandalucia.es\/agcdibujotecnico\/wp-json\/wp\/v2\/pages\/1294\/revisions\/1631"}],"up":[{"embeddable":true,"href":"https:\/\/blogsaverroes.juntadeandalucia.es\/agcdibujotecnico\/wp-json\/wp\/v2\/pages\/1624"}],"wp:attachment":[{"href":"https:\/\/blogsaverroes.juntadeandalucia.es\/agcdibujotecnico\/wp-json\/wp\/v2\/media?parent=1294"}],"curies":[{"name":"wp","href":"https:\/\/api.w.org\/{rel}","templated":true}]}}