{"id":2452,"date":"2024-02-06T20:16:46","date_gmt":"2024-02-06T20:16:46","guid":{"rendered":"https:\/\/blogsaverroes.juntadeandalucia.es\/agcdibujotecnico\/?page_id=2452"},"modified":"2024-05-23T09:55:54","modified_gmt":"2024-05-23T09:55:54","slug":"dt-4o-eso-sd-lamina-17-intersecciones-entre-recta-y-plano-1-d-17","status":"publish","type":"page","link":"https:\/\/blogsaverroes.juntadeandalucia.es\/agcdibujotecnico\/dibujo-tecnico-4o-eso\/dt-4o-eso-bloque-3-geometria-descriptiva\/dt-4o-eso-sd-lamina-17-intersecciones-entre-recta-y-plano-1-d-17\/","title":{"rendered":"DT 4\u00ba ESO. SD. L\u00c1MINA 17: INTERSECCIONES ENTRE RECTA Y PLANO 1 (D-17)."},"content":{"rendered":"<h3 class=\"fittexted_for_content_h3\">Resoluci\u00f3n paso a paso de la l\u00e1mina D17.<\/h3>\n<p><a href=\"https:\/\/blogsaverroes.juntadeandalucia.es\/agcdibujotecnico\/files\/2024\/02\/4D_17.png\"><img loading=\"lazy\" decoding=\"async\" class=\"aligncenter size-full wp-image-2405\" src=\"https:\/\/blogsaverroes.juntadeandalucia.es\/agcdibujotecnico\/files\/2024\/02\/4D_17.png\" alt=\"\" width=\"1131\" height=\"1600\" srcset=\"https:\/\/blogsaverroes.juntadeandalucia.es\/agcdibujotecnico\/files\/2024\/02\/4D_17.png 1131w, https:\/\/blogsaverroes.juntadeandalucia.es\/agcdibujotecnico\/files\/2024\/02\/4D_17-212x300.png 212w, https:\/\/blogsaverroes.juntadeandalucia.es\/agcdibujotecnico\/files\/2024\/02\/4D_17-724x1024.png 724w, https:\/\/blogsaverroes.juntadeandalucia.es\/agcdibujotecnico\/files\/2024\/02\/4D_17-768x1086.png 768w, https:\/\/blogsaverroes.juntadeandalucia.es\/agcdibujotecnico\/files\/2024\/02\/4D_17-1086x1536.png 1086w\" sizes=\"(max-width: 1131px) 100vw, 1131px\" \/><\/a><\/p>\n<h4 class=\"fittexted_for_content_h4\">En las siguientes animaciones puedes ver el proceso de construcci\u00f3n de la l\u00e1mina. Para ver las animaciones en pantalla completa sigue estos pasos:<\/h4>\n<ol>\n<li>Accede desde los enlaces y busca el icono de pantalla completa en la parte superior derecha.<\/li>\n<li>Haz clic sobre el icono play de la parte inferior izquierda.<\/li>\n<li>Comenzar\u00e1 autom\u00e1ticamente la reproducci\u00f3n paso a paso.<\/li>\n<li>Si quieres verlo por pasos usa las flechas avance y retroceso de la parte inferior.<\/li>\n<\/ol>\n<h3 class=\"fittexted_for_content_h3\">L\u00c1MINA D-17<\/h3>\n<h4 class=\"fittexted_for_content_h4\">EJERCICIO 1<\/h4>\n<h4 class=\"fittexted_for_content_h4\">EJERCICIO 2<\/h4>\n<h4 class=\"fittexted_for_content_h4\">EJERCICIO 3<\/h4>\n<h4 class=\"fittexted_for_content_h4\">EJERCICIO 4<\/h4>\n<h4 class=\"fittexted_for_content_h4\">EJERCICIO 5<\/h4>\n<h4 class=\"fittexted_for_content_h4\">EJERCICIO 6<\/h4>\n","protected":false},"excerpt":{"rendered":"<p>Resoluci\u00f3n paso a paso de la l\u00e1mina D17. En las siguientes animaciones puedes ver el proceso de construcci\u00f3n de la l\u00e1mina. Para ver las animaciones en pantalla completa sigue estos pasos: Accede desde los&#46;&#46;&#46;<\/p>\n","protected":false},"author":2852,"featured_media":0,"parent":1913,"menu_order":0,"comment_status":"closed","ping_status":"closed","template":"","meta":{"ngg_post_thumbnail":0,"footnotes":""},"aioseo_notices":[],"_links":{"self":[{"href":"https:\/\/blogsaverroes.juntadeandalucia.es\/agcdibujotecnico\/wp-json\/wp\/v2\/pages\/2452"}],"collection":[{"href":"https:\/\/blogsaverroes.juntadeandalucia.es\/agcdibujotecnico\/wp-json\/wp\/v2\/pages"}],"about":[{"href":"https:\/\/blogsaverroes.juntadeandalucia.es\/agcdibujotecnico\/wp-json\/wp\/v2\/types\/page"}],"author":[{"embeddable":true,"href":"https:\/\/blogsaverroes.juntadeandalucia.es\/agcdibujotecnico\/wp-json\/wp\/v2\/users\/2852"}],"replies":[{"embeddable":true,"href":"https:\/\/blogsaverroes.juntadeandalucia.es\/agcdibujotecnico\/wp-json\/wp\/v2\/comments?post=2452"}],"version-history":[{"count":3,"href":"https:\/\/blogsaverroes.juntadeandalucia.es\/agcdibujotecnico\/wp-json\/wp\/v2\/pages\/2452\/revisions"}],"predecessor-version":[{"id":2536,"href":"https:\/\/blogsaverroes.juntadeandalucia.es\/agcdibujotecnico\/wp-json\/wp\/v2\/pages\/2452\/revisions\/2536"}],"up":[{"embeddable":true,"href":"https:\/\/blogsaverroes.juntadeandalucia.es\/agcdibujotecnico\/wp-json\/wp\/v2\/pages\/1913"}],"wp:attachment":[{"href":"https:\/\/blogsaverroes.juntadeandalucia.es\/agcdibujotecnico\/wp-json\/wp\/v2\/media?parent=2452"}],"curies":[{"name":"wp","href":"https:\/\/api.w.org\/{rel}","templated":true}]}}