{"id":44,"date":"2016-10-31T19:53:17","date_gmt":"2016-10-31T19:53:17","guid":{"rendered":"http:\/\/blogsaverroes.juntadeandalucia.es\/dibujoaljanadic\/?page_id=44"},"modified":"2026-03-05T10:03:32","modified_gmt":"2026-03-05T10:03:32","slug":"enlaces-de-interes","status":"publish","type":"page","link":"https:\/\/blogsaverroes.juntadeandalucia.es\/agcdibujotecnico\/enlaces-de-interes\/","title":{"rendered":"ENLACES DE INTER\u00c9S"},"content":{"rendered":"<p><span style=\"font-family: helvetica, arial, sans-serif\">En esta secci\u00f3n encontrar\u00e1s diversos enlaces a sitios o p\u00e1ginas web sobre Dibujo T\u00e9cnico que ser\u00e1n de gran utilidad para encontrar recursos de apoyo a la asignatura.<\/span><!--more--><\/p>\n<h3><span style=\"font-family: helvetica, arial, sans-serif\"><strong><a href=\"https:\/\/nathanfriend.io\/inspiral-web\/\" target=\"_blank\" rel=\"noopener noreferrer\"><img loading=\"lazy\" decoding=\"async\" class=\"alignleft wp-image-1674 size-medium\" src=\"https:\/\/blogsaverroes.juntadeandalucia.es\/agcdibujotecnico\/files\/2022\/12\/Captura-de-Pantalla-2022-12-15-a-las-11.14.09-300x170.png\" alt=\"\" width=\"300\" height=\"170\" srcset=\"https:\/\/blogsaverroes.juntadeandalucia.es\/agcdibujotecnico\/files\/2022\/12\/Captura-de-Pantalla-2022-12-15-a-las-11.14.09-300x170.png 300w, https:\/\/blogsaverroes.juntadeandalucia.es\/agcdibujotecnico\/files\/2022\/12\/Captura-de-Pantalla-2022-12-15-a-las-11.14.09-1024x579.png 1024w, https:\/\/blogsaverroes.juntadeandalucia.es\/agcdibujotecnico\/files\/2022\/12\/Captura-de-Pantalla-2022-12-15-a-las-11.14.09-768x434.png 768w, https:\/\/blogsaverroes.juntadeandalucia.es\/agcdibujotecnico\/files\/2022\/12\/Captura-de-Pantalla-2022-12-15-a-las-11.14.09-1536x869.png 1536w, https:\/\/blogsaverroes.juntadeandalucia.es\/agcdibujotecnico\/files\/2022\/12\/Captura-de-Pantalla-2022-12-15-a-las-11.14.09-2048x1158.png 2048w, https:\/\/blogsaverroes.juntadeandalucia.es\/agcdibujotecnico\/files\/2022\/12\/Captura-de-Pantalla-2022-12-15-a-las-11.14.09.png 1600w\" sizes=\"(max-width: 300px) 100vw, 300px\" \/><\/a><\/strong><\/span><\/h3>\n<h3><span style=\"font-family: helvetica, arial, sans-serif\">INSPIRAL WEB<\/span><\/h3>\n<p>Web dedicada a un aplicaci\u00f3n online basada en el espir\u00f3grafo, para generar curvas trocoides (cicloide, epicicloide e hipocicloide). Muy interesante para el estudio de este tipo de curvas.<\/p>\n<h3>&nbsp;<\/h3>\n<h3><span style=\"font-family: helvetica, arial, sans-serif\"><strong><a href=\"https:\/\/www.autodesk.com\/products\/fusion-360\/personal\" target=\"_blank\" rel=\"noopener noreferrer\"><img loading=\"lazy\" decoding=\"async\" class=\"wp-image-1826 size-medium alignleft\" src=\"https:\/\/blogsaverroes.juntadeandalucia.es\/agcdibujotecnico\/files\/2023\/05\/fusion360logo-300x175.jpg\" alt=\"\" width=\"300\" height=\"175\" srcset=\"https:\/\/blogsaverroes.juntadeandalucia.es\/agcdibujotecnico\/files\/2023\/05\/fusion360logo-300x175.jpg 300w, https:\/\/blogsaverroes.juntadeandalucia.es\/agcdibujotecnico\/files\/2023\/05\/fusion360logo.jpg 640w\" sizes=\"(max-width: 300px) 100vw, 300px\" \/><\/a>FUSION 360\u00ba<\/strong><\/span><\/h3>\n<h3>&nbsp;<\/h3>\n<h3>&nbsp;<\/h3>\n<h3>&nbsp;<\/h3>\n<h3>&nbsp;<\/h3>\n<h3><span style=\"font-family: helvetica, arial, sans-serif\"><a href=\"http:\/\/www.mongge.com\/educacion\/dibujo-tecnico\/\" target=\"_blank\" rel=\"noopener noreferrer\"><img loading=\"lazy\" decoding=\"async\" class=\"wp-image-495 size-medium alignleft\" src=\"https:\/\/blogsaverroes.juntadeandalucia.es\/agcdibujotecnico\/files\/2016\/10\/Captura-de-pantalla-2016-10-31-20.59.25-300x176.png\" alt=\"\" width=\"300\" height=\"176\" srcset=\"https:\/\/blogsaverroes.juntadeandalucia.es\/agcdibujotecnico\/files\/2016\/10\/Captura-de-pantalla-2016-10-31-20.59.25-300x176.png 300w, https:\/\/blogsaverroes.juntadeandalucia.es\/agcdibujotecnico\/files\/2016\/10\/Captura-de-pantalla-2016-10-31-20.59.25-768x450.png 768w, https:\/\/blogsaverroes.juntadeandalucia.es\/agcdibujotecnico\/files\/2016\/10\/Captura-de-pantalla-2016-10-31-20.59.25-24x14.png 24w, https:\/\/blogsaverroes.juntadeandalucia.es\/agcdibujotecnico\/files\/2016\/10\/Captura-de-pantalla-2016-10-31-20.59.25-36x21.png 36w, https:\/\/blogsaverroes.juntadeandalucia.es\/agcdibujotecnico\/files\/2016\/10\/Captura-de-pantalla-2016-10-31-20.59.25-48x28.png 48w, https:\/\/blogsaverroes.juntadeandalucia.es\/agcdibujotecnico\/files\/2016\/10\/Captura-de-pantalla-2016-10-31-20.59.25.png 958w\" sizes=\"(max-width: 300px) 100vw, 300px\" \/><\/a><\/span><\/h3>\n<h3><span style=\"font-family: helvetica, arial, sans-serif\">MONGGE<\/span><\/h3>\n<p><span style=\"font-family: helvetica, arial, sans-serif\">Aplicaci\u00f3n online para crear ejercicios y problemas de Dibujo T\u00e9cnico. Tiene una secci\u00f3n para editar y crear tus ejercicios y una completa biblioteca organizada por temas, adem\u00e1s de un buscador de contenidos. La potencia de esta herramienta se manifiesta en su caracter\u00edstica principal de visualizar paso a paso las construcciones.<\/span><\/p>\n<p>&nbsp;<\/p>\n<h3><span style=\"font-family: helvetica, arial, sans-serif\"><a href=\"https:\/\/www.youtube.com\/channel\/UCPxyQNxXpw1WKncwKTABvTg\" target=\"_blank\" rel=\"noopener noreferrer\"><img loading=\"lazy\" decoding=\"async\" class=\"alignleft wp-image-1546 size-medium\" src=\"https:\/\/blogsaverroes.juntadeandalucia.es\/agcdibujotecnico\/files\/2022\/09\/Captura-de-Pantalla-2022-09-22-a-las-13.55.19-300x112.png\" alt=\"\" width=\"300\" height=\"112\" srcset=\"https:\/\/blogsaverroes.juntadeandalucia.es\/agcdibujotecnico\/files\/2022\/09\/Captura-de-Pantalla-2022-09-22-a-las-13.55.19-300x112.png 300w, https:\/\/blogsaverroes.juntadeandalucia.es\/agcdibujotecnico\/files\/2022\/09\/Captura-de-Pantalla-2022-09-22-a-las-13.55.19-1024x381.png 1024w, https:\/\/blogsaverroes.juntadeandalucia.es\/agcdibujotecnico\/files\/2022\/09\/Captura-de-Pantalla-2022-09-22-a-las-13.55.19-768x286.png 768w, https:\/\/blogsaverroes.juntadeandalucia.es\/agcdibujotecnico\/files\/2022\/09\/Captura-de-Pantalla-2022-09-22-a-las-13.55.19.png 1516w\" sizes=\"(max-width: 300px) 100vw, 300px\" \/><\/a>PROFESOR DE DIBUJO (CANAL DE V\u00cdDEO EN YOUTUBE)<\/span><\/h3>\n<p>Es un canal de v\u00eddeo en la plataforma Youtube dedicada a v\u00eddeos muy interesantes sobre construcciones por pasos de geometr\u00eda plana y sistemas de re4presentaci\u00f3n, para todos los niveles.<\/p>\n<h3><a href=\"https:\/\/cuadernodedibujotecnico.blogspot.com\/\"><img loading=\"lazy\" decoding=\"async\" class=\"alignleft wp-image-2943\" src=\"https:\/\/blogsaverroes.juntadeandalucia.es\/agcdibujotecnico\/files\/2026\/03\/Captura-de-pantalla-2026-03-05-105829-300x51.png\" alt=\"\" width=\"305\" height=\"52\" srcset=\"https:\/\/blogsaverroes.juntadeandalucia.es\/agcdibujotecnico\/files\/2026\/03\/Captura-de-pantalla-2026-03-05-105829-300x51.png 300w, https:\/\/blogsaverroes.juntadeandalucia.es\/agcdibujotecnico\/files\/2026\/03\/Captura-de-pantalla-2026-03-05-105829.png 648w\" sizes=\"(max-width: 305px) 100vw, 305px\" \/><\/a>BLOG DE ALEJANDRO MU\u00d1OZ<\/h3>\n<p>Ejercicios resueltos de Selectividad (PAU-PEVAU) en pdf con las soluciones en el mismo archivo. Est\u00e1n organizados por temas y tambi\u00e9n aparecen apuntes te\u00f3ricos y ejercicios resueltos por pasos en la web-app de Mongge.<\/p>\n<h3>&nbsp;<\/h3>\n<h3><span style=\"font-family: helvetica, arial, sans-serif\"><a href=\"http:\/\/jcuadra2.wixsite.com\/cuadrado\"><br \/>\n<\/a><a href=\"http:\/\/jcuadra2.wixsite.com\/cuadrado\" target=\"_blank\" rel=\"noopener noreferrer\"><img loading=\"lazy\" decoding=\"async\" class=\"alignleft wp-image-499 size-medium\" src=\"https:\/\/blogsaverroes.juntadeandalucia.es\/agcdibujotecnico\/files\/2016\/10\/Captura-de-pantalla-2016-10-31-22.58.10-300x89.png\" alt=\"\" width=\"300\" height=\"89\" srcset=\"https:\/\/blogsaverroes.juntadeandalucia.es\/agcdibujotecnico\/files\/2016\/10\/Captura-de-pantalla-2016-10-31-22.58.10-300x89.png 300w, https:\/\/blogsaverroes.juntadeandalucia.es\/agcdibujotecnico\/files\/2016\/10\/Captura-de-pantalla-2016-10-31-22.58.10-768x229.png 768w, https:\/\/blogsaverroes.juntadeandalucia.es\/agcdibujotecnico\/files\/2016\/10\/Captura-de-pantalla-2016-10-31-22.58.10-1024x305.png 1024w, https:\/\/blogsaverroes.juntadeandalucia.es\/agcdibujotecnico\/files\/2016\/10\/Captura-de-pantalla-2016-10-31-22.58.10-24x7.png 24w, https:\/\/blogsaverroes.juntadeandalucia.es\/agcdibujotecnico\/files\/2016\/10\/Captura-de-pantalla-2016-10-31-22.58.10-36x11.png 36w, https:\/\/blogsaverroes.juntadeandalucia.es\/agcdibujotecnico\/files\/2016\/10\/Captura-de-pantalla-2016-10-31-22.58.10-48x14.png 48w, https:\/\/blogsaverroes.juntadeandalucia.es\/agcdibujotecnico\/files\/2016\/10\/Captura-de-pantalla-2016-10-31-22.58.10.png 1090w\" sizes=\"(max-width: 300px) 100vw, 300px\" \/><\/a>WEB DE JOS\u00c9 ANTONIO CUADRADO<\/span><\/h3>\n<p><span style=\"font-family: helvetica, arial, sans-serif\">Con recursos online muy \u00fatiles para el aprendizaje del Dibujo T\u00e9cnico.<\/span><\/p>\n<p>&nbsp;<\/p>\n<p>&nbsp;<\/p>\n<h3><span style=\"font-family: helvetica, arial, sans-serif\"><a href=\"http:\/\/www.10endibujo.com\/\" target=\"_blank\" rel=\"noopener noreferrer\"><img loading=\"lazy\" decoding=\"async\" class=\"alignleft wp-image-500 size-medium\" src=\"https:\/\/blogsaverroes.juntadeandalucia.es\/agcdibujotecnico\/files\/2016\/10\/Captura-de-pantalla-2016-10-31-23.11.46-300x85.png\" alt=\"\" width=\"300\" height=\"85\" srcset=\"https:\/\/blogsaverroes.juntadeandalucia.es\/agcdibujotecnico\/files\/2016\/10\/Captura-de-pantalla-2016-10-31-23.11.46-300x85.png 300w, https:\/\/blogsaverroes.juntadeandalucia.es\/agcdibujotecnico\/files\/2016\/10\/Captura-de-pantalla-2016-10-31-23.11.46-768x218.png 768w, https:\/\/blogsaverroes.juntadeandalucia.es\/agcdibujotecnico\/files\/2016\/10\/Captura-de-pantalla-2016-10-31-23.11.46-24x7.png 24w, https:\/\/blogsaverroes.juntadeandalucia.es\/agcdibujotecnico\/files\/2016\/10\/Captura-de-pantalla-2016-10-31-23.11.46-36x10.png 36w, https:\/\/blogsaverroes.juntadeandalucia.es\/agcdibujotecnico\/files\/2016\/10\/Captura-de-pantalla-2016-10-31-23.11.46-48x14.png 48w, https:\/\/blogsaverroes.juntadeandalucia.es\/agcdibujotecnico\/files\/2016\/10\/Captura-de-pantalla-2016-10-31-23.11.46.png 839w\" sizes=\"(max-width: 300px) 100vw, 300px\" \/><\/a>10 EN DIBUJO<\/span><\/h3>\n<p><span style=\"font-family: helvetica, arial, sans-serif\">Web de Pablo Domingo, arquitecto y profesor de Dibujo T\u00e9cnico. Encontrar\u00e1s gran cantidad de ejercicios de Selectividad resueltos y explicados paso a paso, as\u00ed como v\u00eddeos explicativos muy interesantes y explicados con claridad.<\/span><\/p>\n<p><span style=\"font-family: helvetica, arial, sans-serif\">&nbsp;<\/span><\/p>\n<h3><span style=\"font-family: helvetica, arial, sans-serif\"> <a href=\"https:\/\/www.sketchup.com\/es\/plans-and-pricing\/sketchup-free\" target=\"_blank\" rel=\"noopener noreferrer\"><img loading=\"lazy\" decoding=\"async\" class=\"wp-image-666 alignleft\" src=\"https:\/\/blogsaverroes.juntadeandalucia.es\/agcdibujotecnico\/files\/2016\/10\/sketchup-logo-300x95.jpg\" alt=\"\" width=\"303\" height=\"96\" srcset=\"https:\/\/blogsaverroes.juntadeandalucia.es\/agcdibujotecnico\/files\/2016\/10\/sketchup-logo-300x95.jpg 300w, https:\/\/blogsaverroes.juntadeandalucia.es\/agcdibujotecnico\/files\/2016\/10\/sketchup-logo-768x242.jpg 768w, https:\/\/blogsaverroes.juntadeandalucia.es\/agcdibujotecnico\/files\/2016\/10\/sketchup-logo-1024x323.jpg 1024w, https:\/\/blogsaverroes.juntadeandalucia.es\/agcdibujotecnico\/files\/2016\/10\/sketchup-logo-24x8.jpg 24w, https:\/\/blogsaverroes.juntadeandalucia.es\/agcdibujotecnico\/files\/2016\/10\/sketchup-logo-36x11.jpg 36w, https:\/\/blogsaverroes.juntadeandalucia.es\/agcdibujotecnico\/files\/2016\/10\/sketchup-logo-48x15.jpg 48w, https:\/\/blogsaverroes.juntadeandalucia.es\/agcdibujotecnico\/files\/2016\/10\/sketchup-logo.jpg 1600w\" sizes=\"(max-width: 303px) 100vw, 303px\" \/><\/a>SKETCHUP<\/span><\/h3>\n<p><span style=\"font-family: helvetica, arial, sans-serif\">P\u00e1gina del programa online (necesitas registrarte gratis con tu cuenta de gmail o crear una cuenta personal). Puedes descargar tambi\u00e9n la aplicaci\u00f3n para instalar en tus dispositivos.<\/span><\/p>\n<p>&nbsp;<\/p>\n<p>&nbsp;<\/p>\n<h3><span style=\"font-family: helvetica, arial, sans-serif\"><a href=\"https:\/\/www.geogebra.org\" target=\"_blank\" rel=\"noopener noreferrer\"><img loading=\"lazy\" decoding=\"async\" class=\"wp-image-745 size-medium alignleft\" src=\"https:\/\/blogsaverroes.juntadeandalucia.es\/agcdibujotecnico\/files\/2019\/10\/D3YbG5j293kJCQkJCQkJCQkJCQkJCQkJCQkJCQkJCQkJCQkJCQkJCQkJCQkJCQkJCQkJCQkJCQkJCQkJCQkJCYGP8DedTY7b7EYSUAAAAASUVORK5CYII-300x84.png\" alt=\"\" width=\"300\" height=\"84\" srcset=\"https:\/\/blogsaverroes.juntadeandalucia.es\/agcdibujotecnico\/files\/2019\/10\/D3YbG5j293kJCQkJCQkJCQkJCQkJCQkJCQkJCQkJCQkJCQkJCQkJCQkJCQkJCQkJCQkJCQkJCQkJCQkJCQkJCYGP8DedTY7b7EYSUAAAAASUVORK5CYII-300x84.png 300w, https:\/\/blogsaverroes.juntadeandalucia.es\/agcdibujotecnico\/files\/2019\/10\/D3YbG5j293kJCQkJCQkJCQkJCQkJCQkJCQkJCQkJCQkJCQkJCQkJCQkJCQkJCQkJCQkJCQkJCQkJCQkJCQkJCYGP8DedTY7b7EYSUAAAAASUVORK5CYII-24x7.png 24w, https:\/\/blogsaverroes.juntadeandalucia.es\/agcdibujotecnico\/files\/2019\/10\/D3YbG5j293kJCQkJCQkJCQkJCQkJCQkJCQkJCQkJCQkJCQkJCQkJCQkJCQkJCQkJCQkJCQkJCQkJCQkJCQkJCYGP8DedTY7b7EYSUAAAAASUVORK5CYII-36x10.png 36w, https:\/\/blogsaverroes.juntadeandalucia.es\/agcdibujotecnico\/files\/2019\/10\/D3YbG5j293kJCQkJCQkJCQkJCQkJCQkJCQkJCQkJCQkJCQkJCQkJCQkJCQkJCQkJCQkJCQkJCQkJCQkJCQkJCYGP8DedTY7b7EYSUAAAAASUVORK5CYII-48x13.png 48w, https:\/\/blogsaverroes.juntadeandalucia.es\/agcdibujotecnico\/files\/2019\/10\/D3YbG5j293kJCQkJCQkJCQkJCQkJCQkJCQkJCQkJCQkJCQkJCQkJCQkJCQkJCQkJCQkJCQkJCQkJCQkJCQkJCYGP8DedTY7b7EYSUAAAAASUVORK5CYII.png 424w\" sizes=\"(max-width: 300px) 100vw, 300px\" \/><\/a>GEOGEBRA<\/span><\/h3>\n<p><span style=\"font-family: helvetica, arial, sans-serif\">Web dedicada a esta aplicaci\u00f3n tan extendida entre los amantes de las matem\u00e1ticas. Sus capacidades de visualizar gr\u00e1ficamente la geometr\u00eda y de reproducir paso a paso los procesos de construcci\u00f3n la convierten en una herramienta bastante \u00fatil para el Dibujo T\u00e9cnico. Enlaza mediante la imagen con el programa en su versi\u00f3n online.<\/span><\/p>\n<p>&nbsp;<\/p>\n<h3><a href=\"https:\/\/www.editorial-alarcon.es\/DTA\/DTA%20Contenidos.htm\" target=\"_blank\" rel=\"noopener noreferrer\"><img loading=\"lazy\" decoding=\"async\" class=\"alignleft wp-image-886 size-full\" src=\"https:\/\/blogsaverroes.juntadeandalucia.es\/agcdibujotecnico\/files\/2020\/11\/Logo_ED_Alarc\u00f3n.gif\" alt=\"\" width=\"90\" height=\"133\" srcset=\"https:\/\/blogsaverroes.juntadeandalucia.es\/agcdibujotecnico\/files\/2020\/11\/Logo_ED_Alarc\u00f3n.gif 90w, https:\/\/blogsaverroes.juntadeandalucia.es\/agcdibujotecnico\/files\/2020\/11\/Logo_ED_Alarc\u00f3n-16x24.gif 16w, https:\/\/blogsaverroes.juntadeandalucia.es\/agcdibujotecnico\/files\/2020\/11\/Logo_ED_Alarc\u00f3n-24x36.gif 24w, https:\/\/blogsaverroes.juntadeandalucia.es\/agcdibujotecnico\/files\/2020\/11\/Logo_ED_Alarc\u00f3n-32x48.gif 32w\" sizes=\"(max-width: 90px) 100vw, 90px\" \/><\/a><span style=\"font-family: helvetica, arial, sans-serif\">APUNTES DE DIBUJO T\u00c9CNICO DE EDITORIAL ALARC\u00d3N<\/span><\/h3>\n<p><span style=\"font-family: helvetica, arial, sans-serif\">Enlace a los apuntes de Dibujo T\u00e9cnico de la Editorial Alarc\u00f3n (enlace directo a la p\u00e1gina WEB).<\/span><\/p>\n<p><span style=\"font-family: helvetica, arial, sans-serif\">En este otro enlace puedes descargar todos los pdf de apuntes desde Dropbox. <a href=\"https:\/\/www.dropbox.com\/sh\/np7oyxe9jfh60cb\/AACStqYtTce4KU2h2oguJdEXa?dl=0\" target=\"_blank\" rel=\"noopener noreferrer\">Apuntes en pdf<\/a><\/span><\/p>\n<p>&nbsp;<\/p>\n<p>&nbsp;<\/p>\n<h3><span style=\"font-family: helvetica, arial, sans-serif\"><a href=\"https:\/\/ibiguridt.wordpress.com\"><img loading=\"lazy\" decoding=\"async\" class=\"alignleft wp-image-1183 size-thumbnail\" src=\"https:\/\/blogsaverroes.juntadeandalucia.es\/agcdibujotecnico\/files\/2021\/05\/Captura-de-pantalla-2021-05-23-a-las-20.52.58-150x150.png\" alt=\"\" width=\"150\" height=\"150\" srcset=\"https:\/\/blogsaverroes.juntadeandalucia.es\/agcdibujotecnico\/files\/2021\/05\/Captura-de-pantalla-2021-05-23-a-las-20.52.58-150x150.png 150w, https:\/\/blogsaverroes.juntadeandalucia.es\/agcdibujotecnico\/files\/2021\/05\/Captura-de-pantalla-2021-05-23-a-las-20.52.58-80x80.png 80w, https:\/\/blogsaverroes.juntadeandalucia.es\/agcdibujotecnico\/files\/2021\/05\/Captura-de-pantalla-2021-05-23-a-las-20.52.58-320x320.png 320w\" sizes=\"(max-width: 150px) 100vw, 150px\" \/><\/a>BLOG DE DIBUJO T\u00c9CNICO DE I\u00d1AKI BIGURI ZARRAONANDIA<\/span><\/h3>\n<p>Un blog profesional sobre dibujo t\u00e9cnico, muy recomendable, con gran cantidad de ejemplos pr\u00e1cticos y representaci\u00f3n gr\u00e1fica de calidad.<\/p>\n","protected":false},"excerpt":{"rendered":"<p>En esta secci\u00f3n encontrar\u00e1s diversos enlaces a sitios o p\u00e1ginas web sobre Dibujo T\u00e9cnico que ser\u00e1n de gran utilidad para encontrar recursos de apoyo a la asignatura.<\/p>\n","protected":false},"author":2852,"featured_media":47,"parent":0,"menu_order":0,"comment_status":"open","ping_status":"open","template":"","meta":{"ngg_post_thumbnail":0,"footnotes":""},"aioseo_notices":[],"_links":{"self":[{"href":"https:\/\/blogsaverroes.juntadeandalucia.es\/agcdibujotecnico\/wp-json\/wp\/v2\/pages\/44"}],"collection":[{"href":"https:\/\/blogsaverroes.juntadeandalucia.es\/agcdibujotecnico\/wp-json\/wp\/v2\/pages"}],"about":[{"href":"https:\/\/blogsaverroes.juntadeandalucia.es\/agcdibujotecnico\/wp-json\/wp\/v2\/types\/page"}],"author":[{"embeddable":true,"href":"https:\/\/blogsaverroes.juntadeandalucia.es\/agcdibujotecnico\/wp-json\/wp\/v2\/users\/2852"}],"replies":[{"embeddable":true,"href":"https:\/\/blogsaverroes.juntadeandalucia.es\/agcdibujotecnico\/wp-json\/wp\/v2\/comments?post=44"}],"version-history":[{"count":21,"href":"https:\/\/blogsaverroes.juntadeandalucia.es\/agcdibujotecnico\/wp-json\/wp\/v2\/pages\/44\/revisions"}],"predecessor-version":[{"id":2945,"href":"https:\/\/blogsaverroes.juntadeandalucia.es\/agcdibujotecnico\/wp-json\/wp\/v2\/pages\/44\/revisions\/2945"}],"wp:featuredmedia":[{"embeddable":true,"href":"https:\/\/blogsaverroes.juntadeandalucia.es\/agcdibujotecnico\/wp-json\/"}],"wp:attachment":[{"href":"https:\/\/blogsaverroes.juntadeandalucia.es\/agcdibujotecnico\/wp-json\/wp\/v2\/media?parent=44"}],"curies":[{"name":"wp","href":"https:\/\/api.w.org\/{rel}","templated":true}]}}