{"id":859,"date":"2020-10-28T20:46:55","date_gmt":"2020-10-28T20:46:55","guid":{"rendered":"https:\/\/blogsaverroes.juntadeandalucia.es\/agcdibujotecnico\/?page_id=859"},"modified":"2022-01-08T20:05:14","modified_gmt":"2022-01-08T20:05:14","slug":"pendientes-dt","status":"publish","type":"page","link":"https:\/\/blogsaverroes.juntadeandalucia.es\/agcdibujotecnico\/pendientes-dt\/","title":{"rendered":"PENDIENTES DE DIBUJO T\u00c9CNICO"},"content":{"rendered":"<h3>INSTRUCCIONES PARA PRESENTACI\u00d3N DE TAREAS Y PREPARACI\u00d3N DE LAS PRUEBAS DE ENERO (1\u00aa CONVOCATORIA) Y ABRIL (2\u00aa CONVOCATORIA) DE 2021.&nbsp;<\/h3>\n<h3>Para todo el alumnado con DTI pendiente de 1\u00ba de Bachillerato.<\/h3>\n<h4><strong>Pruebas de recuperaci\u00f3n:&nbsp;<\/strong><strong>1\u00aa Convocatoria.<\/strong><\/h4>\n<ul>\n<li>Entrega de l\u00e1minas: <strong>del lunes 11 al mi\u00e9rcoles 13 de enero de 2021. SE MANTIENEN LAS FECHAS DE ENTREGA.<\/strong><\/li>\n<li>Prueba pr\u00e1ctica: Se han cambiado las fechas de ex\u00e1menes (consulta en este enlace: <a href=\"https:\/\/blogsaverroes.juntadeandalucia.es\/agcepva\/2020\/12\/17\/cambio-de-fechas-de-la-primera-convocatoria-de-pendientes\/\" target=\"_blank\" rel=\"noopener noreferrer\">CAMBIO DE FECHAS.<\/a>\n<ul>\n<li><strong>Para alumnado de 2\u00ba de Bachillerato con DTI pendiente de 1\u00ba de Bachillerato matriculado en GRUPO 1: semana del 1 al 5 de febrero de 2021.<\/strong><\/li>\n<li><strong>Para alumnado de 2\u00ba de Bachillerato con DTI pendiente de 1\u00ba de Bachillerato matriculado&nbsp;en GRUPO 2: semana del 8 al 12 de febrero de 2021.<\/strong><\/li>\n<\/ul>\n<\/li>\n<\/ul>\n<h4>CONSULTA DE CALENDARIO DE PRUEBAS<\/h4>\n<p><img loading=\"lazy\" decoding=\"async\" class=\"size-large wp-image-956 aligncenter\" src=\"https:\/\/blogsaverroes.juntadeandalucia.es\/agcdibujotecnico\/files\/2020\/12\/Examenes_pendientes_ESO_Bachillerato_FEBRERO_2021-1024x724.png\" alt=\"\" width=\"1024\" height=\"724\" srcset=\"https:\/\/blogsaverroes.juntadeandalucia.es\/agcdibujotecnico\/files\/2020\/12\/Examenes_pendientes_ESO_Bachillerato_FEBRERO_2021-1024x724.png 1024w, https:\/\/blogsaverroes.juntadeandalucia.es\/agcdibujotecnico\/files\/2020\/12\/Examenes_pendientes_ESO_Bachillerato_FEBRERO_2021-300x212.png 300w, https:\/\/blogsaverroes.juntadeandalucia.es\/agcdibujotecnico\/files\/2020\/12\/Examenes_pendientes_ESO_Bachillerato_FEBRERO_2021-768x543.png 768w, https:\/\/blogsaverroes.juntadeandalucia.es\/agcdibujotecnico\/files\/2020\/12\/Examenes_pendientes_ESO_Bachillerato_FEBRERO_2021-1536x1086.png 1536w, https:\/\/blogsaverroes.juntadeandalucia.es\/agcdibujotecnico\/files\/2020\/12\/Examenes_pendientes_ESO_Bachillerato_FEBRERO_2021-2048x1448.png 2048w, https:\/\/blogsaverroes.juntadeandalucia.es\/agcdibujotecnico\/files\/2020\/12\/Examenes_pendientes_ESO_Bachillerato_FEBRERO_2021-24x17.png 24w, https:\/\/blogsaverroes.juntadeandalucia.es\/agcdibujotecnico\/files\/2020\/12\/Examenes_pendientes_ESO_Bachillerato_FEBRERO_2021-36x25.png 36w, https:\/\/blogsaverroes.juntadeandalucia.es\/agcdibujotecnico\/files\/2020\/12\/Examenes_pendientes_ESO_Bachillerato_FEBRERO_2021-48x34.png 48w, https:\/\/blogsaverroes.juntadeandalucia.es\/agcdibujotecnico\/files\/2020\/12\/Examenes_pendientes_ESO_Bachillerato_FEBRERO_2021.png 1600w\" sizes=\"(max-width: 1024px) 100vw, 1024px\" \/><\/p>\n<h4><strong>Pruebas de recuperaci\u00f3n: 2<\/strong><strong>\u00aa Convocatoria.<\/strong><\/h4>\n<ul>\n<li>Entrega de l\u00e1minas: <strong>del lunes 12 al viernes 16 de abril de 2021.<\/strong><\/li>\n<li>Prueba pr\u00e1ctica:\n<ul>\n<li><strong>semana del 12 al 16 de abril de 2021(G1).<\/strong><\/li>\n<li><strong>semana del 19 al 23 de abril de 2021(G2).<\/strong><\/li>\n<\/ul>\n<\/li>\n<\/ul>\n<h4><img loading=\"lazy\" decoding=\"async\" class=\"alignleft size-large wp-image-1015\" src=\"https:\/\/blogsaverroes.juntadeandalucia.es\/agcdibujotecnico\/files\/2021\/04\/Calendario-2\u00aa-convocatoria-de-pruebas-Bachillerato-pendientes--1024x768.png\" alt=\"\" width=\"1024\" height=\"768\" srcset=\"https:\/\/blogsaverroes.juntadeandalucia.es\/agcdibujotecnico\/files\/2021\/04\/Calendario-2\u00aa-convocatoria-de-pruebas-Bachillerato-pendientes--1024x768.png 1024w, https:\/\/blogsaverroes.juntadeandalucia.es\/agcdibujotecnico\/files\/2021\/04\/Calendario-2\u00aa-convocatoria-de-pruebas-Bachillerato-pendientes--300x225.png 300w, https:\/\/blogsaverroes.juntadeandalucia.es\/agcdibujotecnico\/files\/2021\/04\/Calendario-2\u00aa-convocatoria-de-pruebas-Bachillerato-pendientes--768x576.png 768w, https:\/\/blogsaverroes.juntadeandalucia.es\/agcdibujotecnico\/files\/2021\/04\/Calendario-2\u00aa-convocatoria-de-pruebas-Bachillerato-pendientes--1536x1152.png 1536w, https:\/\/blogsaverroes.juntadeandalucia.es\/agcdibujotecnico\/files\/2021\/04\/Calendario-2\u00aa-convocatoria-de-pruebas-Bachillerato-pendientes-.png 1600w\" sizes=\"(max-width: 1024px) 100vw, 1024px\" \/><\/h4>\n<h4><strong><br \/>\nNormas para la realizaci\u00f3n de las pruebas.<\/strong><\/h4>\n<ul>\n<li>La evaluaci\u00f3n de la asignatura se har\u00e1 en dos convocatorias independientes, en las fechas arriba indicadas. Ser\u00e1 obligatorio presentarse a ambas convocatorias y supondr\u00e1 la evaluaci\u00f3n negativa de la asignatura la no presentaci\u00f3n a alguna de las convocatorias, salvo que se justifique de forma clara la no comparecencia a las pruebas y entrega de actividades.<\/li>\n<li>Las l\u00e1minas de cada convocatoria deben entregarse en las fechas se\u00f1aladas.<\/li>\n<li>Los alumnos y alumnas ser\u00e1n evaluados por el profesorado de la asignatura de Dibujo T\u00e9cnico del curso actual al que entregar\u00e1n las l\u00e1minas en las fechas indicadas.<\/li>\n<li>Los alumnos y alumnas que, en el presente curso, no tengan clase de esta asignatura ser\u00e1n evaluados por el Jefe del Departamento, para lo que deben ponerse en contacto con el mismo.<\/li>\n<li>Los ejercicios se presentar\u00e1n resueltos en l\u00e1minas que pueden descargarse e imprimirse en los enlaces que aparecen m\u00e1s abajo. Cualquier duda sobre los mismos podr\u00e1 ser consultada con el profesor o profesora del curso actual o con el Jefe del Departamento.<\/li>\n<li>Se valorar\u00e1 la correcta soluci\u00f3n de los ejercicios y la limpieza y calidad gr\u00e1fica de los mismos.<\/li>\n<li>Deber\u00e1n asistir a las pruebas pr\u00e1cticas provistos de equipo de dibujo t\u00e9cnico adecuado: escuadra, cartab\u00f3n, regla graduada, comp\u00e1s, goma, l\u00e1piz o portaminas, sacapuntas y opcionalmente plantilla de curvas o regla flexible para curvas y transportador de \u00e1ngulos. La prueba se realizar\u00e1 sobre el papel fotocopiado que el profesor\/a o el Jefe de Departamento entregue al alumno o alumna en el inicio de la misma.<\/li>\n<li><strong>Debido a las normas de seguridad e higiene de obligado cumplimiento para combatir la propagaci\u00f3n del COVID-19, queda terminantemente prohibido utilizar materiales e instrumentos de otros alumnos o alumnas. El&nbsp;incumplimiento de esta norma supondr\u00e1 la invalidaci\u00f3n de la prueba y de la entrega de actividades.<\/strong><\/li>\n<li><strong><span lang=\"ES-TRAD\">No se examinar\u00e1 a los alumnos y alumnas que se presenten sin el material necesario y\/o las l\u00e1minas propuestas.<\/span><\/strong><\/li>\n<\/ul>\n<h3><strong>L\u00e1minas propuestas para alumnado pendiente de DTI de 1\u00ba de Bachillerato (Curso 2020\/2021).<\/strong><\/h3>\n<p>Se debe entregar un total de 30 l\u00e1minas, 10 l\u00e1minas de cada uno de los tres bloques tem\u00e1ticos de la asignatura.&nbsp;En la primera convocatoria se entregar\u00e1n 15 l\u00e1minas a elegir de los bloques tem\u00e1ticos propuestos para cada prueba. En la segunda convocatoria se entregar\u00e1n otras 15 l\u00e1minas a elegir de los bloques propuestos para la prueba de la segunda convocatoria. Para acceder a las l\u00e1minas propuestas y seleccionar las necesarias de cada bloque se utilizar\u00e1n los siguientes enlaces, donde se encuentran todas las propuestas de DTI de 1\u00ba de Bachillerato:<\/p>\n<p><strong><a title=\"DTI.- L\u00c1MINAS PROPUESTAS (GEOMETR\u00cdA PLANA)\" href=\"https:\/\/blogsaverroes.juntadeandalucia.es\/agcdibujotecnico\/laminas-propuestas\/\" target=\"_blank\" rel=\"noopener noreferrer\">Propuesta de l\u00e1minas del bloque 1: geometr\u00eda plana.<\/a><\/strong><\/p>\n<p><a href=\"https:\/\/blogsaverroes.juntadeandalucia.es\/agcdibujotecnico\/dibujo-tecnico-i\/dti-laminas-propuestas-sistemas-rep-esp\/\" target=\"_blank\" rel=\"noopener noreferrer\"><strong>Propuesta de l\u00e1minas del bloque 2: sistemas de representaci\u00f3n.<\/strong><\/a><\/p>\n<p><a title=\"DTI.- L\u00c1MINAS PROPUESTAS (NORMALIZACI\u00d3N)\" href=\"https:\/\/blogsaverroes.juntadeandalucia.es\/agcdibujotecnico\/dti-laminas-propuestas-normalizacion\/\" target=\"_blank\" rel=\"noopener noreferrer\"><strong>Propuesta de l\u00e1minas del bloque 3: normalizaci\u00f3n.<\/strong><\/a><\/p>\n<h3><strong>Evaluaci\u00f3n de las l\u00e1minas y las pruebas.<\/strong><\/h3>\n<div>En la primera convocatoria los contenidos que se evaluar\u00e1n corresponden a los dos primeros bloques tem\u00e1ticos: bloque 1 (geometr\u00eda plana) y la mitad del bloque 2 (sistema de planos acotados y sistema di\u00e9drico primera parte).&nbsp;En la segunda convocatoria entrar\u00e1n los siguientes bloques tem\u00e1ticos: sistema di\u00e9drico segunda parte y sistema axonom\u00e9trico en el segundo segundo bloque tem\u00e1tico y normalizaci\u00f3n en el tercer bloque tem\u00e1tico.<\/div>\n<div>&nbsp;<\/div>\n<div>Las pruebas estar\u00e1n basadas en la realizaci\u00f3n de tres problemas (de los bloques descritos para cada convocatoria.&nbsp;La asignatura se evaluar\u00e1 ponderando la nota de la prueba al 80% y la nota media de las l\u00e1minas entregadas al 20% en cada convocatoria. Se deben aprobar ambas convocatorias con&nbsp;un m\u00ednimo&nbsp;de 5 puntos o una media de 5 puntos entre ambas.<\/div>\n","protected":false},"excerpt":{"rendered":"<p>INSTRUCCIONES PARA PRESENTACI\u00d3N DE TAREAS Y PREPARACI\u00d3N DE LAS PRUEBAS DE ENERO (1\u00aa CONVOCATORIA) Y ABRIL (2\u00aa CONVOCATORIA) DE 2021.&nbsp; Para todo el alumnado con DTI pendiente de 1\u00ba de Bachillerato. Pruebas de recuperaci\u00f3n:&nbsp;1\u00aa&#46;&#46;&#46;<\/p>\n","protected":false},"author":2852,"featured_media":0,"parent":0,"menu_order":0,"comment_status":"closed","ping_status":"closed","template":"","meta":{"ngg_post_thumbnail":0,"footnotes":""},"aioseo_notices":[],"_links":{"self":[{"href":"https:\/\/blogsaverroes.juntadeandalucia.es\/agcdibujotecnico\/wp-json\/wp\/v2\/pages\/859"}],"collection":[{"href":"https:\/\/blogsaverroes.juntadeandalucia.es\/agcdibujotecnico\/wp-json\/wp\/v2\/pages"}],"about":[{"href":"https:\/\/blogsaverroes.juntadeandalucia.es\/agcdibujotecnico\/wp-json\/wp\/v2\/types\/page"}],"author":[{"embeddable":true,"href":"https:\/\/blogsaverroes.juntadeandalucia.es\/agcdibujotecnico\/wp-json\/wp\/v2\/users\/2852"}],"replies":[{"embeddable":true,"href":"https:\/\/blogsaverroes.juntadeandalucia.es\/agcdibujotecnico\/wp-json\/wp\/v2\/comments?post=859"}],"version-history":[{"count":8,"href":"https:\/\/blogsaverroes.juntadeandalucia.es\/agcdibujotecnico\/wp-json\/wp\/v2\/pages\/859\/revisions"}],"predecessor-version":[{"id":1466,"href":"https:\/\/blogsaverroes.juntadeandalucia.es\/agcdibujotecnico\/wp-json\/wp\/v2\/pages\/859\/revisions\/1466"}],"wp:attachment":[{"href":"https:\/\/blogsaverroes.juntadeandalucia.es\/agcdibujotecnico\/wp-json\/wp\/v2\/media?parent=859"}],"curies":[{"name":"wp","href":"https:\/\/api.w.org\/{rel}","templated":true}]}}