{"id":144,"date":"2015-03-17T07:46:28","date_gmt":"2015-03-17T07:46:28","guid":{"rendered":"http:\/\/blogsaverroes.juntadeandalucia.es\/pre\/ceip\/?page_id=144"},"modified":"2025-09-11T19:53:13","modified_gmt":"2025-09-11T17:53:13","slug":"orientacion","status":"publish","type":"page","link":"https:\/\/blogsaverroes.juntadeandalucia.es\/alcaldeparrilladelara\/orientacion\/","title":{"rendered":"E.O.E."},"content":{"rendered":"<h3><span style=\"text-decoration: underline\"><strong>Equipo de Orientaci\u00f3n Educativa (EOE):<\/strong><\/span><\/h3>\n<p>&nbsp;<\/p>\n<h4><strong>Orientadora:<\/strong><\/h4>\n<p>Virginia Lafuente Molina.<\/p>\n<p><em><span style=\"text-decoration: underline\">Horario de atenci\u00f3n a la comunidad educativa<\/span><\/em>: martes, bajo cita previa, en horario comprendido entre las 9:00 y las 14:00. Para solicitar cita ponerse en contacto con el\/la tutor\/a, o la Jefatura de Estudios.<\/p>\n<h4><strong>Enfermero escolar:<\/strong><\/h4>\n<p>Diego Manuel Cruz S\u00e1nchez.<\/p>\n<h4><strong>Maestra de Pedagog\u00eda Terap\u00e9utica:<\/strong><\/h4>\n<p>Ana T\u00edscar Mar\u00edn Fern\u00e1ndez.<\/p>\n<h4><strong>Maestra de Audici\u00f3n y Lenguaje:<\/strong><\/h4>\n<p>Luc\u00eda Mata Hueso.<\/p>\n","protected":false},"excerpt":{"rendered":"<p>Equipo de Orientaci\u00f3n Educativa (EOE): &nbsp; Orientadora: Virginia Lafuente Molina. Horario de atenci\u00f3n a la comunidad educativa: martes, bajo cita previa, en horario comprendido entre&hellip;<\/p>\n","protected":false},"author":1,"featured_media":0,"parent":0,"menu_order":0,"comment_status":"closed","ping_status":"open","template":"","meta":{"ngg_post_thumbnail":0,"footnotes":"","_mc_calendar":[]},"aioseo_notices":[],"_links":{"self":[{"href":"https:\/\/blogsaverroes.juntadeandalucia.es\/alcaldeparrilladelara\/wp-json\/wp\/v2\/pages\/144"}],"collection":[{"href":"https:\/\/blogsaverroes.juntadeandalucia.es\/alcaldeparrilladelara\/wp-json\/wp\/v2\/pages"}],"about":[{"href":"https:\/\/blogsaverroes.juntadeandalucia.es\/alcaldeparrilladelara\/wp-json\/wp\/v2\/types\/page"}],"author":[{"embeddable":true,"href":"https:\/\/blogsaverroes.juntadeandalucia.es\/alcaldeparrilladelara\/wp-json\/wp\/v2\/users\/1"}],"replies":[{"embeddable":true,"href":"https:\/\/blogsaverroes.juntadeandalucia.es\/alcaldeparrilladelara\/wp-json\/wp\/v2\/comments?post=144"}],"version-history":[{"count":21,"href":"https:\/\/blogsaverroes.juntadeandalucia.es\/alcaldeparrilladelara\/wp-json\/wp\/v2\/pages\/144\/revisions"}],"predecessor-version":[{"id":4137,"href":"https:\/\/blogsaverroes.juntadeandalucia.es\/alcaldeparrilladelara\/wp-json\/wp\/v2\/pages\/144\/revisions\/4137"}],"wp:attachment":[{"href":"https:\/\/blogsaverroes.juntadeandalucia.es\/alcaldeparrilladelara\/wp-json\/wp\/v2\/media?parent=144"}],"curies":[{"name":"wp","href":"https:\/\/api.w.org\/{rel}","templated":true}]}}

<h3><span style="text-decoration: underline"><strong>Equipo de Orientación Educativa (EOE):</strong></span></h3>
<p>&nbsp;</p>
<h4><strong>Orientadora:</strong></h4>
<p>Virginia Lafuente Molina.</p>
<p><em><span style="text-decoration: underline">Horario de atención a la comunidad educativa</span></em>: martes, bajo cita previa, en horario comprendido entre las 9:00 y las 14:00. Para solicitar cita ponerse en contacto con el/la tutor/a, o la Jefatura de Estudios.</p>
<h4><strong>Enfermero escolar:</strong></h4>
<p>Diego Manuel Cruz Sánchez.</p>
<h4><strong>Maestra de Pedagogía Terapéutica:</strong></h4>
<p>Ana Tíscar Marín Fernández.</p>
<h4><strong>Maestra de Audición y Lenguaje:</strong></h4>
<p>Lucía Mata Hueso.</p>

<p>Equipo de Orientación Educativa (EOE): &nbsp; Orientadora: Virginia Lafuente Molina. Horario de atención a la comunidad educativa: martes, bajo cita previa, en horario comprendido entre&hellip;</p>
