{"id":2917,"date":"2023-02-15T11:30:28","date_gmt":"2023-02-15T10:30:28","guid":{"rendered":"https:\/\/blogsaverroes.juntadeandalucia.es\/alcaldeparrilladelara\/?page_id=2917"},"modified":"2023-06-12T22:01:44","modified_gmt":"2023-06-12T20:01:44","slug":"cada-mes-un-libro-2","status":"publish","type":"page","link":"https:\/\/blogsaverroes.juntadeandalucia.es\/alcaldeparrilladelara\/cada-mes-un-libro-2\/","title":{"rendered":"Cada mes un libro"},"content":{"rendered":"<p><a href=\"https:\/\/blogsaverroes.juntadeandalucia.es\/alcaldeparrilladelara\/files\/2023\/02\/b1583a7726959802fad6ce2d3a8a-1594535-1.jpg\"><img loading=\"lazy\" decoding=\"async\" class=\"alignnone wp-image-2923\" src=\"https:\/\/blogsaverroes.juntadeandalucia.es\/alcaldeparrilladelara\/files\/2023\/02\/b1583a7726959802fad6ce2d3a8a-1594535-1.jpg\" alt=\"\" width=\"686\" height=\"480\" srcset=\"https:\/\/blogsaverroes.juntadeandalucia.es\/alcaldeparrilladelara\/files\/2023\/02\/b1583a7726959802fad6ce2d3a8a-1594535-1.jpg 1200w, https:\/\/blogsaverroes.juntadeandalucia.es\/alcaldeparrilladelara\/files\/2023\/02\/b1583a7726959802fad6ce2d3a8a-1594535-1-300x210.jpg 300w, https:\/\/blogsaverroes.juntadeandalucia.es\/alcaldeparrilladelara\/files\/2023\/02\/b1583a7726959802fad6ce2d3a8a-1594535-1-1024x716.jpg 1024w, https:\/\/blogsaverroes.juntadeandalucia.es\/alcaldeparrilladelara\/files\/2023\/02\/b1583a7726959802fad6ce2d3a8a-1594535-1-768x537.jpg 768w\" sizes=\"(max-width: 686px) 100vw, 686px\" \/><\/a><\/p>\n<p>&nbsp;<\/p>\n<p><a href=\"https:\/\/blogsaverroes.juntadeandalucia.es\/alcaldeparrilladelara\/files\/2023\/06\/Junio.jpg\"><img loading=\"lazy\" decoding=\"async\" class=\"alignnone wp-image-3223\" src=\"https:\/\/blogsaverroes.juntadeandalucia.es\/alcaldeparrilladelara\/files\/2023\/06\/Junio.jpg\" alt=\"\" width=\"358\" height=\"91\" srcset=\"https:\/\/blogsaverroes.juntadeandalucia.es\/alcaldeparrilladelara\/files\/2023\/06\/Junio.jpg 687w, https:\/\/blogsaverroes.juntadeandalucia.es\/alcaldeparrilladelara\/files\/2023\/06\/Junio-300x76.jpg 300w\" sizes=\"(max-width: 358px) 100vw, 358px\" \/><\/a><\/p>\n<p>Este mes os recomendamos el t\u00edtulo:<\/p>\n<h3>\u00abLa casa de la mosca Fosca\u00bb de Eva Mejuto, de la editorial Kalandraka.<\/h3>\n<p><a href=\"https:\/\/blogsaverroes.juntadeandalucia.es\/alcaldeparrilladelara\/files\/2023\/06\/51hkUMOOv9L.jpg\"><img loading=\"lazy\" decoding=\"async\" class=\"alignnone wp-image-3224\" src=\"https:\/\/blogsaverroes.juntadeandalucia.es\/alcaldeparrilladelara\/files\/2023\/06\/51hkUMOOv9L.jpg\" alt=\"\" width=\"303\" height=\"303\" srcset=\"https:\/\/blogsaverroes.juntadeandalucia.es\/alcaldeparrilladelara\/files\/2023\/06\/51hkUMOOv9L.jpg 500w, https:\/\/blogsaverroes.juntadeandalucia.es\/alcaldeparrilladelara\/files\/2023\/06\/51hkUMOOv9L-300x300.jpg 300w, https:\/\/blogsaverroes.juntadeandalucia.es\/alcaldeparrilladelara\/files\/2023\/06\/51hkUMOOv9L-150x150.jpg 150w\" sizes=\"(max-width: 303px) 100vw, 303px\" \/><\/a><\/p>\n<p>Hab\u00eda una vez una mosca fosca que viv\u00eda en el bosque. Harta de zumbar y dar vueltas sin parar, decidi\u00f3 hacer una casa. \u2013Podr\u00e9 dormir en la cama, podr\u00e9 estar muy calentita, preparar ricos pasteles y recibir mil visitas&#8230; La mosca fosca se cans\u00f3 de zumbar sin rumbo y construy\u00f3 una casa para tener un lugar donde recibir a otros habitantes del bosque. Hizo un pastel de moras, puso siete banquetas y siete platos. Y, con el aroma de la tarta, fueron apareciendo -del m\u00e1s peque\u00f1ajo al m\u00e1s grandull\u00f3n- siete curiosos animales.<\/p>\n<p>Y para pasar otro rato entretenido, os dejamos una manualidad con materiales de reciclaje que pod\u00e9is ver en YouTube.<\/p>\n<p><iframe loading=\"lazy\" title=\"c\u00f3mo hacer T\u00cdTERES CON TUBOS DE CART\u00d3N y m\u00e1s elementos reciclables f\u00e1ciles y divertidos\" width=\"843\" height=\"474\" src=\"https:\/\/www.youtube.com\/embed\/8vLUXm-LtTg?feature=oembed\" frameborder=\"0\" allow=\"accelerometer; autoplay; clipboard-write; encrypted-media; gyroscope; picture-in-picture; web-share\" referrerpolicy=\"strict-origin-when-cross-origin\" allowfullscreen><\/iframe><\/p>\n<p>&nbsp;<\/p>\n<p><a href=\"https:\/\/blogsaverroes.juntadeandalucia.es\/alcaldeparrilladelara\/files\/2023\/05\/MAYO.jpg\"><img loading=\"lazy\" decoding=\"async\" class=\"alignnone wp-image-3170\" src=\"https:\/\/blogsaverroes.juntadeandalucia.es\/alcaldeparrilladelara\/files\/2023\/05\/MAYO.jpg\" alt=\"\" width=\"359\" height=\"99\" srcset=\"https:\/\/blogsaverroes.juntadeandalucia.es\/alcaldeparrilladelara\/files\/2023\/05\/MAYO.jpg 699w, https:\/\/blogsaverroes.juntadeandalucia.es\/alcaldeparrilladelara\/files\/2023\/05\/MAYO-300x83.jpg 300w\" sizes=\"(max-width: 359px) 100vw, 359px\" \/><\/a><\/p>\n<p>La lectura de este mes es:<\/p>\n<h3>\u00abUn pu\u00f1ado de botones\u00bb de Carmen Parets Luque; edita: CreateSpace Independent Publishing Platform .<\/h3>\n<p><a href=\"https:\/\/blogsaverroes.juntadeandalucia.es\/alcaldeparrilladelara\/files\/2023\/05\/un-pu\u00f1ado-de-botones.jpg\"><img loading=\"lazy\" decoding=\"async\" class=\"alignnone wp-image-3171\" src=\"https:\/\/blogsaverroes.juntadeandalucia.es\/alcaldeparrilladelara\/files\/2023\/05\/un-pu\u00f1ado-de-botones.jpg\" alt=\"\" width=\"303\" height=\"303\" srcset=\"https:\/\/blogsaverroes.juntadeandalucia.es\/alcaldeparrilladelara\/files\/2023\/05\/un-pu\u00f1ado-de-botones.jpg 500w, https:\/\/blogsaverroes.juntadeandalucia.es\/alcaldeparrilladelara\/files\/2023\/05\/un-pu\u00f1ado-de-botones-300x300.jpg 300w, https:\/\/blogsaverroes.juntadeandalucia.es\/alcaldeparrilladelara\/files\/2023\/05\/un-pu\u00f1ado-de-botones-150x150.jpg 150w\" sizes=\"(max-width: 303px) 100vw, 303px\" \/><\/a><\/p>\n<p><span class=\"a-text-bold a-text-italic\">No todas las familias son iguales. Cada familia es diferente, \u00fanica y especial.&nbsp;<\/span>As\u00ed empieza este cuento infantil sobre la&nbsp;<span class=\"a-text-bold\">diversidad familiar.&nbsp;<\/span>\u00bfQu\u00e9 tipos de familias existen? y \u00bfQu\u00e9 cosa especial hace que sean familia? son algunas de las respuestas que se quiere dar para fomentar la&nbsp;<span class=\"a-text-bold\">tolerancia<\/span>&nbsp;hacia las particularidades de los dem\u00e1s.<\/p>\n<p>Si os interesa el tema que trata, en YouTube pod\u00e9is encontrar videos y canciones que lo tratan, os dejamos un par de ellos.<\/p>\n<p><iframe loading=\"lazy\" title=\"Mi familia  | Canciones infantiles | El Mundo de Pequesi\" width=\"843\" height=\"474\" src=\"https:\/\/www.youtube.com\/embed\/4IqwzJx5zzs?feature=oembed\" frameborder=\"0\" allow=\"accelerometer; autoplay; clipboard-write; encrypted-media; gyroscope; picture-in-picture; web-share\" referrerpolicy=\"strict-origin-when-cross-origin\" allowfullscreen><\/iframe><\/p>\n<p><iframe loading=\"lazy\" title=\"Andaluna y Samir. Todas las familias son diferentes (Canci\u00f3n).m4v\" width=\"843\" height=\"632\" src=\"https:\/\/www.youtube.com\/embed\/hwnmQZggk7w?feature=oembed\" frameborder=\"0\" allow=\"accelerometer; autoplay; clipboard-write; encrypted-media; gyroscope; picture-in-picture; web-share\" referrerpolicy=\"strict-origin-when-cross-origin\" allowfullscreen><\/iframe><\/p>\n<p>&nbsp;<\/p>\n<p><a href=\"https:\/\/blogsaverroes.juntadeandalucia.es\/alcaldeparrilladelara\/files\/2023\/04\/Abril.jpg\"><img loading=\"lazy\" decoding=\"async\" class=\"alignnone wp-image-3155\" src=\"https:\/\/blogsaverroes.juntadeandalucia.es\/alcaldeparrilladelara\/files\/2023\/04\/Abril.jpg\" alt=\"\" width=\"361\" height=\"95\" srcset=\"https:\/\/blogsaverroes.juntadeandalucia.es\/alcaldeparrilladelara\/files\/2023\/04\/Abril.jpg 709w, https:\/\/blogsaverroes.juntadeandalucia.es\/alcaldeparrilladelara\/files\/2023\/04\/Abril-300x79.jpg 300w\" sizes=\"(max-width: 361px) 100vw, 361px\" \/><\/a><\/p>\n<p>Este mes os proponemos:<\/p>\n<h3>\u00abOrejas de mariposa\u00bb de Luisa Aguilar, de la editorial Kalandraka.<\/h3>\n<p><em>(lo pod\u00e9is encontrar en la Biblioteca P\u00fablica Municipal)<\/em><\/p>\n<p><a href=\"https:\/\/blogsaverroes.juntadeandalucia.es\/alcaldeparrilladelara\/files\/2023\/04\/orejas.jpg\"><img loading=\"lazy\" decoding=\"async\" class=\"alignnone wp-image-3156\" src=\"https:\/\/blogsaverroes.juntadeandalucia.es\/alcaldeparrilladelara\/files\/2023\/04\/orejas.jpg\" alt=\"\" width=\"306\" height=\"304\" srcset=\"https:\/\/blogsaverroes.juntadeandalucia.es\/alcaldeparrilladelara\/files\/2023\/04\/orejas.jpg 1369w, https:\/\/blogsaverroes.juntadeandalucia.es\/alcaldeparrilladelara\/files\/2023\/04\/orejas-300x298.jpg 300w, https:\/\/blogsaverroes.juntadeandalucia.es\/alcaldeparrilladelara\/files\/2023\/04\/orejas-1024x1017.jpg 1024w, https:\/\/blogsaverroes.juntadeandalucia.es\/alcaldeparrilladelara\/files\/2023\/04\/orejas-150x150.jpg 150w, https:\/\/blogsaverroes.juntadeandalucia.es\/alcaldeparrilladelara\/files\/2023\/04\/orejas-768x762.jpg 768w\" sizes=\"(max-width: 306px) 100vw, 306px\" \/><\/a><\/p>\n<p>Tener las orejas grandes, el pelo rebelde, ser alto o bajo, flaco o gordo&#8230; Hasta la caracter\u00edstica m\u00e1s nimia puede ser motivo de parodia entre los ni\u00f1os. Es necesario un libro que les demuestre a todos que tales comportamientos son reprobables. Especialmente a los que son se\u00f1alados por los dem\u00e1s, el mensaje que transmite este relato es que conviertan en positivo aquello que para otros sea motivo de mofa. Porque las caracter\u00edsticas que nos diferencian hay que ponerlas en valor para que nos distingan como seres especiales y \u00fanicos. Reconocer -e incluso reivindicar- la diferencia nos hace fuertes, acept\u00e1ndonos como somos y reforzando nuestra personalidad.<\/p>\n<p>Si despu\u00e9s de la lectura os apetece seguir con la diversi\u00f3n, os dejamos un video de YouTube con una idea para hacer una bonita mariposa, pero pod\u00e9is buscar entre las miles de ideas que se pueden encontrar en la red.<\/p>\n<p><iframe loading=\"lazy\" title=\"Actividades para ni\u00f1os en casa - Idea Mariposa \ud83e\udd8b - |Partypop DIY\ud83c\udf89|\" width=\"843\" height=\"474\" src=\"https:\/\/www.youtube.com\/embed\/wVqMiQW2_Lk?feature=oembed\" frameborder=\"0\" allow=\"accelerometer; autoplay; clipboard-write; encrypted-media; gyroscope; picture-in-picture; web-share\" referrerpolicy=\"strict-origin-when-cross-origin\" allowfullscreen><\/iframe><\/p>\n<p>&nbsp;<\/p>\n<p><a href=\"https:\/\/blogsaverroes.juntadeandalucia.es\/alcaldeparrilladelara\/files\/2023\/03\/MARZO.jpg\"><img loading=\"lazy\" decoding=\"async\" class=\"alignnone wp-image-3002\" src=\"https:\/\/blogsaverroes.juntadeandalucia.es\/alcaldeparrilladelara\/files\/2023\/03\/MARZO.jpg\" alt=\"\" width=\"353\" height=\"99\" srcset=\"https:\/\/blogsaverroes.juntadeandalucia.es\/alcaldeparrilladelara\/files\/2023\/03\/MARZO.jpg 709w, https:\/\/blogsaverroes.juntadeandalucia.es\/alcaldeparrilladelara\/files\/2023\/03\/MARZO-300x84.jpg 300w\" sizes=\"(max-width: 353px) 100vw, 353px\" \/><\/a><\/p>\n<p>Este mes os proponemos el t\u00edtulo:<\/p>\n<h3>\u00abLas princesas que cambian cuentos\u00bb de Ana Torrijos, de la editorial La Locomotora.<\/h3>\n<p><a href=\"https:\/\/blogsaverroes.juntadeandalucia.es\/alcaldeparrilladelara\/files\/2023\/03\/A1PYxjMQ4QL.jpg\"><img loading=\"lazy\" decoding=\"async\" class=\"alignnone wp-image-3004\" src=\"https:\/\/blogsaverroes.juntadeandalucia.es\/alcaldeparrilladelara\/files\/2023\/03\/A1PYxjMQ4QL.jpg\" alt=\"\" width=\"270\" height=\"336\" srcset=\"https:\/\/blogsaverroes.juntadeandalucia.es\/alcaldeparrilladelara\/files\/2023\/03\/A1PYxjMQ4QL.jpg 1284w, https:\/\/blogsaverroes.juntadeandalucia.es\/alcaldeparrilladelara\/files\/2023\/03\/A1PYxjMQ4QL-241x300.jpg 241w, https:\/\/blogsaverroes.juntadeandalucia.es\/alcaldeparrilladelara\/files\/2023\/03\/A1PYxjMQ4QL-822x1024.jpg 822w, https:\/\/blogsaverroes.juntadeandalucia.es\/alcaldeparrilladelara\/files\/2023\/03\/A1PYxjMQ4QL-768x957.jpg 768w, https:\/\/blogsaverroes.juntadeandalucia.es\/alcaldeparrilladelara\/files\/2023\/03\/A1PYxjMQ4QL-1232x1536.jpg 1232w, https:\/\/blogsaverroes.juntadeandalucia.es\/alcaldeparrilladelara\/files\/2023\/03\/A1PYxjMQ4QL-1643x2048.jpg 1643w\" sizes=\"(max-width: 270px) 100vw, 270px\" \/><\/a><\/p>\n<p>Hab\u00edas pensado alguna vez que los cuentos pueden ser diferentes a como te los han contado? Qu\u00e9 a lo mejor las protagonistas tienen algo que decir sobre su historia? En este libro encontrar\u00e1s otra forma de ver los cuentos, desde la rebeld\u00eda de sus protagonistas que quieren ser Due\u00f1as de sus historias.<\/p>\n<p>Y si hablamos de princesas valientes, aqu\u00ed ten\u00e9is dos enlaces de YouTube de la pel\u00edcula \u00abBrave\u00bb y su valiente princesa M\u00e9rida, pel\u00edcula que tambi\u00e9n os recomendamos.<\/p>\n<p><iframe loading=\"lazy\" title=\"Viento y Cielo Alcanzar | Valiente\" width=\"843\" height=\"474\" src=\"https:\/\/www.youtube.com\/embed\/5p2hwlq341Y?feature=oembed\" frameborder=\"0\" allow=\"accelerometer; autoplay; clipboard-write; encrypted-media; gyroscope; picture-in-picture; web-share\" referrerpolicy=\"strict-origin-when-cross-origin\" allowfullscreen><\/iframe><\/p>\n<p><iframe loading=\"lazy\" title=\"Con Toda Libertad | Valiente\" width=\"843\" height=\"474\" src=\"https:\/\/www.youtube.com\/embed\/S-V1w7C28ak?feature=oembed\" frameborder=\"0\" allow=\"accelerometer; autoplay; clipboard-write; encrypted-media; gyroscope; picture-in-picture; web-share\" referrerpolicy=\"strict-origin-when-cross-origin\" allowfullscreen><\/iframe><\/p>\n<p>&nbsp;<\/p>\n<p><a href=\"https:\/\/blogsaverroes.juntadeandalucia.es\/alcaldeparrilladelara\/files\/2023\/02\/Sin-t\u00edtulo.jpg\"><img loading=\"lazy\" decoding=\"async\" class=\"alignnone wp-image-2906\" src=\"https:\/\/blogsaverroes.juntadeandalucia.es\/alcaldeparrilladelara\/files\/2023\/02\/Sin-t\u00edtulo.jpg\" alt=\"\" width=\"272\" height=\"89\" srcset=\"https:\/\/blogsaverroes.juntadeandalucia.es\/alcaldeparrilladelara\/files\/2023\/02\/Sin-t\u00edtulo.jpg 817w, https:\/\/blogsaverroes.juntadeandalucia.es\/alcaldeparrilladelara\/files\/2023\/02\/Sin-t\u00edtulo-300x98.jpg 300w, https:\/\/blogsaverroes.juntadeandalucia.es\/alcaldeparrilladelara\/files\/2023\/02\/Sin-t\u00edtulo-768x251.jpg 768w\" sizes=\"(max-width: 272px) 100vw, 272px\" \/><\/a><\/p>\n<p>Este mes os proponemos el t\u00edtulo:<\/p>\n<h3>\u201cLas jirafas no pueden bailar\u201d de Giles Andreae, de la editorial Bru\u00f1o.<\/h3>\n<p><a href=\"https:\/\/blogsaverroes.juntadeandalucia.es\/alcaldeparrilladelara\/files\/2023\/02\/81bV5YZrVkL.jpg\"><img loading=\"lazy\" decoding=\"async\" class=\"alignnone wp-image-2908\" src=\"https:\/\/blogsaverroes.juntadeandalucia.es\/alcaldeparrilladelara\/files\/2023\/02\/81bV5YZrVkL.jpg\" alt=\"\" width=\"214\" height=\"262\" srcset=\"https:\/\/blogsaverroes.juntadeandalucia.es\/alcaldeparrilladelara\/files\/2023\/02\/81bV5YZrVkL.jpg 1000w, https:\/\/blogsaverroes.juntadeandalucia.es\/alcaldeparrilladelara\/files\/2023\/02\/81bV5YZrVkL-245x300.jpg 245w, https:\/\/blogsaverroes.juntadeandalucia.es\/alcaldeparrilladelara\/files\/2023\/02\/81bV5YZrVkL-837x1024.jpg 837w, https:\/\/blogsaverroes.juntadeandalucia.es\/alcaldeparrilladelara\/files\/2023\/02\/81bV5YZrVkL-768x939.jpg 768w\" sizes=\"(max-width: 214px) 100vw, 214px\" \/><\/a><\/p>\n<p><span class=\"a-text-bold\">Una historia sencilla que nos ense\u00f1a la importancia de expresarnos a trav\u00e9s del arte y no renunciar a los sue\u00f1os cuando nos encontramos con obst\u00e1culos.<\/span><\/p>\n<p>Chufa era una jirafa alta y delgada, con un largo cuello muy bonito. Pero ten\u00eda unas rodillas torcidas y unas patas como palillos. Se pasaba el d\u00eda de pie, masticando hojas y hojas. \u00a1Para comer de los \u00e1rboles era muy habilidosa! Pero cuando intentaba correr, \u00a1era un desastre total! \u00a1Cataplif-plof-plaf!Todos los a\u00f1os, en \u00c1frica, se celebra el Baile de la Selva&#8230; \u00a1y a los animales les encanta bailar y hacer piruetas!Chufa quiere participar en ese famoso Baile, pero como todo el mundo sabe, \u00a1las jirafas no pueden bailar! \u00bfO s\u00ed&#8230;?<\/p>\n<p>Una historia tierna y divertida en un fabuloso \u00e1lbum desplegable.<\/p>\n<p>Si despu\u00e9s quer\u00e9is seguir con la diversi\u00f3n, os proponemos hacer este divertido y sencillo dibujo de una jirafa <strong><span style=\"color: #993366\"><em>(Contenido de YouTube)<\/em><\/span><\/strong>:<\/p>\n<p><iframe loading=\"lazy\" title=\"\ud83e\udd92 Como Dibujar una JIRAFA F\u00e1cil y R\u00e1pido para ni\u00f1os\ud83e\udd92| How to Draw GIRAFFE Easy | Jirafa con la Mano\" width=\"843\" height=\"474\" src=\"https:\/\/www.youtube.com\/embed\/SMJu9KYeui8?feature=oembed\" frameborder=\"0\" allow=\"accelerometer; autoplay; clipboard-write; encrypted-media; gyroscope; picture-in-picture; web-share\" referrerpolicy=\"strict-origin-when-cross-origin\" allowfullscreen><\/iframe><\/p>\n<p>Y para los y las m\u00e1s atrevidas, os proponemos esta manualidad de la <strong><span style=\"color: #993366\">Web del Maestro<\/span><\/strong>:<\/p>\n<blockquote class=\"wp-embedded-content\" data-secret=\"LqoM6h1qoy\"><p><a href=\"https:\/\/webdelmaestro.com\/jirafa-manualidades\/\">Jirafa &#8211; Manualidades<\/a><\/p><\/blockquote>\n<p><iframe class=\"wp-embedded-content\" sandbox=\"allow-scripts\" security=\"restricted\" style=\"position: absolute; clip: rect(1px, 1px, 1px, 1px);\" title=\"\u00abJirafa &#8211; Manualidades\u00bb \u2014 Web del maestro\" src=\"https:\/\/webdelmaestro.com\/jirafa-manualidades\/embed\/#?secret=zYPoRjvCrW#?secret=LqoM6h1qoy\" data-secret=\"LqoM6h1qoy\" width=\"600\" height=\"338\" frameborder=\"0\" marginwidth=\"0\" marginheight=\"0\" scrolling=\"no\"><\/iframe><\/p>\n<p>&nbsp;<\/p>\n<p>&nbsp;<\/p>\n<p>&nbsp;<\/p>\n","protected":false},"excerpt":{"rendered":"<p>&nbsp; Este mes os recomendamos el t\u00edtulo: \u00abLa casa de la mosca Fosca\u00bb de Eva Mejuto, de la editorial Kalandraka. Hab\u00eda una vez una mosca&hellip;<\/p>\n","protected":false},"author":8437,"featured_media":0,"parent":0,"menu_order":0,"comment_status":"closed","ping_status":"closed","template":"","meta":{"ngg_post_thumbnail":0,"footnotes":"","_mc_calendar":[]},"aioseo_notices":[],"_links":{"self":[{"href":"https:\/\/blogsaverroes.juntadeandalucia.es\/alcaldeparrilladelara\/wp-json\/wp\/v2\/pages\/2917"}],"collection":[{"href":"https:\/\/blogsaverroes.juntadeandalucia.es\/alcaldeparrilladelara\/wp-json\/wp\/v2\/pages"}],"about":[{"href":"https:\/\/blogsaverroes.juntadeandalucia.es\/alcaldeparrilladelara\/wp-json\/wp\/v2\/types\/page"}],"author":[{"embeddable":true,"href":"https:\/\/blogsaverroes.juntadeandalucia.es\/alcaldeparrilladelara\/wp-json\/wp\/v2\/users\/8437"}],"replies":[{"embeddable":true,"href":"https:\/\/blogsaverroes.juntadeandalucia.es\/alcaldeparrilladelara\/wp-json\/wp\/v2\/comments?post=2917"}],"version-history":[{"count":13,"href":"https:\/\/blogsaverroes.juntadeandalucia.es\/alcaldeparrilladelara\/wp-json\/wp\/v2\/pages\/2917\/revisions"}],"predecessor-version":[{"id":3226,"href":"https:\/\/blogsaverroes.juntadeandalucia.es\/alcaldeparrilladelara\/wp-json\/wp\/v2\/pages\/2917\/revisions\/3226"}],"wp:attachment":[{"href":"https:\/\/blogsaverroes.juntadeandalucia.es\/alcaldeparrilladelara\/wp-json\/wp\/v2\/media?parent=2917"}],"curies":[{"name":"wp","href":"https:\/\/api.w.org\/{rel}","templated":true}]}}