{"id":35,"date":"2015-03-13T08:21:43","date_gmt":"2015-03-13T08:21:43","guid":{"rendered":"http:\/\/blogsaverroes.juntadeandalucia.es\/pre\/ceip\/?page_id=35"},"modified":"2023-03-20T14:13:08","modified_gmt":"2023-03-20T13:13:08","slug":"el-centro-2","status":"publish","type":"page","link":"https:\/\/blogsaverroes.juntadeandalucia.es\/alcaldeparrilladelara\/el-centro-2\/","title":{"rendered":"Datos del centro y contacto"},"content":{"rendered":"<p><iframe loading=\"lazy\" src=\"https:\/\/www.google.com\/maps\/embed?pb=!1m18!1m12!1m3!1d3136.168088367374!2d-3.3219958854173384!3d38.18276947968714!2m3!1f0!2f0!3f0!3m2!1i1024!2i768!4f13.1!3m3!1m2!1s0xd6eef99e27fe54d%3A0x85d60ea725094e48!2sEscuela%20de%20Educaci%C3%B3n%20Infantil%20%22Alcalde%20Parrilla%20de%20Lara%22!5e0!3m2!1ses!2ses!4v1620683369136!5m2!1ses!2ses\" width=\"600\" height=\"450\"><\/iframe><\/p>\n<p><strong>Direcci\u00f3n:<\/strong> &nbsp;Calle Florencio Ruiz, S\/N, 23240, Navas de San Juan, (Ja\u00e9n).<\/p>\n<p><strong>Tel\u00e9fono \/ FAX: <\/strong>953609759 \/953609760<\/p>\n<p><strong>M\u00f3vil:<\/strong> 671567825<\/p>\n<p><strong>Email:<\/strong> 23000957.edu@juntadeandalucia.es<\/p>\n<p><strong>Grupo de Facebook:&nbsp;&nbsp;<a href=\"https:\/\/www.facebook.com\/groups\/262373265063063\">https:\/\/www.facebook.com\/groups\/262373265063063<\/a><\/strong><\/p>\n<h4><strong>Horarios:<\/strong><\/h4>\n<p>Ma\u00f1anas: de lunes a viernes de 9:00 h. a 14:00 h.<\/p>\n<p>Tardes: lunes de 16:00 h. a 19:00h.<\/p>\n<p>&nbsp;<\/p>\n<h4><strong>Oferta educativa:<\/strong><\/h4>\n<p>Nuestro centro cuenta con dos l\u00edneas de Educaci\u00f3n Infantil de segundo ciclo (3, 4 y 5 a\u00f1os) y un aula de Apoyo a la Integraci\u00f3n.<\/p>\n<p>&nbsp;<\/p>\n<h4><strong>Instalaciones:<\/strong><\/h4>\nngg_shortcode_0_placeholder\n","protected":false},"excerpt":{"rendered":"<p>Direcci\u00f3n: &nbsp;Calle Florencio Ruiz, S\/N, 23240, Navas de San Juan, (Ja\u00e9n). Tel\u00e9fono \/ FAX: 953609759 \/953609760 M\u00f3vil: 671567825 Email: 23000957.edu@juntadeandalucia.es Grupo de Facebook:&nbsp;&nbsp;https:\/\/www.facebook.com\/groups\/262373265063063 Horarios: Ma\u00f1anas:&hellip;<\/p>\n","protected":false},"author":1,"featured_media":0,"parent":0,"menu_order":0,"comment_status":"closed","ping_status":"open","template":"page-cs.php","meta":{"ngg_post_thumbnail":0,"footnotes":"","_mc_calendar":[]},"aioseo_notices":[],"_links":{"self":[{"href":"https:\/\/blogsaverroes.juntadeandalucia.es\/alcaldeparrilladelara\/wp-json\/wp\/v2\/pages\/35"}],"collection":[{"href":"https:\/\/blogsaverroes.juntadeandalucia.es\/alcaldeparrilladelara\/wp-json\/wp\/v2\/pages"}],"about":[{"href":"https:\/\/blogsaverroes.juntadeandalucia.es\/alcaldeparrilladelara\/wp-json\/wp\/v2\/types\/page"}],"author":[{"embeddable":true,"href":"https:\/\/blogsaverroes.juntadeandalucia.es\/alcaldeparrilladelara\/wp-json\/wp\/v2\/users\/1"}],"replies":[{"embeddable":true,"href":"https:\/\/blogsaverroes.juntadeandalucia.es\/alcaldeparrilladelara\/wp-json\/wp\/v2\/comments?post=35"}],"version-history":[{"count":33,"href":"https:\/\/blogsaverroes.juntadeandalucia.es\/alcaldeparrilladelara\/wp-json\/wp\/v2\/pages\/35\/revisions"}],"predecessor-version":[{"id":2179,"href":"https:\/\/blogsaverroes.juntadeandalucia.es\/alcaldeparrilladelara\/wp-json\/wp\/v2\/pages\/35\/revisions\/2179"}],"wp:attachment":[{"href":"https:\/\/blogsaverroes.juntadeandalucia.es\/alcaldeparrilladelara\/wp-json\/wp\/v2\/media?parent=35"}],"curies":[{"name":"wp","href":"https:\/\/api.w.org\/{rel}","templated":true}]}}

<p><iframe loading="lazy" src="https://www.google.com/maps/embed?pb=!1m18!1m12!1m3!1d3136.168088367374!2d-3.3219958854173384!3d38.18276947968714!2m3!1f0!2f0!3f0!3m2!1i1024!2i768!4f13.1!3m3!1m2!1s0xd6eef99e27fe54d%3A0x85d60ea725094e48!2sEscuela%20de%20Educaci%C3%B3n%20Infantil%20%22Alcalde%20Parrilla%20de%20Lara%22!5e0!3m2!1ses!2ses!4v1620683369136!5m2!1ses!2ses" width="600" height="450"></iframe></p>
<p><strong>Dirección:</strong> &nbsp;Calle Florencio Ruiz, S/N, 23240, Navas de San Juan, (Jaén).</p>
<p><strong>Teléfono / FAX: </strong>953609759 /953609760</p>
<p><strong>Móvil:</strong> 671567825</p>
<p><strong>Email:</strong> 23000957.edu@juntadeandalucia.es</p>
<p><strong>Grupo de Facebook:&nbsp;&nbsp;<a href="https://www.facebook.com/groups/262373265063063">https://www.facebook.com/groups/262373265063063</a></strong></p>
<h4><strong>Horarios:</strong></h4>
<p>Mañanas: de lunes a viernes de 9:00 h. a 14:00 h.</p>
<p>Tardes: lunes de 16:00 h. a 19:00h.</p>
<p>&nbsp;</p>
<h4><strong>Oferta educativa:</strong></h4>
<p>Nuestro centro cuenta con dos líneas de Educación Infantil de segundo ciclo (3, 4 y 5 años) y un aula de Apoyo a la Integración.</p>
<p>&nbsp;</p>
<h4><strong>Instalaciones:</strong></h4>
ngg_shortcode_0_placeholder

<p>Dirección: &nbsp;Calle Florencio Ruiz, S/N, 23240, Navas de San Juan, (Jaén). Teléfono / FAX: 953609759 /953609760 Móvil: 671567825 Email: 23000957.edu@juntadeandalucia.es Grupo de Facebook:&nbsp;&nbsp;https://www.facebook.com/groups/262373265063063 Horarios: Mañanas:&hellip;</p>
