{"id":3837,"date":"2025-01-28T10:10:24","date_gmt":"2025-01-28T09:10:24","guid":{"rendered":"https:\/\/blogsaverroes.juntadeandalucia.es\/alcaldeparrilladelara\/?page_id=3837"},"modified":"2025-01-28T10:10:24","modified_gmt":"2025-01-28T09:10:24","slug":"que-es","status":"publish","type":"page","link":"https:\/\/blogsaverroes.juntadeandalucia.es\/alcaldeparrilladelara\/que-es\/","title":{"rendered":"\u00bfQu\u00e9 es?"},"content":{"rendered":"<p>En este apartado pod\u00e9is encontrar informaci\u00f3n sobre la influencia del uso de pantallas en los menores, a trav\u00e9s de art\u00edculos, p\u00e1ginas, videos&#8230;, as\u00ed como informaci\u00f3n sobre navegaci\u00f3n por Internet de forma segura. Pinchando en las distintas im\u00e1genes podr\u00e1s acceder a los contenidos.<\/p>\n<p>Esperamos que sea de gran utilidad para toda la Comunidad Educativa.<\/p>\n<p>&nbsp;<\/p>\n<table style=\"border-collapse: collapse;width: 100%\">\n<tbody>\n<tr>\n<td style=\"width: 100%\"><a href=\"https:\/\/plandigitalfamiliar.aeped.es\/index.php?m=1\"><img loading=\"lazy\" decoding=\"async\" class=\"size-full wp-image-3545 aligncenter\" src=\"https:\/\/blogsaverroes.juntadeandalucia.es\/alcaldeparrilladelara\/files\/2024\/02\/Plan-digital-familiar.-Asociacion-de-pediatr\u00eda.jpg\" alt=\"\" width=\"345\" height=\"228\" srcset=\"https:\/\/blogsaverroes.juntadeandalucia.es\/alcaldeparrilladelara\/files\/2024\/02\/Plan-digital-familiar.-Asociacion-de-pediatr\u00eda.jpg 345w, https:\/\/blogsaverroes.juntadeandalucia.es\/alcaldeparrilladelara\/files\/2024\/02\/Plan-digital-familiar.-Asociacion-de-pediatr\u00eda-300x198.jpg 300w\" sizes=\"(max-width: 345px) 100vw, 345px\" \/><\/a><\/p>\n<p style=\"text-align: center\">En esta p\u00e1gina de la Asociaci\u00f3n Espa\u00f1ola de Pediatr\u00eda puedes encontrar informaci\u00f3n<\/p>\n<p style=\"text-align: center\">sobre como ir introduciendo los medios digitales en la vida de los ni\u00f1os y ni\u00f1as.<\/p>\n<\/td>\n<\/tr>\n<\/tbody>\n<\/table>\n<p>&nbsp;<\/p>\n<table style=\"border-collapse: collapse;width: 100%\">\n<tbody>\n<tr>\n<td style=\"width: 100%;text-align: center\"><a href=\"https:\/\/educaciondigitalresponsable.org\/\"><img loading=\"lazy\" decoding=\"async\" class=\"alignnone wp-image-3570\" src=\"https:\/\/blogsaverroes.juntadeandalucia.es\/alcaldeparrilladelara\/files\/2024\/02\/E-digital-responsable.jpg\" alt=\"\" width=\"572\" height=\"230\" srcset=\"https:\/\/blogsaverroes.juntadeandalucia.es\/alcaldeparrilladelara\/files\/2024\/02\/E-digital-responsable.jpg 726w, https:\/\/blogsaverroes.juntadeandalucia.es\/alcaldeparrilladelara\/files\/2024\/02\/E-digital-responsable-300x121.jpg 300w\" sizes=\"(max-width: 572px) 100vw, 572px\" \/><\/a><\/p>\n<p>En esta p\u00e1gina podr\u00e1s hacerte miembro de una asociaci\u00f3n de forma gratuita y a formar parte<\/p>\n<p>de la escuela de familias para trabajar una educaci\u00f3n digital responsable.<\/p>\n<p>Est\u00e1 m\u00e1s encaminada a adolescentes, pero es muy interesante.<\/td>\n<\/tr>\n<\/tbody>\n<\/table>\n<p>&nbsp;<\/p>\n<table style=\"border-collapse: collapse;width: 100%\">\n<tbody>\n<tr>\n<td style=\"width: 100%\">\n<p style=\"text-align: center\"><a href=\"https:\/\/www.incibe.es\/menores\"><img loading=\"lazy\" decoding=\"async\" class=\"alignnone wp-image-3572\" src=\"https:\/\/blogsaverroes.juntadeandalucia.es\/alcaldeparrilladelara\/files\/2024\/02\/is4k.jpg\" alt=\"\" width=\"361\" height=\"149\"><\/a><\/p>\n<p style=\"text-align: center\">Secci\u00f3n Internet segura para ni\u00f1os, de la p\u00e1gina Instituto Nacional de Ciberseguridad.<\/p>\n<\/td>\n<\/tr>\n<\/tbody>\n<\/table>\n<p>&nbsp;<\/p>\n<table style=\"border-collapse: collapse;width: 100%\">\n<tbody>\n<tr>\n<td style=\"width: 100%\"><a href=\"https:\/\/drive.google.com\/file\/d\/1psaak2KCNkZJqzaZnu0CBE9Z2TQXMRsJ\/view?usp=sharing\"><img loading=\"lazy\" decoding=\"async\" class=\"wp-image-3574 aligncenter\" src=\"https:\/\/blogsaverroes.juntadeandalucia.es\/alcaldeparrilladelara\/files\/2024\/02\/Portada-gu\u00eda-privacidad-y-seguridad-en-Internet.jpg\" alt=\"\" width=\"332\" height=\"254\" srcset=\"https:\/\/blogsaverroes.juntadeandalucia.es\/alcaldeparrilladelara\/files\/2024\/02\/Portada-gu\u00eda-privacidad-y-seguridad-en-Internet.jpg 859w, https:\/\/blogsaverroes.juntadeandalucia.es\/alcaldeparrilladelara\/files\/2024\/02\/Portada-gu\u00eda-privacidad-y-seguridad-en-Internet-300x230.jpg 300w, https:\/\/blogsaverroes.juntadeandalucia.es\/alcaldeparrilladelara\/files\/2024\/02\/Portada-gu\u00eda-privacidad-y-seguridad-en-Internet-768x588.jpg 768w\" sizes=\"(max-width: 332px) 100vw, 332px\" \/><\/a><\/p>\n<p style=\"text-align: center\">Gu\u00eda sobre privacidad y seguridad en Internet (archivo pdf).<\/p>\n<\/td>\n<\/tr>\n<\/tbody>\n<\/table>\n<p>&nbsp;<\/p>\n<table style=\"border-collapse: collapse;width: 100%\">\n<tbody>\n<tr>\n<td style=\"width: 100%\"><a href=\"https:\/\/www.tudecideseninternet.es\/es\"><img loading=\"lazy\" decoding=\"async\" class=\"size-full wp-image-3577 aligncenter\" src=\"https:\/\/blogsaverroes.juntadeandalucia.es\/alcaldeparrilladelara\/files\/2024\/02\/Tu-decides-en-internet.jpg\" alt=\"\" width=\"308\" height=\"137\" srcset=\"https:\/\/blogsaverroes.juntadeandalucia.es\/alcaldeparrilladelara\/files\/2024\/02\/Tu-decides-en-internet.jpg 308w, https:\/\/blogsaverroes.juntadeandalucia.es\/alcaldeparrilladelara\/files\/2024\/02\/Tu-decides-en-internet-300x133.jpg 300w\" sizes=\"(max-width: 308px) 100vw, 308px\" \/><\/a><\/p>\n<p style=\"text-align: center\">P\u00e1gina de la Agencia Espa\u00f1ola de Protecci\u00f3n de Datos,<\/p>\n<p style=\"text-align: center\">que aborda la salud digital y la protecci\u00f3n de datos.<\/p>\n<\/td>\n<\/tr>\n<\/tbody>\n<\/table>\n","protected":false},"excerpt":{"rendered":"<p>En este apartado pod\u00e9is encontrar informaci\u00f3n sobre la influencia del uso de pantallas en los menores, a trav\u00e9s de art\u00edculos, p\u00e1ginas, videos&#8230;, as\u00ed como informaci\u00f3n&hellip;<\/p>\n","protected":false},"author":8437,"featured_media":0,"parent":0,"menu_order":0,"comment_status":"closed","ping_status":"closed","template":"","meta":{"ngg_post_thumbnail":0,"footnotes":"","_mc_calendar":[]},"aioseo_notices":[],"_links":{"self":[{"href":"https:\/\/blogsaverroes.juntadeandalucia.es\/alcaldeparrilladelara\/wp-json\/wp\/v2\/pages\/3837"}],"collection":[{"href":"https:\/\/blogsaverroes.juntadeandalucia.es\/alcaldeparrilladelara\/wp-json\/wp\/v2\/pages"}],"about":[{"href":"https:\/\/blogsaverroes.juntadeandalucia.es\/alcaldeparrilladelara\/wp-json\/wp\/v2\/types\/page"}],"author":[{"embeddable":true,"href":"https:\/\/blogsaverroes.juntadeandalucia.es\/alcaldeparrilladelara\/wp-json\/wp\/v2\/users\/8437"}],"replies":[{"embeddable":true,"href":"https:\/\/blogsaverroes.juntadeandalucia.es\/alcaldeparrilladelara\/wp-json\/wp\/v2\/comments?post=3837"}],"version-history":[{"count":1,"href":"https:\/\/blogsaverroes.juntadeandalucia.es\/alcaldeparrilladelara\/wp-json\/wp\/v2\/pages\/3837\/revisions"}],"predecessor-version":[{"id":3838,"href":"https:\/\/blogsaverroes.juntadeandalucia.es\/alcaldeparrilladelara\/wp-json\/wp\/v2\/pages\/3837\/revisions\/3838"}],"wp:attachment":[{"href":"https:\/\/blogsaverroes.juntadeandalucia.es\/alcaldeparrilladelara\/wp-json\/wp\/v2\/media?parent=3837"}],"curies":[{"name":"wp","href":"https:\/\/api.w.org\/{rel}","templated":true}]}}