{"id":49,"date":"2015-03-13T08:47:05","date_gmt":"2015-03-13T08:47:05","guid":{"rendered":"http:\/\/blogsaverroes.juntadeandalucia.es\/pre\/ceip\/?page_id=49"},"modified":"2021-03-17T13:04:39","modified_gmt":"2021-03-17T12:04:39","slug":"proyecto-educativo","status":"publish","type":"page","link":"https:\/\/blogsaverroes.juntadeandalucia.es\/alcaldeparrilladelara\/proyecto-educativo\/","title":{"rendered":"Proyecto Educativo"},"content":{"rendered":"<p><img loading=\"lazy\" decoding=\"async\" class=\"alignnone wp-image-1662\" src=\"https:\/\/blogsaverroes.juntadeandalucia.es\/alcaldeparrilladelara\/files\/2015\/03\/proyecto-300x266.png\" alt=\"proyecto\" width=\"194\" height=\"172\" srcset=\"https:\/\/blogsaverroes.juntadeandalucia.es\/alcaldeparrilladelara\/files\/2015\/03\/proyecto-300x266.png 300w, https:\/\/blogsaverroes.juntadeandalucia.es\/alcaldeparrilladelara\/files\/2015\/03\/proyecto.png 640w\" sizes=\"(max-width: 194px) 100vw, 194px\" \/><\/p>\n<p>El documento est\u00e1 en revisi\u00f3n, pero puedes conocer las l\u00edneas generales de actuaci\u00f3n de nuestro centro en este <a href=\"https:\/\/drive.google.com\/file\/d\/1mFBl6NKTisBCu9cqyDg7EPiDIDvbooV6\/view?usp=sharing\">documento<\/a>.<\/p>\n<p>&nbsp;<\/p>\n","protected":false},"excerpt":{"rendered":"<p>El documento est\u00e1 en revisi\u00f3n, pero puedes conocer las l\u00edneas generales de actuaci\u00f3n de nuestro centro en este documento. &nbsp;<\/p>\n","protected":false},"author":1,"featured_media":0,"parent":0,"menu_order":0,"comment_status":"closed","ping_status":"open","template":"page-cs.php","meta":{"ngg_post_thumbnail":0,"footnotes":"","_mc_calendar":[]},"aioseo_notices":[],"_links":{"self":[{"href":"https:\/\/blogsaverroes.juntadeandalucia.es\/alcaldeparrilladelara\/wp-json\/wp\/v2\/pages\/49"}],"collection":[{"href":"https:\/\/blogsaverroes.juntadeandalucia.es\/alcaldeparrilladelara\/wp-json\/wp\/v2\/pages"}],"about":[{"href":"https:\/\/blogsaverroes.juntadeandalucia.es\/alcaldeparrilladelara\/wp-json\/wp\/v2\/types\/page"}],"author":[{"embeddable":true,"href":"https:\/\/blogsaverroes.juntadeandalucia.es\/alcaldeparrilladelara\/wp-json\/wp\/v2\/users\/1"}],"replies":[{"embeddable":true,"href":"https:\/\/blogsaverroes.juntadeandalucia.es\/alcaldeparrilladelara\/wp-json\/wp\/v2\/comments?post=49"}],"version-history":[{"count":11,"href":"https:\/\/blogsaverroes.juntadeandalucia.es\/alcaldeparrilladelara\/wp-json\/wp\/v2\/pages\/49\/revisions"}],"predecessor-version":[{"id":2242,"href":"https:\/\/blogsaverroes.juntadeandalucia.es\/alcaldeparrilladelara\/wp-json\/wp\/v2\/pages\/49\/revisions\/2242"}],"wp:attachment":[{"href":"https:\/\/blogsaverroes.juntadeandalucia.es\/alcaldeparrilladelara\/wp-json\/wp\/v2\/media?parent=49"}],"curies":[{"name":"wp","href":"https:\/\/api.w.org\/{rel}","templated":true}]}}

<p><img loading="lazy" decoding="async" class="alignnone wp-image-1662" src="https://blogsaverroes.juntadeandalucia.es/alcaldeparrilladelara/files/2015/03/proyecto-300x266.png" alt="proyecto" width="194" height="172" srcset="https://blogsaverroes.juntadeandalucia.es/alcaldeparrilladelara/files/2015/03/proyecto-300x266.png 300w, https://blogsaverroes.juntadeandalucia.es/alcaldeparrilladelara/files/2015/03/proyecto.png 640w" sizes="(max-width: 194px) 100vw, 194px" /></p>
<p>El documento está en revisión, pero puedes conocer las líneas generales de actuación de nuestro centro en este <a href="https://drive.google.com/file/d/1mFBl6NKTisBCu9cqyDg7EPiDIDvbooV6/view?usp=sharing">documento</a>.</p>
<p>&nbsp;</p>

<p>El documento está en revisión, pero puedes conocer las líneas generales de actuación de nuestro centro en este documento. &nbsp;</p>
