{"id":199,"date":"2014-09-11T12:10:50","date_gmt":"2014-09-11T10:10:50","guid":{"rendered":"http:\/\/geohistoria92.260mb.net\/wp\/?page_id=8"},"modified":"2021-05-07T16:20:43","modified_gmt":"2021-05-07T15:20:43","slug":"u-3-la-revolucion-francesa","status":"publish","type":"page","link":"https:\/\/blogsaverroes.juntadeandalucia.es\/aldeacordoba\/?page_id=199","title":{"rendered":"U 03. La Revoluci\u00f3n Francesa."},"content":{"rendered":"<p><strong>V\u00eddeos Introductorios.<\/strong><\/p>\n<p><iframe loading=\"lazy\" title=\"C\u00f3mo cambi\u00f3 Francia con la Revoluci\u00f3n Francesa\" width=\"840\" height=\"630\" src=\"https:\/\/www.youtube.com\/embed\/eIYLUC4ovGI?feature=oembed\" frameborder=\"0\" allow=\"accelerometer; autoplay; clipboard-write; encrypted-media; gyroscope; picture-in-picture\" allowfullscreen><\/iframe><\/p>\n<p>V\u00eddeos History channel:<\/p>\n<p><iframe loading=\"lazy\" title=\"La Revoluci\u00f3n Francesa - History Channel - Parte I\/III\" width=\"840\" height=\"630\" src=\"https:\/\/www.youtube.com\/embed\/K61qczNcFr0?feature=oembed\" frameborder=\"0\" allow=\"accelerometer; autoplay; clipboard-write; encrypted-media; gyroscope; picture-in-picture\" allowfullscreen><\/iframe><\/p>\n<p><iframe loading=\"lazy\" title=\"La Revoluci\u00f3n Francesa - History Channel - Parte II\/III\" width=\"840\" height=\"630\" src=\"https:\/\/www.youtube.com\/embed\/cOIREMinLSM?feature=oembed\" frameborder=\"0\" allow=\"accelerometer; autoplay; clipboard-write; encrypted-media; gyroscope; picture-in-picture\" allowfullscreen><\/iframe><\/p>\n<p><iframe loading=\"lazy\" title=\"La Revoluci\u00f3n Francesa - History Channel - Parte III\/III\" width=\"840\" height=\"630\" src=\"https:\/\/www.youtube.com\/embed\/hqVdCMpmzfo?feature=oembed\" frameborder=\"0\" allow=\"accelerometer; autoplay; clipboard-write; encrypted-media; gyroscope; picture-in-picture\" allowfullscreen><\/iframe><\/p>\n<p>&nbsp;<\/p>\n<p><strong>Presentaciones<\/strong><\/p>\n<p>[slideshare id=62162&amp;doc=la-revolucin-francesa4688]<\/p>\n<p>[slideshare id=5597076&amp;doc=lasrevolucionesliberales2010-101028105842-phpapp01]<\/p>\n<p>&nbsp;<\/p>\n<p>&nbsp;<\/p>\n<p>&nbsp;<\/p>\n","protected":false},"excerpt":{"rendered":"<p>V\u00eddeos Introductorios. V\u00eddeos History channel: &nbsp; Presentaciones [slideshare id=62162&amp;doc=la-revolucin-francesa4688] [slideshare id=5597076&amp;doc=lasrevolucionesliberales2010-101028105842-phpapp01] &nbsp; &nbsp; &nbsp;<\/p>\n","protected":false},"author":168,"featured_media":0,"parent":0,"menu_order":0,"comment_status":"open","ping_status":"open","template":"","meta":{"ngg_post_thumbnail":0,"footnotes":""},"aioseo_notices":[],"_links":{"self":[{"href":"https:\/\/blogsaverroes.juntadeandalucia.es\/aldeacordoba\/index.php?rest_route=\/wp\/v2\/pages\/199"}],"collection":[{"href":"https:\/\/blogsaverroes.juntadeandalucia.es\/aldeacordoba\/index.php?rest_route=\/wp\/v2\/pages"}],"about":[{"href":"https:\/\/blogsaverroes.juntadeandalucia.es\/aldeacordoba\/index.php?rest_route=\/wp\/v2\/types\/page"}],"author":[{"embeddable":true,"href":"https:\/\/blogsaverroes.juntadeandalucia.es\/aldeacordoba\/index.php?rest_route=\/wp\/v2\/users\/168"}],"replies":[{"embeddable":true,"href":"https:\/\/blogsaverroes.juntadeandalucia.es\/aldeacordoba\/index.php?rest_route=%2Fwp%2Fv2%2Fcomments&post=199"}],"version-history":[{"count":3,"href":"https:\/\/blogsaverroes.juntadeandalucia.es\/aldeacordoba\/index.php?rest_route=\/wp\/v2\/pages\/199\/revisions"}],"predecessor-version":[{"id":1460,"href":"https:\/\/blogsaverroes.juntadeandalucia.es\/aldeacordoba\/index.php?rest_route=\/wp\/v2\/pages\/199\/revisions\/1460"}],"wp:attachment":[{"href":"https:\/\/blogsaverroes.juntadeandalucia.es\/aldeacordoba\/index.php?rest_route=%2Fwp%2Fv2%2Fmedia&parent=199"}],"curies":[{"name":"wp","href":"https:\/\/api.w.org\/{rel}","templated":true}]}}

U 03. La Revolución Francesa.

<p><strong>Vídeos Introductorios.</strong></p>
<p><iframe loading="lazy" title="Cómo cambió Francia con la Revolución Francesa" width="840" height="630" src="https://www.youtube.com/embed/eIYLUC4ovGI?feature=oembed" frameborder="0" allow="accelerometer; autoplay; clipboard-write; encrypted-media; gyroscope; picture-in-picture" allowfullscreen></iframe></p>
<p>Vídeos History channel:</p>
<p><iframe loading="lazy" title="La Revolución Francesa - History Channel - Parte I/III" width="840" height="630" src="https://www.youtube.com/embed/K61qczNcFr0?feature=oembed" frameborder="0" allow="accelerometer; autoplay; clipboard-write; encrypted-media; gyroscope; picture-in-picture" allowfullscreen></iframe></p>
<p><iframe loading="lazy" title="La Revolución Francesa - History Channel - Parte II/III" width="840" height="630" src="https://www.youtube.com/embed/cOIREMinLSM?feature=oembed" frameborder="0" allow="accelerometer; autoplay; clipboard-write; encrypted-media; gyroscope; picture-in-picture" allowfullscreen></iframe></p>
<p><iframe loading="lazy" title="La Revolución Francesa - History Channel - Parte III/III" width="840" height="630" src="https://www.youtube.com/embed/hqVdCMpmzfo?feature=oembed" frameborder="0" allow="accelerometer; autoplay; clipboard-write; encrypted-media; gyroscope; picture-in-picture" allowfullscreen></iframe></p>
<p>&nbsp;</p>
<p><strong>Presentaciones</strong></p>
<p>[slideshare id=62162&amp;doc=la-revolucin-francesa4688]</p>
<p>[slideshare id=5597076&amp;doc=lasrevolucionesliberales2010-101028105842-phpapp01]</p>
<p>&nbsp;</p>
<p>&nbsp;</p>
<p>&nbsp;</p>

<p>Vídeos Introductorios. Vídeos History channel: &nbsp; Presentaciones [slideshare id=62162&amp;doc=la-revolucin-francesa4688] [slideshare id=5597076&amp;doc=lasrevolucionesliberales2010-101028105842-phpapp01] &nbsp; &nbsp; &nbsp;</p>
