{"id":88,"date":"2021-12-18T14:11:06","date_gmt":"2021-12-18T14:11:06","guid":{"rendered":"https:\/\/blogsaverroes.juntadeandalucia.es\/aldeasanblas\/?page_id=88"},"modified":"2021-12-18T14:11:06","modified_gmt":"2021-12-18T14:11:06","slug":"recapacita","status":"publish","type":"page","link":"https:\/\/blogsaverroes.juntadeandalucia.es\/aldeasanblas\/recapacita","title":{"rendered":"Recapacita"},"content":{"rendered":"<p align=\"JUSTIFY\">Relacionada con el bloque tem\u00e1tico <b>Cambio clim\u00e1tico, Repercusiones<\/b>, y con el objetivo espec\u00edfico de estimular actitudes de reutilizaci\u00f3n, reciclaje y sensibilizaci\u00f3n en materia de residuos, para que el centro educativo sea referencia de gesti\u00f3n de este tipo de materiales. Para ello proponemos las siguientes l\u00edneas de intervenci\u00f3n:<\/p>\n<ol>\n<li>\n<p align=\"JUSTIFY\">Residuos y reciclaje. <b>Campa\u00f1a de concienciaci\u00f3n sobre basuras.<\/b><\/p>\n<\/li>\n<li>\n<p align=\"JUSTIFY\">En el dpto de Servicios a la Comunidad, de manera transversal se est\u00e1 trabajando la <b>reducci\u00f3n, reutilizaci\u00f3n y reciclado<\/b>de recursos.<\/p>\n<\/li>\n<li>\n<p align=\"JUSTIFY\">Desde el claustro, hay docentes que estamos en negociaci\u00f3n con el dpto de Hosteler\u00eda y Turismo para la<b>reducci\u00f3n de pl\u00e1sticos y el consumo responsable de carne<\/b>.<b>Extraer algunas propuestas para la reducci\u00f3n de pl\u00e1stico en la cafeter\u00eda del centro.<\/b><\/p>\n<\/li>\n<li>\n<p align=\"JUSTIFY\">Tipolog\u00eda de residuos seg\u00fan su naturaleza, su origen o su gesti\u00f3n. <b>Recogida selectiva de residuos y de tapones de pl\u00e1stico, recogida de pilas, cartuchos de tinta y t\u00f3ners de impresoras. Informaci\u00f3n sobre los puntos limpios de la zona.<\/b><\/p>\n<\/li>\n<li>\n<p align=\"JUSTIFY\">Plan Integral de Residuos de Andaluc\u00eda. Hacia una Econom\u00eda Circular en el Horizonte 2030. <b>Dar a conocer los lugares a donde van a parar los residuos de nuestras localidades. Impacto sobre los cauces de agua.<\/b><\/p>\n<\/li>\n<\/ol>\n<p align=\"JUSTIFY\"><b>Agentes que participar\u00e1n:<\/b>profesorado y alumnado de todos los niveles educativos, familias, personal no docente del centro (limpiadoras, administrativos y ordenanzas).<\/p>\n","protected":false},"excerpt":{"rendered":"<p>Relacionada con el bloque tem\u00e1tico Cambio clim\u00e1tico, Repercusiones, y con el objetivo espec\u00edfico de estimular actitudes de reutilizaci\u00f3n, reciclaje y sensibilizaci\u00f3n en materia de residuos,&hellip;<\/p>\n","protected":false},"author":14215,"featured_media":0,"parent":0,"menu_order":0,"comment_status":"closed","ping_status":"closed","template":"","meta":{"ngg_post_thumbnail":0,"footnotes":""},"aioseo_notices":[],"_links":{"self":[{"href":"https:\/\/blogsaverroes.juntadeandalucia.es\/aldeasanblas\/wp-json\/wp\/v2\/pages\/88"}],"collection":[{"href":"https:\/\/blogsaverroes.juntadeandalucia.es\/aldeasanblas\/wp-json\/wp\/v2\/pages"}],"about":[{"href":"https:\/\/blogsaverroes.juntadeandalucia.es\/aldeasanblas\/wp-json\/wp\/v2\/types\/page"}],"author":[{"embeddable":true,"href":"https:\/\/blogsaverroes.juntadeandalucia.es\/aldeasanblas\/wp-json\/wp\/v2\/users\/14215"}],"replies":[{"embeddable":true,"href":"https:\/\/blogsaverroes.juntadeandalucia.es\/aldeasanblas\/wp-json\/wp\/v2\/comments?post=88"}],"version-history":[{"count":1,"href":"https:\/\/blogsaverroes.juntadeandalucia.es\/aldeasanblas\/wp-json\/wp\/v2\/pages\/88\/revisions"}],"predecessor-version":[{"id":90,"href":"https:\/\/blogsaverroes.juntadeandalucia.es\/aldeasanblas\/wp-json\/wp\/v2\/pages\/88\/revisions\/90"}],"wp:attachment":[{"href":"https:\/\/blogsaverroes.juntadeandalucia.es\/aldeasanblas\/wp-json\/wp\/v2\/media?parent=88"}],"curies":[{"name":"wp","href":"https:\/\/api.w.org\/{rel}","templated":true}]}}

<p align="JUSTIFY">Relacionada con el bloque temático <b>Cambio climático, Repercusiones</b>, y con el objetivo específico de estimular actitudes de reutilización, reciclaje y sensibilización en materia de residuos, para que el centro educativo sea referencia de gestión de este tipo de materiales. Para ello proponemos las siguientes líneas de intervención:</p>
<ol>
<li>
<p align="JUSTIFY">Residuos y reciclaje. <b>Campaña de concienciación sobre basuras.</b></p>
</li>
<li>
<p align="JUSTIFY">En el dpto de Servicios a la Comunidad, de manera transversal se está trabajando la <b>reducción, reutilización y reciclado</b>de recursos.</p>
</li>
<li>
<p align="JUSTIFY">Desde el claustro, hay docentes que estamos en negociación con el dpto de Hostelería y Turismo para la<b>reducción de plásticos y el consumo responsable de carne</b>.<b>Extraer algunas propuestas para la reducción de plástico en la cafetería del centro.</b></p>
</li>
<li>
<p align="JUSTIFY">Tipología de residuos según su naturaleza, su origen o su gestión. <b>Recogida selectiva de residuos y de tapones de plástico, recogida de pilas, cartuchos de tinta y tóners de impresoras. Información sobre los puntos limpios de la zona.</b></p>
</li>
<li>
<p align="JUSTIFY">Plan Integral de Residuos de Andalucía. Hacia una Economía Circular en el Horizonte 2030. <b>Dar a conocer los lugares a donde van a parar los residuos de nuestras localidades. Impacto sobre los cauces de agua.</b></p>
</li>
</ol>
<p align="JUSTIFY"><b>Agentes que participarán:</b>profesorado y alumnado de todos los niveles educativos, familias, personal no docente del centro (limpiadoras, administrativos y ordenanzas).</p>

<p>Relacionada con el bloque temático Cambio climático, Repercusiones, y con el objetivo específico de estimular actitudes de reutilización, reciclaje y sensibilización en materia de residuos,&hellip;</p>
