{"id":426,"date":"2015-03-20T07:05:49","date_gmt":"2015-03-20T07:05:49","guid":{"rendered":"http:\/\/blogsaverroes.juntadeandalucia.es\/pre\/ceip\/?page_id=426"},"modified":"2021-03-10T09:41:09","modified_gmt":"2021-03-10T09:41:09","slug":"materiales-recursos","status":"publish","type":"page","link":"https:\/\/blogsaverroes.juntadeandalucia.es\/alonsodealcala\/educacion-infantil\/materiales-recursos\/","title":{"rendered":"Educaci\u00f3n Especial"},"content":{"rendered":"<p>En el Aula de Pedagog\u00eda Terap\u00e9utica o tambi\u00e9n denominada Educaci\u00f3n Especial se atienden alumnos con NEE.<\/p>\n<p>En el sistema educativo actual, entendemos por alumnado con necesidades educativas especiales a aquel que requiere determinados apoyos y atenciones educativas espec\u00edficas debido a diferentes grados y tipos de capacidades personales de orden f\u00edsico, ps\u00edquico, cognitivo o sensorial o trastornos graves de conducta.<\/p>\n<p>Este t\u00e9rmino, necesidades educativas especiales, pone en \u00e9nfasis no s\u00f3lo en el alumno o alumna, sino tambi\u00e9n en la respuesta educativa que precisa a trav\u00e9s de aquellos apoyos, ayudas y adaptaciones necesarios para conseguir su m\u00e1ximo desarrollo posible desde un modelo de escuela inclusiva.<\/p>\n<p>La tutora de este aula es D\u00aa Olga Mar\u00eda Escribano Dur\u00e1n, acompa\u00f1ada por el monitor EPI D. Manuel P\u00e9rez Exp\u00f3sito, la maestra especialista en Audici\u00f3n y Lenguaje D\u00aa Marta Herrera Guzm\u00e1n y siempre con la supervisi\u00f3n y coordinaci\u00f3n de la Orientadora del centro D\u00aa Paloma Teva Mart\u00edn<\/p>\n<p>&nbsp;<\/p>\n<p>&nbsp;<\/p>\n","protected":false},"excerpt":{"rendered":"<p>En el Aula de Pedagog\u00eda Terap\u00e9utica o tambi\u00e9n denominada Educaci\u00f3n Especial&#46;&#46;&#46;<\/p>\n","protected":false},"author":1,"featured_media":0,"parent":424,"menu_order":0,"comment_status":"open","ping_status":"open","template":"","meta":{"ngg_post_thumbnail":0,"footnotes":"","_mc_calendar":[]},"aioseo_notices":[],"_links":{"self":[{"href":"https:\/\/blogsaverroes.juntadeandalucia.es\/alonsodealcala\/wp-json\/wp\/v2\/pages\/426"}],"collection":[{"href":"https:\/\/blogsaverroes.juntadeandalucia.es\/alonsodealcala\/wp-json\/wp\/v2\/pages"}],"about":[{"href":"https:\/\/blogsaverroes.juntadeandalucia.es\/alonsodealcala\/wp-json\/wp\/v2\/types\/page"}],"author":[{"embeddable":true,"href":"https:\/\/blogsaverroes.juntadeandalucia.es\/alonsodealcala\/wp-json\/wp\/v2\/users\/1"}],"replies":[{"embeddable":true,"href":"https:\/\/blogsaverroes.juntadeandalucia.es\/alonsodealcala\/wp-json\/wp\/v2\/comments?post=426"}],"version-history":[{"count":7,"href":"https:\/\/blogsaverroes.juntadeandalucia.es\/alonsodealcala\/wp-json\/wp\/v2\/pages\/426\/revisions"}],"predecessor-version":[{"id":2754,"href":"https:\/\/blogsaverroes.juntadeandalucia.es\/alonsodealcala\/wp-json\/wp\/v2\/pages\/426\/revisions\/2754"}],"up":[{"embeddable":true,"href":"https:\/\/blogsaverroes.juntadeandalucia.es\/alonsodealcala\/wp-json\/wp\/v2\/pages\/424"}],"wp:attachment":[{"href":"https:\/\/blogsaverroes.juntadeandalucia.es\/alonsodealcala\/wp-json\/wp\/v2\/media?parent=426"}],"curies":[{"name":"wp","href":"https:\/\/api.w.org\/{rel}","templated":true}]}}

Educación Especial

<p>En el Aula de Pedagogía Terapéutica o también denominada Educación Especial se atienden alumnos con NEE.</p>
<p>En el sistema educativo actual, entendemos por alumnado con necesidades educativas especiales a aquel que requiere determinados apoyos y atenciones educativas específicas debido a diferentes grados y tipos de capacidades personales de orden físico, psíquico, cognitivo o sensorial o trastornos graves de conducta.</p>
<p>Este término, necesidades educativas especiales, pone en énfasis no sólo en el alumno o alumna, sino también en la respuesta educativa que precisa a través de aquellos apoyos, ayudas y adaptaciones necesarios para conseguir su máximo desarrollo posible desde un modelo de escuela inclusiva.</p>
<p>La tutora de este aula es Dª Olga María Escribano Durán, acompañada por el monitor EPI D. Manuel Pérez Expósito, la maestra especialista en Audición y Lenguaje Dª Marta Herrera Guzmán y siempre con la supervisión y coordinación de la Orientadora del centro Dª Paloma Teva Martín</p>
<p>&nbsp;</p>
<p>&nbsp;</p>

<p>En el Aula de Pedagogía Terapéutica o también denominada Educación Especial&#46;&#46;&#46;</p>
