{"id":432,"date":"2015-03-20T07:07:25","date_gmt":"2015-03-20T07:07:25","guid":{"rendered":"http:\/\/blogsaverroes.juntadeandalucia.es\/pre\/ceip\/?page_id=432"},"modified":"2021-09-29T10:50:26","modified_gmt":"2021-09-29T10:50:26","slug":"ed-primaria-2o-ciclo","status":"publish","type":"page","link":"https:\/\/blogsaverroes.juntadeandalucia.es\/alonsodealcala\/ed-primaria-2o-ciclo\/","title":{"rendered":"Ed. Primaria. 2\u00ba ciclo"},"content":{"rendered":"<p>En el curso 2021\/22 el segundo ciclo se compone de dos aulas en 3\u00ba y&nbsp; tress aulas en 4\u00ba.<\/p>\n<p>3\u00ba A Tutora: D\u00aa Mar\u00eda Rosa Cabezas Garc\u00eda<\/p>\n<p>3\u00ba B Tutor: A. Javier Hermoso Montes<\/p>\n<p>4\u00ba A Tutora: D\u00aa Mar\u00eda Carmen Berm\u00fadez Mara\u00f1\u00f3n<\/p>\n<p>4\u00ba B Tutora: D\u00aa Francisca Ana R\u00f3bles N\u00fa\u00f1ez<\/p>\n<p>4\u00baC Tutor: D. Dami\u00e1n Boronat&nbsp; Moreno<\/p>\n<p>&nbsp;<\/p>\n","protected":false},"excerpt":{"rendered":"<p>En el curso 2021\/22 el segundo ciclo se compone de dos&#46;&#46;&#46;<\/p>\n","protected":false},"author":1,"featured_media":0,"parent":0,"menu_order":0,"comment_status":"open","ping_status":"open","template":"","meta":{"ngg_post_thumbnail":0,"footnotes":"","_mc_calendar":[]},"aioseo_notices":[],"_links":{"self":[{"href":"https:\/\/blogsaverroes.juntadeandalucia.es\/alonsodealcala\/wp-json\/wp\/v2\/pages\/432"}],"collection":[{"href":"https:\/\/blogsaverroes.juntadeandalucia.es\/alonsodealcala\/wp-json\/wp\/v2\/pages"}],"about":[{"href":"https:\/\/blogsaverroes.juntadeandalucia.es\/alonsodealcala\/wp-json\/wp\/v2\/types\/page"}],"author":[{"embeddable":true,"href":"https:\/\/blogsaverroes.juntadeandalucia.es\/alonsodealcala\/wp-json\/wp\/v2\/users\/1"}],"replies":[{"embeddable":true,"href":"https:\/\/blogsaverroes.juntadeandalucia.es\/alonsodealcala\/wp-json\/wp\/v2\/comments?post=432"}],"version-history":[{"count":11,"href":"https:\/\/blogsaverroes.juntadeandalucia.es\/alonsodealcala\/wp-json\/wp\/v2\/pages\/432\/revisions"}],"predecessor-version":[{"id":2896,"href":"https:\/\/blogsaverroes.juntadeandalucia.es\/alonsodealcala\/wp-json\/wp\/v2\/pages\/432\/revisions\/2896"}],"wp:attachment":[{"href":"https:\/\/blogsaverroes.juntadeandalucia.es\/alonsodealcala\/wp-json\/wp\/v2\/media?parent=432"}],"curies":[{"name":"wp","href":"https:\/\/api.w.org\/{rel}","templated":true}]}}