{"id":99,"date":"2015-03-16T07:22:54","date_gmt":"2015-03-16T07:22:54","guid":{"rendered":"http:\/\/blogsaverroes.juntadeandalucia.es\/pre\/ceip\/?page_id=99"},"modified":"2020-01-31T09:58:59","modified_gmt":"2020-01-31T09:58:59","slug":"comedor-escolar","status":"publish","type":"page","link":"https:\/\/blogsaverroes.juntadeandalucia.es\/alonsodealcala\/comedor-escolar\/","title":{"rendered":"Comedor escolar"},"content":{"rendered":"<h4 style=\"text-align: center\"><span style=\"text-decoration: underline\">Reestablecimiento del servicio de comedor escolar<\/span><\/h4>\n<p>A partir del lunes 03 de febrero vuelve a ponerse en marcha el servicio de comedor en el colegio con normalidad tal y como estaba antes de los hechos acontecidos durante el mes de octubre.<\/p>\n<p>El horario es:&nbsp;<\/p>\n<p><strong>Lunes a viernes<\/strong> de <strong>14:00 a 16:00<\/strong><\/p>\n<p>&nbsp;<\/p>\n<p>Para m\u00e1s informaci\u00f3n, pase por Secretar\u00eda del colegio.<\/p>\n<p>&nbsp;<\/p>\n","protected":false},"excerpt":{"rendered":"<p>Reestablecimiento del servicio de comedor escolar A partir del lunes 03&#46;&#46;&#46;<\/p>\n","protected":false},"author":1,"featured_media":0,"parent":0,"menu_order":0,"comment_status":"open","ping_status":"open","template":"page-templates\/child-menu.php","meta":{"ngg_post_thumbnail":0,"footnotes":"","_mc_calendar":[]},"aioseo_notices":[],"_links":{"self":[{"href":"https:\/\/blogsaverroes.juntadeandalucia.es\/alonsodealcala\/wp-json\/wp\/v2\/pages\/99"}],"collection":[{"href":"https:\/\/blogsaverroes.juntadeandalucia.es\/alonsodealcala\/wp-json\/wp\/v2\/pages"}],"about":[{"href":"https:\/\/blogsaverroes.juntadeandalucia.es\/alonsodealcala\/wp-json\/wp\/v2\/types\/page"}],"author":[{"embeddable":true,"href":"https:\/\/blogsaverroes.juntadeandalucia.es\/alonsodealcala\/wp-json\/wp\/v2\/users\/1"}],"replies":[{"embeddable":true,"href":"https:\/\/blogsaverroes.juntadeandalucia.es\/alonsodealcala\/wp-json\/wp\/v2\/comments?post=99"}],"version-history":[{"count":6,"href":"https:\/\/blogsaverroes.juntadeandalucia.es\/alonsodealcala\/wp-json\/wp\/v2\/pages\/99\/revisions"}],"predecessor-version":[{"id":2466,"href":"https:\/\/blogsaverroes.juntadeandalucia.es\/alonsodealcala\/wp-json\/wp\/v2\/pages\/99\/revisions\/2466"}],"wp:attachment":[{"href":"https:\/\/blogsaverroes.juntadeandalucia.es\/alonsodealcala\/wp-json\/wp\/v2\/media?parent=99"}],"curies":[{"name":"wp","href":"https:\/\/api.w.org\/{rel}","templated":true}]}}