{"id":282,"date":"2021-04-16T15:34:53","date_gmt":"2021-04-16T15:34:53","guid":{"rendered":"https:\/\/blogsaverroes.juntadeandalucia.es\/altascapacidadesmalaga\/?page_id=282"},"modified":"2021-04-16T15:48:06","modified_gmt":"2021-04-16T15:48:06","slug":"medidas-generales","status":"publish","type":"page","link":"https:\/\/blogsaverroes.juntadeandalucia.es\/altascapacidadesmalaga\/medidas-generales\/","title":{"rendered":"MEDIDAS GENERALES"},"content":{"rendered":"<ul>\n<li style=\"text-align: justify\"><a href=\"https:\/\/blogsaverroes.juntadeandalucia.es\/orientadelegacionmalaga\/files\/2019\/05\/triptico-aacc.pdf\" target=\"_blank\" rel=\"noopener noreferrer\">Atenci\u00f3n a la diversidad en el aula para el alumnado con AACCII (Tr\u00edptico)<\/a> Documento elaborado por el EOEE AACCII M\u00e1laga.<\/li>\n<li style=\"text-align: justify\"><a href=\"https:\/\/www.ambezar.com\/medidas-generales.html\" target=\"_blank\" rel=\"noopener noreferrer\">Medidas generales de atenci\u00f3n a la diversidad seg\u00fan Instrucciones 8 de marzo 2017.<\/a>&nbsp;(Amb\u00e9zar).<\/li>\n<li style=\"text-align: justify\"><a href=\"https:\/\/www.fundacionpryconsa.es\/media\/Altas_capacidades_y_aprendizaje_cooperativo.pdf\" target=\"_blank\" rel=\"noopener noreferrer\">TORREGO (coord.): Alumnos con altas capacidades y aprendizaje cooperativo. Un modelo de respuesta educativa.<\/a><\/li>\n<\/ul>\n","protected":false},"excerpt":{"rendered":"<p>Atenci\u00f3n a la diversidad en el aula para el alumnado con AACCII (Tr\u00edptico) Documento elaborado por el EOEE AACCII M\u00e1laga. Medidas generales de atenci\u00f3n a la diversidad seg\u00fan Instrucciones 8 de marzo 2017.&nbsp;(Amb\u00e9zar). TORREGO&#46;&#46;&#46;<\/p>\n","protected":false},"author":11976,"featured_media":0,"parent":0,"menu_order":0,"comment_status":"closed","ping_status":"closed","template":"","meta":{"ngg_post_thumbnail":0,"footnotes":""},"aioseo_notices":[],"post_mailing_queue_ids":[],"_links":{"self":[{"href":"https:\/\/blogsaverroes.juntadeandalucia.es\/altascapacidadesmalaga\/wp-json\/wp\/v2\/pages\/282"}],"collection":[{"href":"https:\/\/blogsaverroes.juntadeandalucia.es\/altascapacidadesmalaga\/wp-json\/wp\/v2\/pages"}],"about":[{"href":"https:\/\/blogsaverroes.juntadeandalucia.es\/altascapacidadesmalaga\/wp-json\/wp\/v2\/types\/page"}],"author":[{"embeddable":true,"href":"https:\/\/blogsaverroes.juntadeandalucia.es\/altascapacidadesmalaga\/wp-json\/wp\/v2\/users\/11976"}],"replies":[{"embeddable":true,"href":"https:\/\/blogsaverroes.juntadeandalucia.es\/altascapacidadesmalaga\/wp-json\/wp\/v2\/comments?post=282"}],"version-history":[{"count":4,"href":"https:\/\/blogsaverroes.juntadeandalucia.es\/altascapacidadesmalaga\/wp-json\/wp\/v2\/pages\/282\/revisions"}],"predecessor-version":[{"id":286,"href":"https:\/\/blogsaverroes.juntadeandalucia.es\/altascapacidadesmalaga\/wp-json\/wp\/v2\/pages\/282\/revisions\/286"}],"wp:attachment":[{"href":"https:\/\/blogsaverroes.juntadeandalucia.es\/altascapacidadesmalaga\/wp-json\/wp\/v2\/media?parent=282"}],"curies":[{"name":"wp","href":"https:\/\/api.w.org\/{rel}","templated":true}]}}

<ul>
<li style="text-align: justify"><a href="https://blogsaverroes.juntadeandalucia.es/orientadelegacionmalaga/files/2019/05/triptico-aacc.pdf" target="_blank" rel="noopener noreferrer">Atención a la diversidad en el aula para el alumnado con AACCII (Tríptico)</a> Documento elaborado por el EOEE AACCII Málaga.</li>
<li style="text-align: justify"><a href="https://www.ambezar.com/medidas-generales.html" target="_blank" rel="noopener noreferrer">Medidas generales de atención a la diversidad según Instrucciones 8 de marzo 2017.</a>&nbsp;(Ambézar).</li>
<li style="text-align: justify"><a href="https://www.fundacionpryconsa.es/media/Altas_capacidades_y_aprendizaje_cooperativo.pdf" target="_blank" rel="noopener noreferrer">TORREGO (coord.): Alumnos con altas capacidades y aprendizaje cooperativo. Un modelo de respuesta educativa.</a></li>
</ul>

<p>Atención a la diversidad en el aula para el alumnado con AACCII (Tríptico) Documento elaborado por el EOEE AACCII Málaga. Medidas generales de atención a la diversidad según Instrucciones 8 de marzo 2017.&nbsp;(Ambézar). TORREGO&#46;&#46;&#46;</p>
