{"id":32,"date":"2021-03-22T10:58:30","date_gmt":"2021-03-22T10:58:30","guid":{"rendered":"https:\/\/blogsaverroes.juntadeandalucia.es\/altascapacidadesmalaga\/?page_id=32"},"modified":"2024-09-23T09:56:09","modified_gmt":"2024-09-23T09:56:09","slug":"evaluacion-identificacion","status":"publish","type":"page","link":"https:\/\/blogsaverroes.juntadeandalucia.es\/altascapacidadesmalaga\/evaluacion-identificacion\/","title":{"rendered":"EVALUACI\u00d3N\/IDENTIFICACI\u00d3N"},"content":{"rendered":"<p style=\"text-align: center\"><strong><span style=\"color: #993366;font-size: 18pt\">EVALUACI\u00d3N PSICOPEDAG\u00d3GICA<\/span><\/strong><\/p>\n<ul>\n<li style=\"text-align: justify\"><a href=\"https:\/\/blogsaverroes.juntadeandalucia.es\/orientadelegacionmalaga\/files\/2018\/05\/valoracion-capacidades-cognitivas-y-aptitudes-intelectuales.pdf\">Valoraci\u00f3n capacidades cognitivas y aptitudes intelectuales <\/a>Junta de Andaluc\u00eda. Consejer\u00eda de Educaci\u00f3n.<\/li>\n<\/ul>\n<p style=\"text-align: justify\">&nbsp;<\/p>\n<ul style=\"text-align: justify\">\n<li><a href=\"https:\/\/blogsaverroes.juntadeandalucia.es\/altascapacidadesmalaga\/files\/2021\/04\/Identificacio\u0301n-AACCII.pdf\">Documento para la identificaci\u00f3n del alumnado con AACCII<\/a>. EOEs Especializados AACCII de Andaluc\u00eda, junio de 2020.<\/li>\n<\/ul>\n<p style=\"text-align: justify\">&nbsp;<\/p>\n<ul style=\"text-align: justify\">\n<li><a href=\"https:\/\/blogsaverroes.juntadeandalucia.es\/orientadelegacionmalaga\/files\/2019\/05\/instrumentos-de-ev-aaccii.pdf\" target=\"_blank\" rel=\"noopener noreferrer\">Instrumentos de evaluaci\u00f3n de alumnado con NEAE AACCII. <\/a>Elaborado por la Red de Orientaci\u00f3n, EOEE AACCII, ETPOEP de la provincia de M\u00e1laga.<\/li>\n<\/ul>\n<p style=\"text-align: justify\">&nbsp;<\/p>\n<p style=\"text-align: center\"><span style=\"font-size: 18pt\"><strong><span style=\"color: #993366\">INSTRUMENTOS DE EVALUACI\u00d3N<\/span><\/strong><\/span><\/p>\n<ul>\n<li><a href=\"https:\/\/www.gobiernodecanarias.org\/cmsweb\/export\/sites\/educacion\/web\/.content\/publicaciones\/archivos\/documento\/libro_torrance.pdf\">Adaptaci\u00f3n y baremaci\u00f3n del test de pensamiento creativo de Torrance<\/a>: Expresi\u00f3n figurada. Educaci\u00f3n Primaria y Secundaria.\n<ul>\n<li style=\"text-align: justify\"><strong>Autor\u00eda: <\/strong>Ceferino Artiles Hern\u00e1ndez, Juan E. Jim\u00e9nez Gonz\u00e1lez, Cristina Rodr\u00edguez Rodr\u00edguez y Eduardo Garc\u00eda Miranda. Edita: Consejer\u00eda de Educaci\u00f3n, Cultura y Deporte del Gobierno de Canarias.&nbsp; Direcci\u00f3n General de Ordenaci\u00f3n e Innovaci\u00f3n Educativa. A\u00f1o: 2007<\/li>\n<li style=\"text-align: justify\"><strong>Edades:<\/strong> desde los 6 a 16 an\u0303os (De 1\u00ba EP a 4\u00ba ESO).<\/li>\n<\/ul>\n<\/li>\n<\/ul>\n<p>&nbsp;<\/p>\n<ul>\n<li style=\"text-align: justify\"><a href=\"https:\/\/www.gobiernodecanarias.org\/cmsweb\/export\/sites\/educacion\/web\/.content\/publicaciones\/archivos\/documento\/libro_pvec_4.pdf\">Prueba verbal de creatividad<\/a>. Baremos para la Educaci\u00f3n Primaria y Secundaria Obligatoria\n<ul>\n<li style=\"text-align: justify\"><strong>Autor\u00eda:&nbsp;<\/strong>Ceferino Artiles Hern\u00e1ndez, Juan E. Jim\u00e9nez Gonz\u00e1lez, Cristina Rodr\u00edguez Rodr\u00edguez y Eduardo Garc\u00eda Miranda. Edita: Consejer\u00eda de Educaci\u00f3n, Cultura y Deporte del Gobierno de Canarias.&nbsp; Direcci\u00f3n General de Ordenaci\u00f3n e Innovaci\u00f3n Educativa. A\u00f1o: 2007<\/li>\n<li style=\"text-align: justify\"><strong>Edades:<\/strong> desde los 6 a 16 an\u0303os (De 1\u00ba EP a 4\u00ba ESO).<\/li>\n<\/ul>\n<\/li>\n<\/ul>\n<p>&nbsp;<\/p>\n<p style=\"text-align: center\"><strong><span style=\"color: #993366;font-size: 18pt\">INFORME DE EVALUACI\u00d3N PSICOPEDAG\u00d3GICA<\/span><\/strong><\/p>\n<ul>\n<li style=\"text-align: justify\">Modelos de informes de evaluaci\u00f3n psicopedag\u00f3gica de Ambezar: <a href=\"https:\/\/www.ambezar.com\/files\/Informe-Tipo-SOB-1.pdf\" target=\"_blank\" rel=\"noopener noreferrer\">Sobredotaci\u00f3n<\/a>, <a href=\"https:\/\/www.ambezar.com\/files\/Informe-Tipo-TC-Talento-complejo.pdf\" target=\"_blank\" rel=\"noopener noreferrer\">Talento complejo<\/a><\/li>\n<\/ul>\n<p>&nbsp;<\/p>\n<p>&nbsp;<\/p>\n","protected":false},"excerpt":{"rendered":"<p>EVALUACI\u00d3N PSICOPEDAG\u00d3GICA Valoraci\u00f3n capacidades cognitivas y aptitudes intelectuales Junta de Andaluc\u00eda. Consejer\u00eda de Educaci\u00f3n. &nbsp; Documento para la identificaci\u00f3n del alumnado con AACCII. EOEs Especializados AACCII de Andaluc\u00eda, junio de 2020. &nbsp; Instrumentos de&#46;&#46;&#46;<\/p>\n","protected":false},"author":11976,"featured_media":0,"parent":0,"menu_order":0,"comment_status":"closed","ping_status":"closed","template":"","meta":{"ngg_post_thumbnail":0,"footnotes":""},"aioseo_notices":[],"post_mailing_queue_ids":[],"_links":{"self":[{"href":"https:\/\/blogsaverroes.juntadeandalucia.es\/altascapacidadesmalaga\/wp-json\/wp\/v2\/pages\/32"}],"collection":[{"href":"https:\/\/blogsaverroes.juntadeandalucia.es\/altascapacidadesmalaga\/wp-json\/wp\/v2\/pages"}],"about":[{"href":"https:\/\/blogsaverroes.juntadeandalucia.es\/altascapacidadesmalaga\/wp-json\/wp\/v2\/types\/page"}],"author":[{"embeddable":true,"href":"https:\/\/blogsaverroes.juntadeandalucia.es\/altascapacidadesmalaga\/wp-json\/wp\/v2\/users\/11976"}],"replies":[{"embeddable":true,"href":"https:\/\/blogsaverroes.juntadeandalucia.es\/altascapacidadesmalaga\/wp-json\/wp\/v2\/comments?post=32"}],"version-history":[{"count":16,"href":"https:\/\/blogsaverroes.juntadeandalucia.es\/altascapacidadesmalaga\/wp-json\/wp\/v2\/pages\/32\/revisions"}],"predecessor-version":[{"id":824,"href":"https:\/\/blogsaverroes.juntadeandalucia.es\/altascapacidadesmalaga\/wp-json\/wp\/v2\/pages\/32\/revisions\/824"}],"wp:attachment":[{"href":"https:\/\/blogsaverroes.juntadeandalucia.es\/altascapacidadesmalaga\/wp-json\/wp\/v2\/media?parent=32"}],"curies":[{"name":"wp","href":"https:\/\/api.w.org\/{rel}","templated":true}]}}