{"id":37,"date":"2021-03-22T10:58:31","date_gmt":"2021-03-22T10:58:31","guid":{"rendered":"https:\/\/blogsaverroes.juntadeandalucia.es\/altascapacidadesmalaga\/?page_id=37"},"modified":"2024-09-04T11:36:24","modified_gmt":"2024-09-04T11:36:24","slug":"profundiza","status":"publish","type":"page","link":"https:\/\/blogsaverroes.juntadeandalucia.es\/altascapacidadesmalaga\/profundiza\/","title":{"rendered":"INVESTIGA Y DESCUBRE (PROFUNDIZA)"},"content":{"rendered":"<p style=\"text-align: justify\"><a href=\"https:\/\/portals.ced.junta-andalucia.es\/educacion\/portals\/web\/inspeccion-educativa\/normativa-d\/-\/contenidos\/detalle\/resolucion-de-7-de-junio-de-2024-de-la-direccion-general-de-ordenacion-inclusion-participacion-y-evaluacion-educativa-1t0ehwrlug67m\">RESOLUCI\u00d3N DE 7 DE JUNIO DE 2024<\/a> DE LA DIRECCI\u00d3N GENERAL DE ORDENACI\u00d3N, INCLUSI\u00d3N, PARTICIPACI\u00d3N Y EVALUACI\u00d3N EDUCATIVA POR LA QUE SE ESTABLECE LA CONVOCATORIA, ORGANIZACI\u00d3N Y FUNCIONAMIENTO DEL PROGRAMA PARA LA AMPLIACI\u00d3N DE CONOCIMIENTOS \u201cINVESTIGA Y DESCUBRE\u201d, EN LOS CENTROS DOCENTES P\u00daBLICOS DEPENDIENTES DE LA CONSEJER\u00cdA DE DESARROLLO EDUCATIVO Y FORMACI\u00d3N PROFESIONAL PARA EL CURSO 2024\/2025.<\/p>\n<p><img loading=\"lazy\" decoding=\"async\" class=\" wp-image-815 aligncenter\" src=\"https:\/\/blogsaverroes.juntadeandalucia.es\/altascapacidadesmalaga\/files\/2024\/09\/Captura-de-pantalla-2024-09-04-a-las-13.33.06-300x254.png\" alt=\"\" width=\"649\" height=\"549\" srcset=\"https:\/\/blogsaverroes.juntadeandalucia.es\/altascapacidadesmalaga\/files\/2024\/09\/Captura-de-pantalla-2024-09-04-a-las-13.33.06-300x254.png 300w, https:\/\/blogsaverroes.juntadeandalucia.es\/altascapacidadesmalaga\/files\/2024\/09\/Captura-de-pantalla-2024-09-04-a-las-13.33.06-1024x867.png 1024w, https:\/\/blogsaverroes.juntadeandalucia.es\/altascapacidadesmalaga\/files\/2024\/09\/Captura-de-pantalla-2024-09-04-a-las-13.33.06-768x650.png 768w, https:\/\/blogsaverroes.juntadeandalucia.es\/altascapacidadesmalaga\/files\/2024\/09\/Captura-de-pantalla-2024-09-04-a-las-13.33.06.png 1490w\" sizes=\"(max-width: 649px) 100vw, 649px\" \/><\/p>\n<p><img loading=\"lazy\" decoding=\"async\" class=\" wp-image-817 aligncenter\" src=\"https:\/\/blogsaverroes.juntadeandalucia.es\/altascapacidadesmalaga\/files\/2024\/09\/Captura-de-pantalla-2024-09-04-a-las-13.33.14-300x53.png\" alt=\"\" width=\"651\" height=\"115\" srcset=\"https:\/\/blogsaverroes.juntadeandalucia.es\/altascapacidadesmalaga\/files\/2024\/09\/Captura-de-pantalla-2024-09-04-a-las-13.33.14-300x53.png 300w, https:\/\/blogsaverroes.juntadeandalucia.es\/altascapacidadesmalaga\/files\/2024\/09\/Captura-de-pantalla-2024-09-04-a-las-13.33.14-1024x180.png 1024w, https:\/\/blogsaverroes.juntadeandalucia.es\/altascapacidadesmalaga\/files\/2024\/09\/Captura-de-pantalla-2024-09-04-a-las-13.33.14-768x135.png 768w, https:\/\/blogsaverroes.juntadeandalucia.es\/altascapacidadesmalaga\/files\/2024\/09\/Captura-de-pantalla-2024-09-04-a-las-13.33.14.png 1476w\" sizes=\"(max-width: 651px) 100vw, 651px\" \/><\/p>\n","protected":false},"excerpt":{"rendered":"<p>RESOLUCI\u00d3N DE 7 DE JUNIO DE 2024 DE LA DIRECCI\u00d3N GENERAL DE ORDENACI\u00d3N, INCLUSI\u00d3N, PARTICIPACI\u00d3N Y EVALUACI\u00d3N EDUCATIVA POR LA QUE SE ESTABLECE LA CONVOCATORIA, ORGANIZACI\u00d3N Y FUNCIONAMIENTO DEL PROGRAMA PARA LA AMPLIACI\u00d3N DE&#46;&#46;&#46;<\/p>\n","protected":false},"author":11976,"featured_media":0,"parent":0,"menu_order":0,"comment_status":"closed","ping_status":"closed","template":"","meta":{"ngg_post_thumbnail":0,"footnotes":""},"aioseo_notices":[],"post_mailing_queue_ids":[],"_links":{"self":[{"href":"https:\/\/blogsaverroes.juntadeandalucia.es\/altascapacidadesmalaga\/wp-json\/wp\/v2\/pages\/37"}],"collection":[{"href":"https:\/\/blogsaverroes.juntadeandalucia.es\/altascapacidadesmalaga\/wp-json\/wp\/v2\/pages"}],"about":[{"href":"https:\/\/blogsaverroes.juntadeandalucia.es\/altascapacidadesmalaga\/wp-json\/wp\/v2\/types\/page"}],"author":[{"embeddable":true,"href":"https:\/\/blogsaverroes.juntadeandalucia.es\/altascapacidadesmalaga\/wp-json\/wp\/v2\/users\/11976"}],"replies":[{"embeddable":true,"href":"https:\/\/blogsaverroes.juntadeandalucia.es\/altascapacidadesmalaga\/wp-json\/wp\/v2\/comments?post=37"}],"version-history":[{"count":5,"href":"https:\/\/blogsaverroes.juntadeandalucia.es\/altascapacidadesmalaga\/wp-json\/wp\/v2\/pages\/37\/revisions"}],"predecessor-version":[{"id":818,"href":"https:\/\/blogsaverroes.juntadeandalucia.es\/altascapacidadesmalaga\/wp-json\/wp\/v2\/pages\/37\/revisions\/818"}],"wp:attachment":[{"href":"https:\/\/blogsaverroes.juntadeandalucia.es\/altascapacidadesmalaga\/wp-json\/wp\/v2\/media?parent=37"}],"curies":[{"name":"wp","href":"https:\/\/api.w.org\/{rel}","templated":true}]}}

<p style="text-align: justify"><a href="https://portals.ced.junta-andalucia.es/educacion/portals/web/inspeccion-educativa/normativa-d/-/contenidos/detalle/resolucion-de-7-de-junio-de-2024-de-la-direccion-general-de-ordenacion-inclusion-participacion-y-evaluacion-educativa-1t0ehwrlug67m">RESOLUCIÓN DE 7 DE JUNIO DE 2024</a> DE LA DIRECCIÓN GENERAL DE ORDENACIÓN, INCLUSIÓN, PARTICIPACIÓN Y EVALUACIÓN EDUCATIVA POR LA QUE SE ESTABLECE LA CONVOCATORIA, ORGANIZACIÓN Y FUNCIONAMIENTO DEL PROGRAMA PARA LA AMPLIACIÓN DE CONOCIMIENTOS “INVESTIGA Y DESCUBRE”, EN LOS CENTROS DOCENTES PÚBLICOS DEPENDIENTES DE LA CONSEJERÍA DE DESARROLLO EDUCATIVO Y FORMACIÓN PROFESIONAL PARA EL CURSO 2024/2025.</p>
<p><img loading="lazy" decoding="async" class=" wp-image-815 aligncenter" src="https://blogsaverroes.juntadeandalucia.es/altascapacidadesmalaga/files/2024/09/Captura-de-pantalla-2024-09-04-a-las-13.33.06-300x254.png" alt="" width="649" height="549" srcset="https://blogsaverroes.juntadeandalucia.es/altascapacidadesmalaga/files/2024/09/Captura-de-pantalla-2024-09-04-a-las-13.33.06-300x254.png 300w, https://blogsaverroes.juntadeandalucia.es/altascapacidadesmalaga/files/2024/09/Captura-de-pantalla-2024-09-04-a-las-13.33.06-1024x867.png 1024w, https://blogsaverroes.juntadeandalucia.es/altascapacidadesmalaga/files/2024/09/Captura-de-pantalla-2024-09-04-a-las-13.33.06-768x650.png 768w, https://blogsaverroes.juntadeandalucia.es/altascapacidadesmalaga/files/2024/09/Captura-de-pantalla-2024-09-04-a-las-13.33.06.png 1490w" sizes="(max-width: 649px) 100vw, 649px" /></p>
<p><img loading="lazy" decoding="async" class=" wp-image-817 aligncenter" src="https://blogsaverroes.juntadeandalucia.es/altascapacidadesmalaga/files/2024/09/Captura-de-pantalla-2024-09-04-a-las-13.33.14-300x53.png" alt="" width="651" height="115" srcset="https://blogsaverroes.juntadeandalucia.es/altascapacidadesmalaga/files/2024/09/Captura-de-pantalla-2024-09-04-a-las-13.33.14-300x53.png 300w, https://blogsaverroes.juntadeandalucia.es/altascapacidadesmalaga/files/2024/09/Captura-de-pantalla-2024-09-04-a-las-13.33.14-1024x180.png 1024w, https://blogsaverroes.juntadeandalucia.es/altascapacidadesmalaga/files/2024/09/Captura-de-pantalla-2024-09-04-a-las-13.33.14-768x135.png 768w, https://blogsaverroes.juntadeandalucia.es/altascapacidadesmalaga/files/2024/09/Captura-de-pantalla-2024-09-04-a-las-13.33.14.png 1476w" sizes="(max-width: 651px) 100vw, 651px" /></p>

<p>RESOLUCIÓN DE 7 DE JUNIO DE 2024 DE LA DIRECCIÓN GENERAL DE ORDENACIÓN, INCLUSIÓN, PARTICIPACIÓN Y EVALUACIÓN EDUCATIVA POR LA QUE SE ESTABLECE LA CONVOCATORIA, ORGANIZACIÓN Y FUNCIONAMIENTO DEL PROGRAMA PARA LA AMPLIACIÓN DE&#46;&#46;&#46;</p>
