{"id":687,"date":"2023-01-09T09:47:31","date_gmt":"2023-01-09T09:47:31","guid":{"rendered":"https:\/\/blogsaverroes.juntadeandalucia.es\/altascapacidadesmalaga\/?page_id=687"},"modified":"2023-02-08T12:18:22","modified_gmt":"2023-02-08T12:18:22","slug":"profundiza-2023","status":"publish","type":"page","link":"https:\/\/blogsaverroes.juntadeandalucia.es\/altascapacidadesmalaga\/profundiza-2023\/","title":{"rendered":"PROFUNDIZA 2023"},"content":{"rendered":"<p style=\"text-align: justify\"><a href=\"https:\/\/blogsaverroes.juntadeandalucia.es\/altascapacidadesmalaga\/files\/2023\/01\/Resolucion20diciembre2022ProgramaAndaluciaProfundiza.pdf\">Resoluci\u00f3n de 20 de diciembre de 2022<\/a>, de la Direcci\u00f3n General de Ordenaci\u00f3n, Inclusi\u00f3n, Participaci\u00f3n y Evaluaci\u00f3n Educativa, por la que se establece la convocatoria, organizaci\u00f3n y funcionamiento del programa de profundizaci\u00f3n de conocimientos \u00abAndaluc\u00eda Profundiza\u00bb, en los centros docentes p\u00fablicos dependientes de la Consejer\u00eda de Desarrollo Educativo y Formaci\u00f3n Profesional para el curso 2022-2023.<\/p>\n<p style=\"text-align: center\"><span style=\"color: #99cc00;font-size: 18pt\"><strong>CALENDARIO<\/strong><\/span><\/p>\n<div class=\"item_icon ico_normativa\"><span style=\"color: #000000;font-family: verdana, geneva, sans-serif;font-size: 12pt\"><img loading=\"lazy\" decoding=\"async\" class=\"alignnone wp-image-697 aligncenter\" src=\"https:\/\/blogsaverroes.juntadeandalucia.es\/altascapacidadesmalaga\/files\/2023\/01\/Captura-de-Pantalla-2023-01-09-a-las-11.03.13-240x300.png\" alt=\"\" width=\"796\" height=\"995\" srcset=\"https:\/\/blogsaverroes.juntadeandalucia.es\/altascapacidadesmalaga\/files\/2023\/01\/Captura-de-Pantalla-2023-01-09-a-las-11.03.13-240x300.png 240w, https:\/\/blogsaverroes.juntadeandalucia.es\/altascapacidadesmalaga\/files\/2023\/01\/Captura-de-Pantalla-2023-01-09-a-las-11.03.13-819x1024.png 819w, https:\/\/blogsaverroes.juntadeandalucia.es\/altascapacidadesmalaga\/files\/2023\/01\/Captura-de-Pantalla-2023-01-09-a-las-11.03.13-768x960.png 768w, https:\/\/blogsaverroes.juntadeandalucia.es\/altascapacidadesmalaga\/files\/2023\/01\/Captura-de-Pantalla-2023-01-09-a-las-11.03.13.png 1078w\" sizes=\"(max-width: 796px) 100vw, 796px\" \/><\/span><\/div>\n<p style=\"text-align: justify\"><a href=\"https:\/\/portals.ced.junta-andalucia.es\/educacion\/portals\/delegate\/content\/3b893d1c-4cc3-4074-9ca3-02db12e07f41\/Resoluci%C3%B3n%20y%20Anexos%20Profundiza\">Resoluci\u00f3n de 20 de enero de 2023<\/a>, de la Direcci\u00f3n General de Ordenaci\u00f3n, Inclusi\u00f3n, Participaci\u00f3n y Evaluaci\u00f3n Educativa, por la que se aprueban las listas provisionales de centros, proyectos y grupos seleccionados para el desarrollo del Programa de \u00abAndaluc\u00eda Profundiza\u00bb, en los centros docentes p\u00fablicos dependientes de la Consejer\u00eda de Desarrollo Educativo y Formaci\u00f3n Profesional para el curso 2022-2023.<\/p>\n<p style=\"text-align: justify\"><a href=\"https:\/\/portals.ced.junta-andalucia.es\/educacion\/portals\/delegate\/content\/bbead325-b09e-4e18-abe4-fdd313315f08\/Resoluci%C3%B3n%20Andaluc%C3%ADa%20Profundiza\">Resoluci\u00f3n de 3 de febrero de 2023<\/a>, de la Direcci\u00f3n General de Ordenaci\u00f3n, Inclusi\u00f3n, Participaci\u00f3n y Evaluaci\u00f3n Educativa, por la que se aprueba el nuevo listado de centros seleccionados, proyectos a desarrollar y el n\u00famero de grupos de cada modalidad asignados a cada centro, as\u00ed como el horario de cada grupo, para el desarrollo del Programa de \u00abAndaluc\u00eda Profundiza\u00bb, en los centros docentes p\u00fablicos dependientes de la Consejer\u00eda de Desarrollo Educativo y Formaci\u00f3n Profesional de la Junta de Andaluc\u00eda para el curso 2022-2023.<\/p>\n<p><a href=\"https:\/\/portals.ced.junta-andalucia.es\/educacion\/portals\/delegate\/content\/e62ed0c6-9e35-4e3d-97bd-3b97855d29b2\/ANEXO%20II%20-%20Solicitud%20alumnado\">Anexo II.<\/a> Solicitud de participaci\u00f3n del alumnado.<\/p>\n<p>&nbsp;<\/p>\n<p>&nbsp;<\/p>\n<p>&nbsp;<\/p>\n","protected":false},"excerpt":{"rendered":"<p>Resoluci\u00f3n de 20 de diciembre de 2022, de la Direcci\u00f3n General de Ordenaci\u00f3n, Inclusi\u00f3n, Participaci\u00f3n y Evaluaci\u00f3n Educativa, por la que se establece la convocatoria, organizaci\u00f3n y funcionamiento del programa de profundizaci\u00f3n de conocimientos&#46;&#46;&#46;<\/p>\n","protected":false},"author":11976,"featured_media":0,"parent":0,"menu_order":0,"comment_status":"closed","ping_status":"closed","template":"","meta":{"ngg_post_thumbnail":0,"footnotes":""},"aioseo_notices":[],"post_mailing_queue_ids":[],"_links":{"self":[{"href":"https:\/\/blogsaverroes.juntadeandalucia.es\/altascapacidadesmalaga\/wp-json\/wp\/v2\/pages\/687"}],"collection":[{"href":"https:\/\/blogsaverroes.juntadeandalucia.es\/altascapacidadesmalaga\/wp-json\/wp\/v2\/pages"}],"about":[{"href":"https:\/\/blogsaverroes.juntadeandalucia.es\/altascapacidadesmalaga\/wp-json\/wp\/v2\/types\/page"}],"author":[{"embeddable":true,"href":"https:\/\/blogsaverroes.juntadeandalucia.es\/altascapacidadesmalaga\/wp-json\/wp\/v2\/users\/11976"}],"replies":[{"embeddable":true,"href":"https:\/\/blogsaverroes.juntadeandalucia.es\/altascapacidadesmalaga\/wp-json\/wp\/v2\/comments?post=687"}],"version-history":[{"count":13,"href":"https:\/\/blogsaverroes.juntadeandalucia.es\/altascapacidadesmalaga\/wp-json\/wp\/v2\/pages\/687\/revisions"}],"predecessor-version":[{"id":718,"href":"https:\/\/blogsaverroes.juntadeandalucia.es\/altascapacidadesmalaga\/wp-json\/wp\/v2\/pages\/687\/revisions\/718"}],"wp:attachment":[{"href":"https:\/\/blogsaverroes.juntadeandalucia.es\/altascapacidadesmalaga\/wp-json\/wp\/v2\/media?parent=687"}],"curies":[{"name":"wp","href":"https:\/\/api.w.org\/{rel}","templated":true}]}}

<p style="text-align: justify"><a href="https://blogsaverroes.juntadeandalucia.es/altascapacidadesmalaga/files/2023/01/Resolucion20diciembre2022ProgramaAndaluciaProfundiza.pdf">Resolución de 20 de diciembre de 2022</a>, de la Dirección General de Ordenación, Inclusión, Participación y Evaluación Educativa, por la que se establece la convocatoria, organización y funcionamiento del programa de profundización de conocimientos «Andalucía Profundiza», en los centros docentes públicos dependientes de la Consejería de Desarrollo Educativo y Formación Profesional para el curso 2022-2023.</p>
<p style="text-align: center"><span style="color: #99cc00;font-size: 18pt"><strong>CALENDARIO</strong></span></p>
<div class="item_icon ico_normativa"><span style="color: #000000;font-family: verdana, geneva, sans-serif;font-size: 12pt"><img loading="lazy" decoding="async" class="alignnone wp-image-697 aligncenter" src="https://blogsaverroes.juntadeandalucia.es/altascapacidadesmalaga/files/2023/01/Captura-de-Pantalla-2023-01-09-a-las-11.03.13-240x300.png" alt="" width="796" height="995" srcset="https://blogsaverroes.juntadeandalucia.es/altascapacidadesmalaga/files/2023/01/Captura-de-Pantalla-2023-01-09-a-las-11.03.13-240x300.png 240w, https://blogsaverroes.juntadeandalucia.es/altascapacidadesmalaga/files/2023/01/Captura-de-Pantalla-2023-01-09-a-las-11.03.13-819x1024.png 819w, https://blogsaverroes.juntadeandalucia.es/altascapacidadesmalaga/files/2023/01/Captura-de-Pantalla-2023-01-09-a-las-11.03.13-768x960.png 768w, https://blogsaverroes.juntadeandalucia.es/altascapacidadesmalaga/files/2023/01/Captura-de-Pantalla-2023-01-09-a-las-11.03.13.png 1078w" sizes="(max-width: 796px) 100vw, 796px" /></span></div>
<p style="text-align: justify"><a href="https://portals.ced.junta-andalucia.es/educacion/portals/delegate/content/3b893d1c-4cc3-4074-9ca3-02db12e07f41/Resoluci%C3%B3n%20y%20Anexos%20Profundiza">Resolución de 20 de enero de 2023</a>, de la Dirección General de Ordenación, Inclusión, Participación y Evaluación Educativa, por la que se aprueban las listas provisionales de centros, proyectos y grupos seleccionados para el desarrollo del Programa de «Andalucía Profundiza», en los centros docentes públicos dependientes de la Consejería de Desarrollo Educativo y Formación Profesional para el curso 2022-2023.</p>
<p style="text-align: justify"><a href="https://portals.ced.junta-andalucia.es/educacion/portals/delegate/content/bbead325-b09e-4e18-abe4-fdd313315f08/Resoluci%C3%B3n%20Andaluc%C3%ADa%20Profundiza">Resolución de 3 de febrero de 2023</a>, de la Dirección General de Ordenación, Inclusión, Participación y Evaluación Educativa, por la que se aprueba el nuevo listado de centros seleccionados, proyectos a desarrollar y el número de grupos de cada modalidad asignados a cada centro, así como el horario de cada grupo, para el desarrollo del Programa de «Andalucía Profundiza», en los centros docentes públicos dependientes de la Consejería de Desarrollo Educativo y Formación Profesional de la Junta de Andalucía para el curso 2022-2023.</p>
<p><a href="https://portals.ced.junta-andalucia.es/educacion/portals/delegate/content/e62ed0c6-9e35-4e3d-97bd-3b97855d29b2/ANEXO%20II%20-%20Solicitud%20alumnado">Anexo II.</a> Solicitud de participación del alumnado.</p>
<p>&nbsp;</p>
<p>&nbsp;</p>
<p>&nbsp;</p>

<p>Resolución de 20 de diciembre de 2022, de la Dirección General de Ordenación, Inclusión, Participación y Evaluación Educativa, por la que se establece la convocatoria, organización y funcionamiento del programa de profundización de conocimientos&#46;&#46;&#46;</p>
