{"id":760,"date":"2023-05-16T18:05:37","date_gmt":"2023-05-16T18:05:37","guid":{"rendered":"https:\/\/blogsaverroes.juntadeandalucia.es\/altascapacidadesmalaga\/?page_id=760"},"modified":"2023-05-16T18:05:37","modified_gmt":"2023-05-16T18:05:37","slug":"familias","status":"publish","type":"page","link":"https:\/\/blogsaverroes.juntadeandalucia.es\/altascapacidadesmalaga\/familias\/","title":{"rendered":"FAMILIAS"},"content":{"rendered":"<p style=\"text-align: justify\"><strong><span style=\"color: #993366\"><a style=\"color: #993366\" href=\"https:\/\/www.orientacionandujar.es\/wp-content\/uploads\/2015\/10\/Pautas-para-padres-y-madres-NI%C3%91OS-Y-NI%C3%91AS-CON-ALTAS-CAPACIDADES-INTELECTUALES.pdf\">NI\u00d1OS Y NI\u00d1AS CON ALTAS CAPACIDADES INTELECTUALES.<\/a> <\/span>Pautas para padres y madres. Confederaci\u00f3n espa\u00f1ola de asociaciones de padres y madres de alumnos (CEAPA).<\/strong><\/p>\n<p>&nbsp;<\/p>\n","protected":false},"excerpt":{"rendered":"<p>NI\u00d1OS Y NI\u00d1AS CON ALTAS CAPACIDADES INTELECTUALES. Pautas para padres y madres. Confederaci\u00f3n espa\u00f1ola de asociaciones de padres y madres de alumnos (CEAPA). &nbsp;<\/p>\n","protected":false},"author":11976,"featured_media":0,"parent":0,"menu_order":0,"comment_status":"closed","ping_status":"closed","template":"","meta":{"ngg_post_thumbnail":0,"footnotes":""},"aioseo_notices":[],"post_mailing_queue_ids":[],"_links":{"self":[{"href":"https:\/\/blogsaverroes.juntadeandalucia.es\/altascapacidadesmalaga\/wp-json\/wp\/v2\/pages\/760"}],"collection":[{"href":"https:\/\/blogsaverroes.juntadeandalucia.es\/altascapacidadesmalaga\/wp-json\/wp\/v2\/pages"}],"about":[{"href":"https:\/\/blogsaverroes.juntadeandalucia.es\/altascapacidadesmalaga\/wp-json\/wp\/v2\/types\/page"}],"author":[{"embeddable":true,"href":"https:\/\/blogsaverroes.juntadeandalucia.es\/altascapacidadesmalaga\/wp-json\/wp\/v2\/users\/11976"}],"replies":[{"embeddable":true,"href":"https:\/\/blogsaverroes.juntadeandalucia.es\/altascapacidadesmalaga\/wp-json\/wp\/v2\/comments?post=760"}],"version-history":[{"count":2,"href":"https:\/\/blogsaverroes.juntadeandalucia.es\/altascapacidadesmalaga\/wp-json\/wp\/v2\/pages\/760\/revisions"}],"predecessor-version":[{"id":762,"href":"https:\/\/blogsaverroes.juntadeandalucia.es\/altascapacidadesmalaga\/wp-json\/wp\/v2\/pages\/760\/revisions\/762"}],"wp:attachment":[{"href":"https:\/\/blogsaverroes.juntadeandalucia.es\/altascapacidadesmalaga\/wp-json\/wp\/v2\/media?parent=760"}],"curies":[{"name":"wp","href":"https:\/\/api.w.org\/{rel}","templated":true}]}}