{"id":1324,"date":"2023-03-09T18:48:59","date_gmt":"2023-03-09T18:48:59","guid":{"rendered":"https:\/\/blogsaverroes.juntadeandalucia.es\/altoconquero\/?page_id=1324"},"modified":"2023-11-27T11:15:11","modified_gmt":"2023-11-27T11:15:11","slug":"documentos-planificadores-2022-2023","status":"publish","type":"page","link":"https:\/\/blogsaverroes.juntadeandalucia.es\/altoconquero\/documentos-planificadores-2022-2023\/","title":{"rendered":"Documentos planificadores 2023\/2024"},"content":{"rendered":"<p>Tras su revisi\u00f3n y posterior aprobaci\u00f3n en noviembre 2023, nuestro centro actualiza sus <span style=\"color: #339966\"><strong>DOCUMENTOS PLANIFICADORES<\/strong><\/span> al presente curso acad\u00e9mico 2023\/2024.<\/p>\n<table style=\"height: 360px;width: 100%;border-collapse: collapse\">\n<tbody>\n<tr style=\"height: 36px\">\n<td style=\"width: 77.2151%;text-align: center;height: 36px\"><span style=\"font-size: 24pt\"><strong>DOCUMENTO<\/strong><\/span><\/td>\n<td style=\"width: 22.7849%;height: 36px;text-align: center;vertical-align: middle\"><span style=\"color: #ff0000\"><strong>ZONA DE DESCARGA<\/strong><\/span><\/td>\n<\/tr>\n<tr style=\"height: 18px\">\n<td style=\"width: 77.2151%;text-align: center;height: 18px\">Reglamento de Organizaci\u00f3n y Funcionamiento (ROF)<\/td>\n<td style=\"width: 22.7849%;height: 18px;text-align: center;vertical-align: middle\"><a href=\"https:\/\/blogsaverroes.juntadeandalucia.es\/altoconquero\/files\/2023\/11\/ROF-DEFINITIVO-2023.24.pdf\">picar<\/a><\/td>\n<\/tr>\n<tr style=\"height: 18px\">\n<td style=\"width: 77.2151%;text-align: center;height: 18px\">Proyecto Educativo<\/td>\n<td style=\"width: 22.7849%;height: 18px;text-align: center;vertical-align: middle\"><a href=\"https:\/\/blogsaverroes.juntadeandalucia.es\/altoconquero\/files\/2023\/11\/proyecto-educativo-2023.pdf\">picar<\/a><\/td>\n<\/tr>\n<tr style=\"height: 18px\">\n<td style=\"width: 77.2151%;text-align: center;height: 18px\">Proyecto de Gesti\u00f3n<\/td>\n<td style=\"width: 22.7849%;text-align: center;height: 18px\"><a href=\"https:\/\/blogsaverroes.juntadeandalucia.es\/altoconquero\/files\/2019\/09\/PROYECTO-DE-GESTI\u00d3N.pdf\">Picar<\/a><\/td>\n<\/tr>\n<\/tbody>\n<\/table>\n","protected":false},"excerpt":{"rendered":"<p>Tras su revisi\u00f3n y posterior aprobaci\u00f3n en noviembre 2023, nuestro centro actualiza sus DOCUMENTOS PLANIFICADORES al presente curso acad\u00e9mico 2023\/2024. DOCUMENTO ZONA DE DESCARGA Reglamento de Organizaci\u00f3n y Funcionamiento (ROF) picar Proyecto Educativo picar&#46;&#46;&#46;<\/p>\n","protected":false},"author":7553,"featured_media":0,"parent":0,"menu_order":0,"comment_status":"closed","ping_status":"closed","template":"","meta":{"ngg_post_thumbnail":0,"footnotes":""},"aioseo_notices":[],"_links":{"self":[{"href":"https:\/\/blogsaverroes.juntadeandalucia.es\/altoconquero\/wp-json\/wp\/v2\/pages\/1324"}],"collection":[{"href":"https:\/\/blogsaverroes.juntadeandalucia.es\/altoconquero\/wp-json\/wp\/v2\/pages"}],"about":[{"href":"https:\/\/blogsaverroes.juntadeandalucia.es\/altoconquero\/wp-json\/wp\/v2\/types\/page"}],"author":[{"embeddable":true,"href":"https:\/\/blogsaverroes.juntadeandalucia.es\/altoconquero\/wp-json\/wp\/v2\/users\/7553"}],"replies":[{"embeddable":true,"href":"https:\/\/blogsaverroes.juntadeandalucia.es\/altoconquero\/wp-json\/wp\/v2\/comments?post=1324"}],"version-history":[{"count":3,"href":"https:\/\/blogsaverroes.juntadeandalucia.es\/altoconquero\/wp-json\/wp\/v2\/pages\/1324\/revisions"}],"predecessor-version":[{"id":1429,"href":"https:\/\/blogsaverroes.juntadeandalucia.es\/altoconquero\/wp-json\/wp\/v2\/pages\/1324\/revisions\/1429"}],"wp:attachment":[{"href":"https:\/\/blogsaverroes.juntadeandalucia.es\/altoconquero\/wp-json\/wp\/v2\/media?parent=1324"}],"curies":[{"name":"wp","href":"https:\/\/api.w.org\/{rel}","templated":true}]}}